{"id":700,"date":"2017-09-29T11:56:15","date_gmt":"2017-09-29T09:56:15","guid":{"rendered":"http:\/\/agora.xtec.cat\/cfa-tremp\/?page_id=700"},"modified":"2023-10-31T09:54:43","modified_gmt":"2023-10-31T08:54:43","slug":"educacio-dadults-informacio-general","status":"publish","type":"page","link":"https:\/\/agora.xtec.cat\/cfa-tremp\/inici\/educacio-dadults-informacio-general\/","title":{"rendered":"Educaci\u00f3 d&#8217;adults. Informaci\u00f3 general"},"content":{"rendered":"<div class=\"FW_sArticleFoto\">\n<div class=\"FW_sEditPro\">\n<p><a href=\"http:\/\/agora.xtec.cat\/cfa-tremp\/wp-content\/uploads\/usu1076\/2017\/09\/ensenyament.png\"><img loading=\"lazy\" decoding=\"async\" class=\"wp-image-702 alignleft\" src=\"http:\/\/agora.xtec.cat\/cfa-tremp\/wp-content\/uploads\/usu1076\/2017\/09\/ensenyament.png\" alt=\"\" width=\"129\" height=\"130\" srcset=\"https:\/\/agora.xtec.cat\/cfa-tremp\/wp-content\/uploads\/usu1076\/2017\/09\/ensenyament.png 225w, https:\/\/agora.xtec.cat\/cfa-tremp\/wp-content\/uploads\/usu1076\/2017\/09\/ensenyament-150x150.png 150w\" sizes=\"auto, (max-width: 129px) 100vw, 129px\" \/><\/a><\/p>\n<\/div>\n<p>L\u2019educaci\u00f3 d\u2019adults o educaci\u00f3 al llarg de la vida compr\u00e8n les activitats d\u2019aprenentatge que permet que les persones<br \/>\nadultes desenvolupin les capacitats, enriqueixin els coneixements i millorin les compet\u00e8ncies t\u00e8cniques i professionals. Aix\u00f2 fa que hi participin persones amb objectius diferents, com poden ser obtenir una titulaci\u00f3, posar-se al dia o ampliar els coneixements.<br \/>\nL\u2019oferta educativa dels centres de formaci\u00f3 d\u2019adults t\u00e9 com a finalitat respondre a les necessitats i demandes formatives de l\u2019entorn.<br \/>\nL\u2019oferta educativa dels centres d&#8217;educaci\u00f3 d&#8217;adults \u00e9s la seg\u00fcent:<\/p>\n<ul>\n<li>ensenyaments de lleng\u00fces (catal\u00e0, castell\u00e0, angl\u00e8s i franc\u00e8s);<\/li>\n<li>COMPETIC;<\/li>\n<li>formaci\u00f3 instrumental;<\/li>\n<li>educaci\u00f3 secund\u00e0ria per a les persones adultes;<\/li>\n<li>curs espec\u00edfic per a l\u2019acc\u00e9s als cicles formatius de grau mitj\u00e0 (CAM);<\/li>\n<li>preparaci\u00f3 per a les proves d\u2019acc\u00e9s (a cicles de grau mitj\u00e0 i superior, a la universitat per a majors de 25 anys)<\/li>\n<\/ul>\n<h3 class=\"subtitle\"><span style=\"color: #33cccc;\">Qu\u00e8 necessito per accedir-hi<\/span><\/h3>\n<p class=\"subtitle\">Amb car\u00e0cter general poden accedir a l&#8217;educaci\u00f3 d&#8217;adults les persones que han complert 18 anys o b\u00e9 els compleixen durant l&#8217;any natural que inicien la formaci\u00f3.<br \/>\nTamb\u00e9 hi poden accedir les persones que compleixen com a m\u00ednim 16 anys l&#8217;any natural que inicien la formaci\u00f3 si tenen un contracte laboral que les impedeix assistir als centres educatius en r\u00e8gim ordinari o si s\u00f3n esportistes d&#8217;alt rendiment.<br \/>\nExcepcionalment, el director o directora dels serveis territorials corresponents o, si escau, el o la gerent del Consorci d&#8217;Educaci\u00f3 de Barcelona pot autoritzar, amb un informe previ de la Inspecci\u00f3 d&#8217;Educaci\u00f3, la incorporaci\u00f3 d&#8217;alumnes majors de 16 anys que no compleixen els requisits anteriors, per\u00f2 que es trobin amb circumst\u00e0ncies que els impedeixen assistir als centres educatius ordinaris o que no hagin estat escolaritzats en el sistema educatiu espanyol.<br \/>\nAl curs de formaci\u00f3 espec\u00edfica per a l\u2019acc\u00e9s als cicles formatius de grau mitj\u00e0 poden accedir les persones que tinguin m\u00e9s de 17 anys o b\u00e9 que els compleixen durant l\u2019any natural en qu\u00e8 inicien el curs.<br \/>\nPer cursar aquests estudis cal formalitzar la preinscripci\u00f3 d&#8217;acord amb els criteris fixats pel Departament d&#8217;Educaci\u00f3.<br \/>\nAquests estudis s\u00f3n gratu\u00efts en els centres dependents del Departament d&#8217;Educaci\u00f3 amb l&#8217;excepci\u00f3 del CAM, en el<br \/>\nqual s&#8217;ha d&#8217;abonar un preu p\u00fablic. Per als centres d&#8217;altres titularitats, consulteu l&#8217;import en el centre corresponent.<\/p>\n<div class=\"FW_sEditPro\">\n<p><a href=\"http:\/\/agora.xtec.cat\/cfa-tremp\/wp-content\/uploads\/usu1076\/2017\/09\/accessos.png\"><img loading=\"lazy\" decoding=\"async\" class=\"alignnone size-full wp-image-703\" src=\"http:\/\/agora.xtec.cat\/cfa-tremp\/wp-content\/uploads\/usu1076\/2017\/09\/accessos.png\" alt=\"\" width=\"787\" height=\"648\" srcset=\"https:\/\/agora.xtec.cat\/cfa-tremp\/wp-content\/uploads\/usu1076\/2017\/09\/accessos.png 787w, https:\/\/agora.xtec.cat\/cfa-tremp\/wp-content\/uploads\/usu1076\/2017\/09\/accessos-300x247.png 300w, https:\/\/agora.xtec.cat\/cfa-tremp\/wp-content\/uploads\/usu1076\/2017\/09\/accessos-768x632.png 768w\" sizes=\"auto, (max-width: 787px) 100vw, 787px\" \/><\/a><\/p>\n<\/div>\n<\/div>\n","protected":false},"excerpt":{"rendered":"<p>L\u2019educaci\u00f3 d\u2019adults o educaci\u00f3 al llarg de la vida compr\u00e8n les activitats d\u2019aprenentatge que permet que les persones adultes desenvolupin les capacitats, enriqueixin els coneixements i millorin les compet\u00e8ncies t\u00e8cniques i professionals. Aix\u00f2 fa que hi participin persones amb objectius diferents, com poden ser obtenir una titulaci\u00f3, posar-se al dia o ampliar els coneixements. L\u2019oferta [&hellip;]<\/p>\n","protected":false},"author":1,"featured_media":0,"parent":449,"menu_order":0,"comment_status":"closed","ping_status":"closed","template":"","meta":{"site-sidebar-layout":"default","site-content-layout":"","ast-site-content-layout":"","site-content-style":"default","site-sidebar-style":"default","ast-global-header-display":"","ast-banner-title-visibility":"","ast-main-header-display":"","ast-hfb-above-header-display":"","ast-hfb-below-header-display":"","ast-hfb-mobile-header-display":"","site-post-title":"","ast-breadcrumbs-content":"","ast-featured-img":"","footer-sml-layout":"","theme-transparent-header-meta":"","adv-header-id-meta":"","stick-header-meta":"","header-above-stick-meta":"","header-main-stick-meta":"","header-below-stick-meta":"","astra-migrate-meta-layouts":"default","ast-page-background-enabled":"default","ast-page-background-meta":{"desktop":{"background-color":"var(--ast-global-color-4)","background-image":"","background-repeat":"repeat","background-position":"center center","background-size":"auto","background-attachment":"scroll","background-type":"","background-media":"","overlay-type":"","overlay-color":"","overlay-opacity":"","overlay-gradient":""},"tablet":{"background-color":"","background-image":"","background-repeat":"repeat","background-position":"center center","background-size":"auto","background-attachment":"scroll","background-type":"","background-media":"","overlay-type":"","overlay-color":"","overlay-opacity":"","overlay-gradient":""},"mobile":{"background-color":"","background-image":"","background-repeat":"repeat","background-position":"center center","background-size":"auto","background-attachment":"scroll","background-type":"","background-media":"","overlay-type":"","overlay-color":"","overlay-opacity":"","overlay-gradient":""}},"ast-content-background-meta":{"desktop":{"background-color":"var(--ast-global-color-5)","background-image":"","background-repeat":"repeat","background-position":"center center","background-size":"auto","background-attachment":"scroll","background-type":"","background-media":"","overlay-type":"","overlay-color":"","overlay-opacity":"","overlay-gradient":""},"tablet":{"background-color":"var(--ast-global-color-5)","background-image":"","background-repeat":"repeat","background-position":"center center","background-size":"auto","background-attachment":"scroll","background-type":"","background-media":"","overlay-type":"","overlay-color":"","overlay-opacity":"","overlay-gradient":""},"mobile":{"background-color":"var(--ast-global-color-5)","background-image":"","background-repeat":"repeat","background-position":"center center","background-size":"auto","background-attachment":"scroll","background-type":"","background-media":"","overlay-type":"","overlay-color":"","overlay-opacity":"","overlay-gradient":""}},"footnotes":""},"class_list":["post-700","page","type-page","status-publish","hentry"],"post_mailing_queue_ids":[],"_links":{"self":[{"href":"https:\/\/agora.xtec.cat\/cfa-tremp\/wp-json\/wp\/v2\/pages\/700","targetHints":{"allow":["GET"]}}],"collection":[{"href":"https:\/\/agora.xtec.cat\/cfa-tremp\/wp-json\/wp\/v2\/pages"}],"about":[{"href":"https:\/\/agora.xtec.cat\/cfa-tremp\/wp-json\/wp\/v2\/types\/page"}],"author":[{"embeddable":true,"href":"https:\/\/agora.xtec.cat\/cfa-tremp\/wp-json\/wp\/v2\/users\/1"}],"replies":[{"embeddable":true,"href":"https:\/\/agora.xtec.cat\/cfa-tremp\/wp-json\/wp\/v2\/comments?post=700"}],"version-history":[{"count":3,"href":"https:\/\/agora.xtec.cat\/cfa-tremp\/wp-json\/wp\/v2\/pages\/700\/revisions"}],"predecessor-version":[{"id":1441,"href":"https:\/\/agora.xtec.cat\/cfa-tremp\/wp-json\/wp\/v2\/pages\/700\/revisions\/1441"}],"up":[{"embeddable":true,"href":"https:\/\/agora.xtec.cat\/cfa-tremp\/wp-json\/wp\/v2\/pages\/449"}],"wp:attachment":[{"href":"https:\/\/agora.xtec.cat\/cfa-tremp\/wp-json\/wp\/v2\/media?parent=700"}],"curies":[{"name":"wp","href":"https:\/\/api.w.org\/{rel}","templated":true}]}}