{"id":695,"date":"2017-09-29T11:39:20","date_gmt":"2017-09-29T09:39:20","guid":{"rendered":"http:\/\/agora.xtec.cat\/cfa-tremp\/?page_id=695"},"modified":"2023-10-31T09:57:22","modified_gmt":"2023-10-31T08:57:22","slug":"fons-social-europeu","status":"publish","type":"page","link":"https:\/\/agora.xtec.cat\/cfa-tremp\/projecte-educatiu\/fons-social-europeu\/","title":{"rendered":"Fons Social Europeu"},"content":{"rendered":"<p><a href=\"http:\/\/agora.xtec.cat\/cfa-tremp\/wp-content\/uploads\/usu1076\/2017\/09\/FSE-e1506677345529.png\"><img loading=\"lazy\" decoding=\"async\" class=\"wp-image-692 aligncenter\" src=\"http:\/\/agora.xtec.cat\/cfa-tremp\/wp-content\/uploads\/usu1076\/2017\/09\/FSE-e1506677345529.png\" alt=\"\" width=\"295\" height=\"119\" \/><\/a><\/p>\n<p>El Fons Social Europeu \u00e9s un dels Fons Estructurals de la Uni\u00f3 Europea que promou inversions en totes les regions de la UE amb la finalitat de promoure la cohesi\u00f3 social i econ\u00f2mica.<\/p>\n<p>A trav\u00e9s de diversos programes operatius, acordats per cada Estat membre i la Comissi\u00f3 Europea vol complir amb diversos objectius orientats al suport de l\u2019ocupaci\u00f3, a la promoci\u00f3 de la inclusi\u00f3 social, a la lluita contra la pobresa i a l\u2019efic\u00e0cia de l\u2019administraci\u00f3 p\u00fablica.<\/p>\n<p>Aquests programes descriuen les prioritats de l\u2019FSE per a cada Estat membre i donen suport econ\u00f2mic a projectes relacionats amb l\u2019ocupaci\u00f3 que duen a terme diferents organitzacions p\u00fabliques i privades que s\u00f3n beneficiaris en l\u2019Estat membre.<\/p>\n<p>L\u2019Estrat\u00e8gia Europa 2020 de mar\u00e7 de 2010 per a un creixement intel\u00b7ligent, sostenible i innovador va establir cinc ambiciosos objectius en mat\u00e8ria d\u2019ocupaci\u00f3, innovaci\u00f3, educaci\u00f3, integraci\u00f3 social i clima\/energia.<\/p>\n<p>Els programes operatius del per\u00edode 2014-2020 s\u2019han definit com el full de ruta que ha de conduir a la consecuci\u00f3 d\u2019aquests objectius i se centra en els quatre eixos seg\u00fcents:<\/p>\n<ul>\n<li>Eix 1: Foment de l\u2019ocupaci\u00f3 sostenible i de qualitat de la mobilitat laboral<\/li>\n<li>Eix 2: Foment de la inclusi\u00f3 social i de la lluita contra la pobresa i la discriminaci\u00f3<\/li>\n<li>Eix 3: Inversi\u00f3 en educaci\u00f3, formaci\u00f3 i millora de les compet\u00e8ncies professionals i de l\u2019aprenentatge permanent.<\/li>\n<li>Eix 4:\u00a0 Assist\u00e8ncia t\u00e8cnica<\/li>\n<\/ul>\n<h3>El Programa Operatiu de Catalunya de l\u2019FSE 2014-2020<\/h3>\n<p>El programa operatiu a Catalunya se situa en el tercer eix d\u2019actuaci\u00f3: invertir en educaci\u00f3, formaci\u00f3 per a l\u2019adquisici\u00f3 de capacitats i l\u2019aprenentatge permanent.<\/p>\n<p>S\u2019adre\u00e7a a persones adultes que es formen per adquirir compet\u00e8ncies transprofessionals o que realitzen ensenyaments que els permetr\u00e0 el retorn al sistema educatiu i la millora en el seu nivell d\u2019estudis.<\/p>\n<p>Els ensenyaments que s\u2019imparteixen en els centres de formaci\u00f3 d\u2019adults i que s\u00f3n objecte de confinan\u00e7ament s\u00f3n:<\/p>\n<ul>\n<li>Ensenyaments de llengua estrangera (angl\u00e8s i franc\u00e8s).<\/li>\n<li>Ensenyaments COMPETIC.<\/li>\n<li>Ensenyaments de preparaci\u00f3 a proves d\u2019acc\u00e9s a cicles formatius i a la universitat per a majors de 25 anys.<\/li>\n<li>Ensenyament per a l\u2019obtenci\u00f3 el t\u00edtol de graduat en educaci\u00f3 secund\u00e0ria obligat\u00f2ria.<\/li>\n<\/ul>\n<p>L\u2019objectiu \u00e9s fomentar i millorar l\u2019acc\u00e9s a la formaci\u00f3 i a l\u2019aprenentatge permanent per qualificar les persones i augmentar les seves perspectives laborals.<\/p>\n<p>Per m\u00e9s informaci\u00f3 <a href=\"http:\/\/xtec.gencat.cat\/ca\/curriculum\/educacioadults\/fons-social-europeu\/\">cliqueu aqu\u00ed.<\/a><\/p>\n","protected":false},"excerpt":{"rendered":"<p>El Fons Social Europeu \u00e9s un dels Fons Estructurals de la Uni\u00f3 Europea que promou inversions en totes les regions de la UE amb la finalitat de promoure la cohesi\u00f3 social i econ\u00f2mica. A trav\u00e9s de diversos programes operatius, acordats per cada Estat membre i la Comissi\u00f3 Europea vol complir amb diversos objectius orientats al [&hellip;]<\/p>\n","protected":false},"author":1,"featured_media":0,"parent":57,"menu_order":0,"comment_status":"closed","ping_status":"closed","template":"","meta":{"site-sidebar-layout":"default","site-content-layout":"","ast-site-content-layout":"","site-content-style":"default","site-sidebar-style":"default","ast-global-header-display":"","ast-banner-title-visibility":"","ast-main-header-display":"","ast-hfb-above-header-display":"","ast-hfb-below-header-display":"","ast-hfb-mobile-header-display":"","site-post-title":"","ast-breadcrumbs-content":"","ast-featured-img":"","footer-sml-layout":"","theme-transparent-header-meta":"","adv-header-id-meta":"","stick-header-meta":"","header-above-stick-meta":"","header-main-stick-meta":"","header-below-stick-meta":"","astra-migrate-meta-layouts":"default","ast-page-background-enabled":"default","ast-page-background-meta":{"desktop":{"background-color":"var(--ast-global-color-4)","background-image":"","background-repeat":"repeat","background-position":"center center","background-size":"auto","background-attachment":"scroll","background-type":"","background-media":"","overlay-type":"","overlay-color":"","overlay-opacity":"","overlay-gradient":""},"tablet":{"background-color":"","background-image":"","background-repeat":"repeat","background-position":"center center","background-size":"auto","background-attachment":"scroll","background-type":"","background-media":"","overlay-type":"","overlay-color":"","overlay-opacity":"","overlay-gradient":""},"mobile":{"background-color":"","background-image":"","background-repeat":"repeat","background-position":"center center","background-size":"auto","background-attachment":"scroll","background-type":"","background-media":"","overlay-type":"","overlay-color":"","overlay-opacity":"","overlay-gradient":""}},"ast-content-background-meta":{"desktop":{"background-color":"var(--ast-global-color-5)","background-image":"","background-repeat":"repeat","background-position":"center center","background-size":"auto","background-attachment":"scroll","background-type":"","background-media":"","overlay-type":"","overlay-color":"","overlay-opacity":"","overlay-gradient":""},"tablet":{"background-color":"var(--ast-global-color-5)","background-image":"","background-repeat":"repeat","background-position":"center center","background-size":"auto","background-attachment":"scroll","background-type":"","background-media":"","overlay-type":"","overlay-color":"","overlay-opacity":"","overlay-gradient":""},"mobile":{"background-color":"var(--ast-global-color-5)","background-image":"","background-repeat":"repeat","background-position":"center center","background-size":"auto","background-attachment":"scroll","background-type":"","background-media":"","overlay-type":"","overlay-color":"","overlay-opacity":"","overlay-gradient":""}},"footnotes":""},"class_list":["post-695","page","type-page","status-publish","hentry"],"post_mailing_queue_ids":[],"_links":{"self":[{"href":"https:\/\/agora.xtec.cat\/cfa-tremp\/wp-json\/wp\/v2\/pages\/695","targetHints":{"allow":["GET"]}}],"collection":[{"href":"https:\/\/agora.xtec.cat\/cfa-tremp\/wp-json\/wp\/v2\/pages"}],"about":[{"href":"https:\/\/agora.xtec.cat\/cfa-tremp\/wp-json\/wp\/v2\/types\/page"}],"author":[{"embeddable":true,"href":"https:\/\/agora.xtec.cat\/cfa-tremp\/wp-json\/wp\/v2\/users\/1"}],"replies":[{"embeddable":true,"href":"https:\/\/agora.xtec.cat\/cfa-tremp\/wp-json\/wp\/v2\/comments?post=695"}],"version-history":[{"count":2,"href":"https:\/\/agora.xtec.cat\/cfa-tremp\/wp-json\/wp\/v2\/pages\/695\/revisions"}],"predecessor-version":[{"id":697,"href":"https:\/\/agora.xtec.cat\/cfa-tremp\/wp-json\/wp\/v2\/pages\/695\/revisions\/697"}],"up":[{"embeddable":true,"href":"https:\/\/agora.xtec.cat\/cfa-tremp\/wp-json\/wp\/v2\/pages\/57"}],"wp:attachment":[{"href":"https:\/\/agora.xtec.cat\/cfa-tremp\/wp-json\/wp\/v2\/media?parent=695"}],"curies":[{"name":"wp","href":"https:\/\/api.w.org\/{rel}","templated":true}]}}