{"id":49,"date":"2014-09-17T16:55:55","date_gmt":"2014-09-17T16:55:55","guid":{"rendered":"http:\/\/agora.xtec.cat\/cfa-tremp\/?page_id=49"},"modified":"2025-04-23T10:43:52","modified_gmt":"2025-04-23T08:43:52","slug":"normes-dorganitzacio-i-funcionament","status":"publish","type":"page","link":"https:\/\/agora.xtec.cat\/cfa-tremp\/inici\/normes-dorganitzacio-i-funcionament\/","title":{"rendered":"Normes i funcionament del centre"},"content":{"rendered":"<p>Podeu consultar les Normes d&#8217;organitzaci\u00f3 i funcionament del centre si accediu al document: <a href=\"https:\/\/drive.google.com\/file\/d\/1-NFQnSJ_WjTa8D-X_cqkJaVvf3wChSvk\/view?usp=drive_link\" target=\"_blank\" rel=\"noopener\">NOFC i NORMES D\u2019ORGANITZACI\u00d3 I FUNCIONAMENT DE CENTRE resum<\/a><\/p>\n<p><b>Art. 79 <\/b><span style=\"font-weight: 400;\">L&#8217;ensenyament que s&#8217;imparteix \u00e9s presencial. Aix\u00f2 vol dir que per valorar la feina cal assistir com a m\u00ednim el 80% de totes les sessions de l&#8217;ensenyament on s&#8217;ha matriculat l&#8217;alumne.\u00a0<\/span><\/p>\n<p><b>ASSIST\u00c8NCIA I PUNTUALITAT<\/b><\/p>\n<ul>\n<li style=\"font-weight: 400;\" aria-level=\"1\"><span style=\"font-weight: 400;\">L\u2019assist\u00e8ncia \u00e9s obligat\u00f2ria. Es passar\u00e0 llista cada dia amb un document de signatures mensual.<\/span><\/li>\n<li style=\"font-weight: 400;\" aria-level=\"1\"><span style=\"font-weight: 400;\">\u00c9s obligatori assistir el 80% d\u2019hores lectives per \u00c9SSER AVALUATS i obtenir el CERTIFICAT. Les faltes justificades no comptaran com a abs\u00e8ncies sempre i quan s\u2019hagi assistit a un m\u00ednim del 50% de les classes durant tot el curs. En els casos en qu\u00e8 no s\u2019hagi assistit a aquest 50%, ser\u00e0 la Junta d\u2019Avaluaci\u00f3 qui decideixi si aquest alumne t\u00e9 dret a \u00e9sser avaluat o no.<\/span><\/li>\n<li style=\"font-weight: 400;\" aria-level=\"1\"><span style=\"font-weight: 400;\">La justificaci\u00f3 de l\u2019abs\u00e8ncia als tutors cal que es faci amb la documentaci\u00f3 adequada. Es consideraran causes justificades:<\/span><span style=\"font-weight: 400;\"><br \/>\n<\/span><span style=\"font-weight: 400;\">\u2013 Malaltia o accident: cal que s\u2019acrediti amb justificant m\u00e8dic.<\/span><span style=\"font-weight: 400;\"><br \/>\n<\/span><span style=\"font-weight: 400;\">\u2013 Per malaltia greu o defunci\u00f3 de familiars fins a segon grau d\u2019afinitat o consanguinitat: cal que s\u2019acrediti amb el certificat m\u00e8dic, certificat de defunci\u00f3 i documentaci\u00f3 justificativa del parentiu.<\/span><span style=\"font-weight: 400;\"><br \/>\n<\/span><span style=\"font-weight: 400;\">\u2013 Compliment d\u2019un deure inexcusable de car\u00e0cter p\u00fablic o personal: cal que s\u2019acrediti mitjan\u00e7ant certificaci\u00f3 del compliment o per altres mitjans que ho demostrin.<\/span><span style=\"font-weight: 400;\"><br \/>\n<\/span><span style=\"font-weight: 400;\">\u2013 Realitzaci\u00f3 d\u2019ex\u00e0mens per a l\u2019obtenci\u00f3 del t\u00edtol acad\u00e8mic, professional o laboral, oposicions, carnet de conduir:\u00a0 cal que s\u2019acrediti mitjan\u00e7ant un certificat de la seva realitzaci\u00f3.<\/span><\/li>\n<li style=\"font-weight: 400;\" aria-level=\"1\"><span style=\"font-weight: 400;\">Els tutors es reserven el dret de no acceptar les justificacions no oficials.<\/span><\/li>\n<li style=\"font-weight: 400;\" aria-level=\"1\"><span style=\"font-weight: 400;\">La justificaci\u00f3 de falta d\u2019assist\u00e8ncia es lliurar\u00e0 al tutor\/a com a molt tard dins la setmana seg\u00fcent a la incorporaci\u00f3.<\/span><\/li>\n<li style=\"font-weight: 400;\" aria-level=\"1\"><span style=\"font-weight: 400;\">Les abs\u00e8ncies no justifiquen el no estar al corrent dels deures, continguts i ex\u00e0mens.<\/span><\/li>\n<li style=\"font-weight: 400;\" aria-level=\"1\"><span style=\"font-weight: 400;\">Es demana puntualitat a l\u2019entrada i sortida de classe. Tres faltes de puntualitat (m\u00e9s de 15 minuts) seran considerades una falta d\u2019assist\u00e8ncia, tant si s\u2019arriba tard com si es marxa d\u2019hora.<\/span><\/li>\n<\/ul>\n<p><b>P\u00c8RDUA DE PLA\u00c7A<\/b><\/p>\n<ul>\n<li style=\"font-weight: 400;\" aria-level=\"1\"><span style=\"font-weight: 400;\">L\u2019alumne\/a que durant 4 setmanes seguides no assisteixi a classe i no ho justifiqui perdr\u00e0 el dret de matr\u00edcula i es donar\u00e0 de baixa.<\/span><\/li>\n<li style=\"font-weight: 400;\" aria-level=\"1\"><span style=\"font-weight: 400;\">Qui reiteri el comportament de no assistir amb regularitat a les classes, tamb\u00e9 pot perdre el dret segons la decisi\u00f3 del claustre.<\/span><\/li>\n<li style=\"font-weight: 400;\" aria-level=\"1\"><span style=\"font-weight: 400;\">No es podr\u00e0 matricular a un ensenyament qui s\u2019hagi matriculat en aquest dues vegades seguides i no l\u2019hagi superat. Excepcionalment, es podr\u00e0 concedir un curs de gr\u00e0cia sempre que el claustre ho consideri convenient.<\/span><\/li>\n<\/ul>\n<p><b style=\"font-style: inherit;\">Regulaci\u00f3 de l\u2019\u00fas dels m\u00f2bils al centre\u00a0<\/b><\/p>\n<p><b>Art. 93. <\/b><span style=\"font-weight: 400;\">L\u2019alumnat d\u2019estudis postobligatoris ha de ser responsable dels seus dispositius m\u00f2bils. L\u2019\u00fas de tel\u00e8fons m\u00f2bils i altres dispositius intel\u00b7ligents s\u2019ha de vincular a les activitats d\u2019aprenentatge, per la qual cosa no se\u2019n pot fer un \u00fas lliure. El professorat ha de donar les indicacions d\u2019\u00fas. Qualsevol altra actuaci\u00f3 de l\u2019alumnat que se\u2019n desprengui s\u2019ha de cenyir a un \u00fas responsable.\u00a0<\/span><\/p>\n<p><span style=\"font-weight: 400;\">Malgrat que bona part de l\u2019alumnat sigui major d\u2019edat, l\u2019alumnat ha de ser conscient de la diferenciaci\u00f3 entre els usos educatius i els usos socials, i cal vetllar especialment pels riscos del mal \u00fas, el respecte als drets fonamentals i la protecci\u00f3 de dades.\u00a0<\/span><\/p>\n<p><b>Art. 94. <\/b><span style=\"font-weight: 400;\">Els dispositius m\u00f2bils han de romandre en silenci durant les sessions. L\u2019alumnat nom\u00e9s podr\u00e0 atendre trucades fora de l\u2019aula.\u00a0<\/span><\/p>\n<ul>\n<li style=\"list-style-type: none;\">\n<ul>\n<li><span style=\"font-weight: 400;\"> Activitats no lectives: En la resta del temps no lectiu, el centre ha de vetllar pel bon \u00fas dels dispositius m\u00f2bils per evitar situacions de conflicte i pot regular-ne l\u2019\u00fas en els contextos que consideri convenient en funci\u00f3 de l\u2019edat de l\u2019alumnat.<\/span><\/li>\n<\/ul>\n<\/li>\n<\/ul>\n<p>&nbsp;<\/p>\n","protected":false},"excerpt":{"rendered":"<p>Podeu consultar les Normes d&#8217;organitzaci\u00f3 i funcionament del centre si accediu al document: NOFC i NORMES D\u2019ORGANITZACI\u00d3 I FUNCIONAMENT DE CENTRE resum Art. 79 L&#8217;ensenyament que s&#8217;imparteix \u00e9s presencial. Aix\u00f2 vol dir que per valorar la feina cal assistir com a m\u00ednim el 80% de totes les sessions de l&#8217;ensenyament on s&#8217;ha matriculat l&#8217;alumne.\u00a0 ASSIST\u00c8NCIA [&hellip;]<\/p>\n","protected":false},"author":1,"featured_media":0,"parent":449,"menu_order":60,"comment_status":"closed","ping_status":"closed","template":"","meta":{"site-sidebar-layout":"default","site-content-layout":"","ast-site-content-layout":"default","site-content-style":"default","site-sidebar-style":"default","ast-global-header-display":"","ast-banner-title-visibility":"","ast-main-header-display":"","ast-hfb-above-header-display":"","ast-hfb-below-header-display":"","ast-hfb-mobile-header-display":"","site-post-title":"","ast-breadcrumbs-content":"","ast-featured-img":"","footer-sml-layout":"","theme-transparent-header-meta":"default","adv-header-id-meta":"","stick-header-meta":"","header-above-stick-meta":"","header-main-stick-meta":"","header-below-stick-meta":"","astra-migrate-meta-layouts":"set","ast-page-background-enabled":"default","ast-page-background-meta":{"desktop":{"background-color":"var(--ast-global-color-4)","background-image":"","background-repeat":"repeat","background-position":"center center","background-size":"auto","background-attachment":"scroll","background-type":"","background-media":"","overlay-type":"","overlay-color":"","overlay-opacity":"","overlay-gradient":""},"tablet":{"background-color":"","background-image":"","background-repeat":"repeat","background-position":"center center","background-size":"auto","background-attachment":"scroll","background-type":"","background-media":"","overlay-type":"","overlay-color":"","overlay-opacity":"","overlay-gradient":""},"mobile":{"background-color":"","background-image":"","background-repeat":"repeat","background-position":"center center","background-size":"auto","background-attachment":"scroll","background-type":"","background-media":"","overlay-type":"","overlay-color":"","overlay-opacity":"","overlay-gradient":""}},"ast-content-background-meta":{"desktop":{"background-color":"var(--ast-global-color-5)","background-image":"","background-repeat":"repeat","background-position":"center center","background-size":"auto","background-attachment":"scroll","background-type":"","background-media":"","overlay-type":"","overlay-color":"","overlay-opacity":"","overlay-gradient":""},"tablet":{"background-color":"var(--ast-global-color-5)","background-image":"","background-repeat":"repeat","background-position":"center center","background-size":"auto","background-attachment":"scroll","background-type":"","background-media":"","overlay-type":"","overlay-color":"","overlay-opacity":"","overlay-gradient":""},"mobile":{"background-color":"var(--ast-global-color-5)","background-image":"","background-repeat":"repeat","background-position":"center center","background-size":"auto","background-attachment":"scroll","background-type":"","background-media":"","overlay-type":"","overlay-color":"","overlay-opacity":"","overlay-gradient":""}},"footnotes":""},"class_list":["post-49","page","type-page","status-publish","hentry"],"post_mailing_queue_ids":[],"_links":{"self":[{"href":"https:\/\/agora.xtec.cat\/cfa-tremp\/wp-json\/wp\/v2\/pages\/49","targetHints":{"allow":["GET"]}}],"collection":[{"href":"https:\/\/agora.xtec.cat\/cfa-tremp\/wp-json\/wp\/v2\/pages"}],"about":[{"href":"https:\/\/agora.xtec.cat\/cfa-tremp\/wp-json\/wp\/v2\/types\/page"}],"author":[{"embeddable":true,"href":"https:\/\/agora.xtec.cat\/cfa-tremp\/wp-json\/wp\/v2\/users\/1"}],"replies":[{"embeddable":true,"href":"https:\/\/agora.xtec.cat\/cfa-tremp\/wp-json\/wp\/v2\/comments?post=49"}],"version-history":[{"count":4,"href":"https:\/\/agora.xtec.cat\/cfa-tremp\/wp-json\/wp\/v2\/pages\/49\/revisions"}],"predecessor-version":[{"id":1955,"href":"https:\/\/agora.xtec.cat\/cfa-tremp\/wp-json\/wp\/v2\/pages\/49\/revisions\/1955"}],"up":[{"embeddable":true,"href":"https:\/\/agora.xtec.cat\/cfa-tremp\/wp-json\/wp\/v2\/pages\/449"}],"wp:attachment":[{"href":"https:\/\/agora.xtec.cat\/cfa-tremp\/wp-json\/wp\/v2\/media?parent=49"}],"curies":[{"name":"wp","href":"https:\/\/api.w.org\/{rel}","templated":true}]}}