{"id":2158,"date":"2026-01-21T11:03:56","date_gmt":"2026-01-21T10:03:56","guid":{"rendered":"https:\/\/agora.xtec.cat\/cfa-tremp\/?page_id=2158"},"modified":"2026-04-17T13:00:52","modified_gmt":"2026-04-17T11:00:52","slug":"projecte-sinergies","status":"publish","type":"page","link":"https:\/\/agora.xtec.cat\/cfa-tremp\/pagines-dinici\/projecte-sinergies\/","title":{"rendered":"Projecte Sinergies"},"content":{"rendered":"<p>&nbsp;<\/p>\n<ul>\n<li><a href=\"https:\/\/agora.xtec.cat\/cfa-tremp\/pagines-dinici\/projecte-sinergies\/calendari-dactuacions\/\">Calendari d\u2019actuacions<\/a><\/li>\n<\/ul>\n<ul>\n<li><a href=\"https:\/\/agora.xtec.cat\/cfa-tremp\/pagines-dinici\/projecte-sinergies\/calendari-dactuacions\/\">Calendari d\u2019actuacions<\/a><\/li>\n<\/ul>\n<p><a style=\"font-size: 16px; font-style: normal; font-weight: 400; transition-property: all; color: #3a3a3a;\" href=\"https:\/\/agora.xtec.cat\/cfa-tremp\/wp-content\/uploads\/usu1076\/2026\/01\/logo-sinergies.png\"><img loading=\"lazy\" decoding=\"async\" class=\"wp-image-2160 alignleft\" src=\"https:\/\/agora.xtec.cat\/cfa-tremp\/wp-content\/uploads\/usu1076\/2026\/01\/logo-sinergies.png\" alt=\"\" width=\"258\" height=\"227\" srcset=\"https:\/\/agora.xtec.cat\/cfa-tremp\/wp-content\/uploads\/usu1076\/2026\/01\/logo-sinergies.png 428w, https:\/\/agora.xtec.cat\/cfa-tremp\/wp-content\/uploads\/usu1076\/2026\/01\/logo-sinergies-300x264.png 300w\" sizes=\"auto, (max-width: 258px) 100vw, 258px\" \/><\/a><\/p>\n<ul>\n<li><a href=\"https:\/\/agora.xtec.cat\/cfa-tremp\/wp-content\/uploads\/usu1076\/2026\/01\/projecte-SINERGIES.pdf\">Pr<\/a><a href=\"https:\/\/agora.xtec.cat\/cfa-tremp\/wp-content\/uploads\/usu1076\/2026\/01\/projecte-SINERGIES.pdf\">ojecte SINERGIES:<\/a><\/li>\n<\/ul>\n<p><strong>Sin\u00e8rgies<\/strong> \u00e9s el nom del nostre projecte perqu\u00e8 defineix amb precisi\u00f3 el seu prop\u00f2sit: generar valor col\u00b7lectiu a trav\u00e9s de la llengua catalana. L\u2019aprenentatge es construeix mitjan\u00e7ant la col\u00b7laboraci\u00f3 entre alumnat, docents i comunitat. En un entorn divers, la llengua actua com a eix de cohesi\u00f3 i d\u2019integraci\u00f3, potenciant connexions reals i sostenibles. El projecte esdev\u00e9 aix\u00ed un ecosistema d\u2019innovaci\u00f3 educativa\u00a0 i una eina de cohesi\u00f3 i desenvolupament territorial. Est\u00e0 format per 3 eixos<\/p>\n<p>&nbsp;<\/p>\n<table style=\"border-collapse: collapse; width: 100%;\">\n<tbody>\n<tr>\n<td style=\"width: 33.3333%; text-align: center;\"><strong>Eix 1. Foment lector i expressiu<\/strong><\/td>\n<td style=\"width: 33.3333%; text-align: center;\"><strong>Eix 2. \u00das social i comunitari del catal\u00e0<\/strong><\/td>\n<td style=\"width: 33.3333%; text-align: center;\"><strong>Eix 3. Producci\u00f3 oral i difusi\u00f3<\/strong><\/td>\n<\/tr>\n<tr>\n<td style=\"width: 33.3333%;\"><strong>Club de lectura<\/strong><\/p>\n<p><strong>Concurs literiari de Sant Jordi<\/strong><\/td>\n<td style=\"width: 33.3333%;\"><a href=\"https:\/\/agora.xtec.cat\/cfa-tremp\/wp-content\/uploads\/usu1076\/2026\/01\/logo-sinergies.png\"><img loading=\"lazy\" decoding=\"async\" class=\"wp-image-2160 alignleft\" src=\"https:\/\/agora.xtec.cat\/cfa-tremp\/wp-content\/uploads\/usu1076\/2026\/01\/logo-sinergies.png\" alt=\"\" width=\"104\" height=\"92\" srcset=\"https:\/\/agora.xtec.cat\/cfa-tremp\/wp-content\/uploads\/usu1076\/2026\/01\/logo-sinergies.png 428w, https:\/\/agora.xtec.cat\/cfa-tremp\/wp-content\/uploads\/usu1076\/2026\/01\/logo-sinergies-300x264.png 300w\" sizes=\"auto, (max-width: 104px) 100vw, 104px\" \/><\/a><strong>Pr\u00e0ctiques ling\u00fc\u00edstiques<\/strong> en els \u00e0mbits esportiu i cultural del nostre municipi<\/p>\n<p>&nbsp;<\/p>\n<p><strong>CFA amb el catal\u00e0<\/strong><a href=\"https:\/\/agora.xtec.cat\/cfa-tremp\/wp-content\/uploads\/usu1076\/2025\/02\/LOGO-CFA-AMB-EL-CATALA-3.png\"><img loading=\"lazy\" decoding=\"async\" class=\"wp-image-1927 alignleft\" src=\"https:\/\/agora.xtec.cat\/cfa-tremp\/wp-content\/uploads\/usu1076\/2025\/02\/LOGO-CFA-AMB-EL-CATALA-3.png\" alt=\"\" width=\"102\" height=\"102\" srcset=\"https:\/\/agora.xtec.cat\/cfa-tremp\/wp-content\/uploads\/usu1076\/2025\/02\/LOGO-CFA-AMB-EL-CATALA-3.png 500w, https:\/\/agora.xtec.cat\/cfa-tremp\/wp-content\/uploads\/usu1076\/2025\/02\/LOGO-CFA-AMB-EL-CATALA-3-300x300.png 300w, https:\/\/agora.xtec.cat\/cfa-tremp\/wp-content\/uploads\/usu1076\/2025\/02\/LOGO-CFA-AMB-EL-CATALA-3-150x150.png 150w\" sizes=\"auto, (max-width: 102px) 100vw, 102px\" \/><\/a><\/p>\n<ul>\n<li><a href=\"https:\/\/agora.xtec.cat\/cfa-tremp\/pagines-dinici\/projecte-sinergies\/entitats-collaboradores\/\">Entitats Col\u00b7laboradores<\/a><\/li>\n<\/ul>\n<\/td>\n<td style=\"width: 33.3333%;\"><a href=\"https:\/\/agora.xtec.cat\/cfa-tremp\/wp-content\/uploads\/usu1076\/2026\/02\/podcast-1080-x-1350-px-1.png\"><img loading=\"lazy\" decoding=\"async\" class=\" wp-image-2191 alignleft\" src=\"https:\/\/agora.xtec.cat\/cfa-tremp\/wp-content\/uploads\/usu1076\/2026\/02\/podcast-1080-x-1350-px-1-1024x576.png\" alt=\"\" width=\"194\" height=\"109\" srcset=\"https:\/\/agora.xtec.cat\/cfa-tremp\/wp-content\/uploads\/usu1076\/2026\/02\/podcast-1080-x-1350-px-1-1024x576.png 1024w, https:\/\/agora.xtec.cat\/cfa-tremp\/wp-content\/uploads\/usu1076\/2026\/02\/podcast-1080-x-1350-px-1-300x169.png 300w, https:\/\/agora.xtec.cat\/cfa-tremp\/wp-content\/uploads\/usu1076\/2026\/02\/podcast-1080-x-1350-px-1-768x432.png 768w, https:\/\/agora.xtec.cat\/cfa-tremp\/wp-content\/uploads\/usu1076\/2026\/02\/podcast-1080-x-1350-px-1-1536x864.png 1536w, https:\/\/agora.xtec.cat\/cfa-tremp\/wp-content\/uploads\/usu1076\/2026\/02\/podcast-1080-x-1350-px-1-2048x1152.png 2048w\" sizes=\"auto, (max-width: 194px) 100vw, 194px\" \/><\/a><strong><a href=\"https:\/\/agora.xtec.cat\/cfa-tremp\/el-podcast-del-cfa-tremp\/\">P\u00f2dcast del CFA Tremp<\/a><\/strong><\/td>\n<\/tr>\n<\/tbody>\n<\/table>\n<ul>\n<li style=\"list-style-type: none;\">\n<ul>\n<li><a href=\"https:\/\/agora.xtec.cat\/cfa-tremp\/pagines-dinici\/projecte-sinergies\/calendari-dactuacions\/\">Calendari d\u2019actuacions<\/a><\/li>\n<\/ul>\n<\/li>\n<\/ul>\n<p>&nbsp;<\/p>\n","protected":false},"excerpt":{"rendered":"<p>&nbsp; Calendari d\u2019actuacions Calendari d\u2019actuacions Projecte SINERGIES: Sin\u00e8rgies \u00e9s el nom del nostre projecte perqu\u00e8 defineix amb precisi\u00f3 el seu prop\u00f2sit: generar valor col\u00b7lectiu a trav\u00e9s de la llengua catalana. L\u2019aprenentatge es construeix mitjan\u00e7ant la col\u00b7laboraci\u00f3 entre alumnat, docents i comunitat. En un entorn divers, la llengua actua com a eix de cohesi\u00f3 i d\u2019integraci\u00f3, [&hellip;]<\/p>\n","protected":false},"author":1,"featured_media":0,"parent":7,"menu_order":0,"comment_status":"closed","ping_status":"closed","template":"","meta":{"site-sidebar-layout":"default","site-content-layout":"","ast-site-content-layout":"default","site-content-style":"default","site-sidebar-style":"default","ast-global-header-display":"","ast-banner-title-visibility":"","ast-main-header-display":"","ast-hfb-above-header-display":"","ast-hfb-below-header-display":"","ast-hfb-mobile-header-display":"","site-post-title":"","ast-breadcrumbs-content":"","ast-featured-img":"","footer-sml-layout":"","theme-transparent-header-meta":"default","adv-header-id-meta":"","stick-header-meta":"","header-above-stick-meta":"","header-main-stick-meta":"","header-below-stick-meta":"","astra-migrate-meta-layouts":"set","ast-page-background-enabled":"default","ast-page-background-meta":{"desktop":{"background-color":"var(--ast-global-color-4)","background-image":"","background-repeat":"repeat","background-position":"center center","background-size":"auto","background-attachment":"scroll","background-type":"","background-media":"","overlay-type":"","overlay-color":"","overlay-opacity":"","overlay-gradient":""},"tablet":{"background-color":"","background-image":"","background-repeat":"repeat","background-position":"center center","background-size":"auto","background-attachment":"scroll","background-type":"","background-media":"","overlay-type":"","overlay-color":"","overlay-opacity":"","overlay-gradient":""},"mobile":{"background-color":"","background-image":"","background-repeat":"repeat","background-position":"center center","background-size":"auto","background-attachment":"scroll","background-type":"","background-media":"","overlay-type":"","overlay-color":"","overlay-opacity":"","overlay-gradient":""}},"ast-content-background-meta":{"desktop":{"background-color":"var(--ast-global-color-5)","background-image":"","background-repeat":"repeat","background-position":"center center","background-size":"auto","background-attachment":"scroll","background-type":"","background-media":"","overlay-type":"","overlay-color":"","overlay-opacity":"","overlay-gradient":""},"tablet":{"background-color":"var(--ast-global-color-5)","background-image":"","background-repeat":"repeat","background-position":"center center","background-size":"auto","background-attachment":"scroll","background-type":"","background-media":"","overlay-type":"","overlay-color":"","overlay-opacity":"","overlay-gradient":""},"mobile":{"background-color":"var(--ast-global-color-5)","background-image":"","background-repeat":"repeat","background-position":"center center","background-size":"auto","background-attachment":"scroll","background-type":"","background-media":"","overlay-type":"","overlay-color":"","overlay-opacity":"","overlay-gradient":""}},"footnotes":""},"class_list":["post-2158","page","type-page","status-publish","hentry"],"post_mailing_queue_ids":[],"_links":{"self":[{"href":"https:\/\/agora.xtec.cat\/cfa-tremp\/wp-json\/wp\/v2\/pages\/2158","targetHints":{"allow":["GET"]}}],"collection":[{"href":"https:\/\/agora.xtec.cat\/cfa-tremp\/wp-json\/wp\/v2\/pages"}],"about":[{"href":"https:\/\/agora.xtec.cat\/cfa-tremp\/wp-json\/wp\/v2\/types\/page"}],"author":[{"embeddable":true,"href":"https:\/\/agora.xtec.cat\/cfa-tremp\/wp-json\/wp\/v2\/users\/1"}],"replies":[{"embeddable":true,"href":"https:\/\/agora.xtec.cat\/cfa-tremp\/wp-json\/wp\/v2\/comments?post=2158"}],"version-history":[{"count":6,"href":"https:\/\/agora.xtec.cat\/cfa-tremp\/wp-json\/wp\/v2\/pages\/2158\/revisions"}],"predecessor-version":[{"id":2218,"href":"https:\/\/agora.xtec.cat\/cfa-tremp\/wp-json\/wp\/v2\/pages\/2158\/revisions\/2218"}],"up":[{"embeddable":true,"href":"https:\/\/agora.xtec.cat\/cfa-tremp\/wp-json\/wp\/v2\/pages\/7"}],"wp:attachment":[{"href":"https:\/\/agora.xtec.cat\/cfa-tremp\/wp-json\/wp\/v2\/media?parent=2158"}],"curies":[{"name":"wp","href":"https:\/\/api.w.org\/{rel}","templated":true}]}}