{"id":496,"date":"2017-02-10T16:43:37","date_gmt":"2017-02-10T15:43:37","guid":{"rendered":"http:\/\/agora.xtec.cat\/cfa-teresamanye\/?page_id=496"},"modified":"2025-04-09T20:21:29","modified_gmt":"2025-04-09T18:21:29","slug":"actic","status":"publish","type":"page","link":"https:\/\/agora.xtec.cat\/cfa-teresamanye\/informatica\/actic\/","title":{"rendered":"ACTIC"},"content":{"rendered":"<ul>\n<li>L\u2019ACTIC \u00e9s la <strong>certificaci\u00f3 acreditativa de la compet\u00e8ncia digital<\/strong>, entesa com la combinaci\u00f3 de coneixements, habilitats i actituds en l\u2019\u00e0mbit de les tecnologies de la informaci\u00f3 i la comunicaci\u00f3 que les persones despleguen en situacions reals per assolir objectius determinats amb efic\u00e0cia i efici\u00e8ncia.<\/li>\n<li>Les sigles<a href=\"https:\/\/actic.gencat.cat\/ca\/inici\" target=\"_blank\" rel=\"noopener\"> ACTIC<\/a> correspon a la denominaci\u00f3 \u201c<strong>acreditaci\u00f3 de compet\u00e8ncies en tecnologies de la informaci\u00f3 i la comunicaci\u00f3<\/strong>\u201d.<\/li>\n<\/ul>\n<p>&nbsp;<\/p>\n<p class=\"style47\" style=\"text-align: center;\" align=\"justify\">Procediment per obtenir la acreditaci\u00f3 de l\u2019ACTIC<\/p>\n<p style=\"text-align: center;\" align=\"justify\"><iframe loading=\"lazy\" src=\"\/\/www.youtube.com\/embed\/UuYJ685NnGs\" width=\"560\" height=\"314\" allowfullscreen=\"allowfullscreen\"><\/iframe><\/p>\n<p style=\"text-align: center;\">\u00a0 <a href=\"https:\/\/actic.gencat.cat\/ca\/actic_serveis_actic\/actic_inscripcio_d_aspirant\/\" target=\"_blank\" rel=\"noopener\">Inscripci\u00f3 d&#8217;aspirant<\/a><\/p>\n<p style=\"text-align: center;\">\u00a0<a href=\"https:\/\/actic.gencat.cat\/web\/.content\/07_difusio\/documents\/arxius\/fullet_actic.pdf\" target=\"_blank\" rel=\"noopener\">fullet\u00f3 ACTIC<\/a><\/p>\n<p style=\"text-align: center;\"><a href=\"https:\/\/www.altariaeditorial.com\/ca\/12-actic\" target=\"_blank\" rel=\"noopener\">Temari Oficial\u00a0 ( Altaria editorial)<\/a><\/p>\n<p style=\"text-align: center;\"><a href=\"https:\/\/www.abacus.coop\/ca\/cerca?categoryName=&amp;q=ACTIC&amp;lang=ca_ES\" target=\"_blank\" rel=\"noopener\">Temari Oficial (Abacus)<\/a><\/p>\n<p style=\"text-align: center;\"><a href=\"https:\/\/www.preparacioactic.cat\/\" target=\"_blank\" rel=\"noopener\">Preparaci\u00f3 <strong>ACTIC.cat<\/strong><\/a><\/p>\n<p>&nbsp;<\/p>\n<p>&nbsp;<\/p>\n<p>&nbsp;<\/p>\n<p>&nbsp;<\/p>\n<p>&nbsp;<\/p>\n<p>&nbsp;<\/p>\n<p>&nbsp;<\/p>\n<p>&nbsp;<\/p>\n","protected":false},"excerpt":{"rendered":"<ul>\n<li>L\u2019ACTIC \u00e9s la certificaci\u00f3 acreditativa de la compet\u00e8ncia digital, entesa com la combinaci\u00f3 de coneixements, habilitats i actituds en l\u2019\u00e0mbit de les tecnologies de la informaci\u00f3 i la comunicaci\u00f3 que les persones despleguen en situacions reals per assolir objectius determinats amb efic\u00e0cia i efici\u00e8ncia.<\/li>\n<li>Les sigles<a&hellip;  <a href=\"https:\/\/agora.xtec.cat\/cfa-teresamanye\/informatica\/actic\/\" title=\"Read ACTIC\">Llegeix m\u00e9s\u00bb<\/a><br \/>\n","protected":false},"author":1,"featured_media":0,"parent":422,"menu_order":4,"comment_status":"closed","ping_status":"closed","template":"page-templates\/side-menu.php","meta":{"_bbp_topic_count":0,"_bbp_reply_count":0,"_bbp_total_topic_count":0,"_bbp_total_reply_count":0,"_bbp_voice_count":0,"_bbp_anonymous_reply_count":0,"_bbp_topic_count_hidden":0,"_bbp_reply_count_hidden":0,"_bbp_forum_subforum_count":0,"footnotes":""},"class_list":["post-496","page","type-page","status-publish","hentry"],"post_mailing_queue_ids":[],"_links":{"self":[{"href":"https:\/\/agora.xtec.cat\/cfa-teresamanye\/wp-json\/wp\/v2\/pages\/496","targetHints":{"allow":["GET"]}}],"collection":[{"href":"https:\/\/agora.xtec.cat\/cfa-teresamanye\/wp-json\/wp\/v2\/pages"}],"about":[{"href":"https:\/\/agora.xtec.cat\/cfa-teresamanye\/wp-json\/wp\/v2\/types\/page"}],"author":[{"embeddable":true,"href":"https:\/\/agora.xtec.cat\/cfa-teresamanye\/wp-json\/wp\/v2\/users\/1"}],"replies":[{"embeddable":true,"href":"https:\/\/agora.xtec.cat\/cfa-teresamanye\/wp-json\/wp\/v2\/comments?post=496"}],"version-history":[{"count":6,"href":"https:\/\/agora.xtec.cat\/cfa-teresamanye\/wp-json\/wp\/v2\/pages\/496\/revisions"}],"predecessor-version":[{"id":7611,"href":"https:\/\/agora.xtec.cat\/cfa-teresamanye\/wp-json\/wp\/v2\/pages\/496\/revisions\/7611"}],"up":[{"embeddable":true,"href":"https:\/\/agora.xtec.cat\/cfa-teresamanye\/wp-json\/wp\/v2\/pages\/422"}],"wp:attachment":[{"href":"https:\/\/agora.xtec.cat\/cfa-teresamanye\/wp-json\/wp\/v2\/media?parent=496"}],"curies":[{"name":"wp","href":"https:\/\/api.w.org\/{rel}","templated":true}]}}