{"id":322,"date":"2015-01-28T11:36:17","date_gmt":"2015-01-28T10:36:17","guid":{"rendered":"http:\/\/agora.xtec.cat\/cfa-santadriadebesos\/?page_id=322"},"modified":"2025-05-31T00:25:10","modified_gmt":"2025-05-30T22:25:10","slug":"a-la-universitat-per-a-majors-de-25-anys","status":"publish","type":"page","link":"https:\/\/agora.xtec.cat\/cfa-santadriadebesos\/ensenyaments\/ensenyaments-per-a-la-preparacio-de-proves-dacces\/a-la-universitat-per-a-majors-de-25-anys\/","title":{"rendered":"A la universitat per a majors de 25 i 45 anys"},"content":{"rendered":"<p data-start=\"131\" data-end=\"180\">Poden accedir a aquests estudis les persones que:<\/p>\n<ul data-start=\"182\" data-end=\"532\">\n<li data-start=\"182\" data-end=\"281\">\n<p data-start=\"184\" data-end=\"281\">Tinguin m\u00e9s de 25 o 45 anys, o els compleixin durant l\u2019any natural en qu\u00e8 es realitza la prova.<\/p>\n<\/li>\n<li data-start=\"282\" data-end=\"367\">\n<p data-start=\"284\" data-end=\"367\">No hagin superat les PAU (Proves d\u2019Acc\u00e9s a la Universitat) o un t\u00edtol equivalent.<\/p>\n<\/li>\n<li data-start=\"368\" data-end=\"532\">\n<p data-start=\"370\" data-end=\"532\">No estiguin en possessi\u00f3 d\u2019un t\u00edtol de t\u00e8cnic superior de formaci\u00f3 professional, arts pl\u00e0stiques i disseny, esport (o equivalent), ni cap titulaci\u00f3 universit\u00e0ria.<\/p>\n<\/li>\n<\/ul>\n<hr data-start=\"534\" data-end=\"537\" \/>\n<h2 data-start=\"539\" data-end=\"563\">Contingut de la prova<\/h2>\n<h3 data-start=\"565\" data-end=\"617\">Mat\u00e8ries de la fase general (tots els candidats)<\/h3>\n<ul data-start=\"619\" data-end=\"817\">\n<li data-start=\"619\" data-end=\"640\">\n<p data-start=\"621\" data-end=\"640\">Comentari de text<\/p>\n<\/li>\n<li data-start=\"641\" data-end=\"661\">\n<p data-start=\"643\" data-end=\"661\">Llengua catalana<\/p>\n<\/li>\n<li data-start=\"662\" data-end=\"684\">\n<p data-start=\"664\" data-end=\"684\">Llengua castellana<\/p>\n<\/li>\n<li data-start=\"685\" data-end=\"817\">\n<p data-start=\"687\" data-end=\"817\">Llengua estrangera (a triar entre angl\u00e8s, franc\u00e8s, alemany, itali\u00e0 o portugu\u00e8s) \u2014 <strong data-start=\"769\" data-end=\"817\">Nom\u00e9s per a la prova de m\u00e9s grans de 25 anys<\/strong><\/p>\n<\/li>\n<\/ul>\n<h3 data-start=\"819\" data-end=\"888\">Mat\u00e8ries de la fase espec\u00edfica (nom\u00e9s per a m\u00e9s grans de 25 anys)<\/h3>\n<ul data-start=\"890\" data-end=\"1037\">\n<li data-start=\"890\" data-end=\"1037\">\n<p data-start=\"892\" data-end=\"1037\">Cal escollir dues mat\u00e8ries relacionades amb una de les branques de coneixement universit\u00e0ries, segons l\u2019orientaci\u00f3 que es vulgui donar a l\u2019acc\u00e9s.<\/p>\n<\/li>\n<\/ul>\n<p>&nbsp;<\/p>\n<ul>\n<li style=\"text-align: left;\"><span style=\"color: #000000;\"><strong>Enlla\u00e7os d&#8217;inter\u00e8s<\/strong><\/span><\/li>\n<\/ul>\n<ol>\n<li style=\"list-style-type: none;\">\n<ol>\n<li><a href=\"https:\/\/universitats.gencat.cat\/ca\/acces-universitat\/acces-segons-perfils-estudiants\/tinc-mes-25-anys\/\">Tinc m\u00e9s de 25 anys<\/a><\/li>\n<li><a href=\"https:\/\/universitats.gencat.cat\/ca\/acces-universitat\/acces-segons-perfils-estudiants\/tinc-mes-45-anys\/\">Tinc m\u00e9s de 45 anys<\/a><\/li>\n<li><a href=\"http:\/\/www.gencat.cat\/ensenyament\/eac\/pdf\/FANRU25A0000_CA.pdf\">Full informatiu<\/a><\/li>\n<li><a href=\"https:\/\/universitats.gencat.cat\/ca\/preguntes-frequents-contacte\/dubtes-preguntes-temes\/proves-resultats\/prova-dacces-per-a-mes-grans-de-25-anys\/\">Preguntes freq\u00fcents U+25<\/a><\/li>\n<li><a href=\"https:\/\/universitats.gencat.cat\/ca\/preguntes-frequents-contacte\/dubtes-preguntes-temes\/proves-resultats\/prova-dacces-per-a-mes-grans-de-45-anys\/\">Preguntes freq\u00fcents U+45<\/a><\/li>\n<\/ol>\n<\/li>\n<\/ol>\n<p>&nbsp;<\/p>\n","protected":false},"excerpt":{"rendered":"<p>Poden accedir a aquests estudis les persones que: Tinguin m\u00e9s de 25 o 45 anys, o els compleixin durant l\u2019any natural en qu\u00e8 es realitza la prova. No hagin superat les PAU (Proves d\u2019Acc\u00e9s a la Universitat) o un t\u00edtol equivalent. No estiguin en possessi\u00f3 d\u2019un t\u00edtol de t\u00e8cnic superior de formaci\u00f3 professional, arts pl\u00e0stiques [&hellip;]<\/p>\n","protected":false},"author":1,"featured_media":0,"parent":288,"menu_order":0,"comment_status":"closed","ping_status":"closed","template":"","meta":{"_bbp_topic_count":0,"_bbp_reply_count":0,"_bbp_total_topic_count":0,"_bbp_total_reply_count":0,"_bbp_voice_count":0,"_bbp_anonymous_reply_count":0,"_bbp_topic_count_hidden":0,"_bbp_reply_count_hidden":0,"_bbp_forum_subforum_count":0,"site-sidebar-layout":"default","site-content-layout":"","ast-site-content-layout":"default","site-content-style":"default","site-sidebar-style":"default","ast-global-header-display":"","ast-banner-title-visibility":"","ast-main-header-display":"","ast-hfb-above-header-display":"","ast-hfb-below-header-display":"","ast-hfb-mobile-header-display":"","site-post-title":"","ast-breadcrumbs-content":"","ast-featured-img":"","footer-sml-layout":"","theme-transparent-header-meta":"default","adv-header-id-meta":"","stick-header-meta":"","header-above-stick-meta":"","header-main-stick-meta":"","header-below-stick-meta":"","astra-migrate-meta-layouts":"set","ast-page-background-enabled":"default","ast-page-background-meta":{"desktop":{"background-color":"var(--ast-global-color-4)","background-image":"","background-repeat":"repeat","background-position":"center center","background-size":"auto","background-attachment":"scroll","background-type":"","background-media":"","overlay-type":"","overlay-color":"","overlay-opacity":"","overlay-gradient":""},"tablet":{"background-color":"","background-image":"","background-repeat":"repeat","background-position":"center center","background-size":"auto","background-attachment":"scroll","background-type":"","background-media":"","overlay-type":"","overlay-color":"","overlay-opacity":"","overlay-gradient":""},"mobile":{"background-color":"","background-image":"","background-repeat":"repeat","background-position":"center center","background-size":"auto","background-attachment":"scroll","background-type":"","background-media":"","overlay-type":"","overlay-color":"","overlay-opacity":"","overlay-gradient":""}},"ast-content-background-meta":{"desktop":{"background-color":"var(--ast-global-color-5)","background-image":"","background-repeat":"repeat","background-position":"center center","background-size":"auto","background-attachment":"scroll","background-type":"","background-media":"","overlay-type":"","overlay-color":"","overlay-opacity":"","overlay-gradient":""},"tablet":{"background-color":"var(--ast-global-color-5)","background-image":"","background-repeat":"repeat","background-position":"center center","background-size":"auto","background-attachment":"scroll","background-type":"","background-media":"","overlay-type":"","overlay-color":"","overlay-opacity":"","overlay-gradient":""},"mobile":{"background-color":"var(--ast-global-color-5)","background-image":"","background-repeat":"repeat","background-position":"center center","background-size":"auto","background-attachment":"scroll","background-type":"","background-media":"","overlay-type":"","overlay-color":"","overlay-opacity":"","overlay-gradient":""}},"footnotes":""},"class_list":["post-322","page","type-page","status-publish","hentry"],"post_mailing_queue_ids":[],"_links":{"self":[{"href":"https:\/\/agora.xtec.cat\/cfa-santadriadebesos\/wp-json\/wp\/v2\/pages\/322","targetHints":{"allow":["GET"]}}],"collection":[{"href":"https:\/\/agora.xtec.cat\/cfa-santadriadebesos\/wp-json\/wp\/v2\/pages"}],"about":[{"href":"https:\/\/agora.xtec.cat\/cfa-santadriadebesos\/wp-json\/wp\/v2\/types\/page"}],"author":[{"embeddable":true,"href":"https:\/\/agora.xtec.cat\/cfa-santadriadebesos\/wp-json\/wp\/v2\/users\/1"}],"replies":[{"embeddable":true,"href":"https:\/\/agora.xtec.cat\/cfa-santadriadebesos\/wp-json\/wp\/v2\/comments?post=322"}],"version-history":[{"count":6,"href":"https:\/\/agora.xtec.cat\/cfa-santadriadebesos\/wp-json\/wp\/v2\/pages\/322\/revisions"}],"predecessor-version":[{"id":2649,"href":"https:\/\/agora.xtec.cat\/cfa-santadriadebesos\/wp-json\/wp\/v2\/pages\/322\/revisions\/2649"}],"up":[{"embeddable":true,"href":"https:\/\/agora.xtec.cat\/cfa-santadriadebesos\/wp-json\/wp\/v2\/pages\/288"}],"wp:attachment":[{"href":"https:\/\/agora.xtec.cat\/cfa-santadriadebesos\/wp-json\/wp\/v2\/media?parent=322"}],"curies":[{"name":"wp","href":"https:\/\/api.w.org\/{rel}","templated":true}]}}