{"id":296,"date":"2015-01-28T11:18:08","date_gmt":"2015-01-28T10:18:08","guid":{"rendered":"http:\/\/agora.xtec.cat\/cfa-santadriadebesos\/?page_id=296"},"modified":"2025-10-31T11:23:31","modified_gmt":"2025-10-31T10:23:31","slug":"llengua-catalana","status":"publish","type":"page","link":"https:\/\/agora.xtec.cat\/cfa-santadriadebesos\/ensenyaments\/ensenyaments-inicials-i-formacio-basica\/llengua-catalana\/","title":{"rendered":"Llengua catalana"},"content":{"rendered":"<p data-start=\"146\" data-end=\"314\"><a href=\"https:\/\/agora.xtec.cat\/cfa-santadriadebesos\/wp-content\/uploads\/usu1359\/2025\/10\/IMG_1256-scaled.jpg\"><img loading=\"lazy\" decoding=\"async\" class=\"wp-image-2783 alignleft\" src=\"https:\/\/agora.xtec.cat\/cfa-santadriadebesos\/wp-content\/uploads\/usu1359\/2025\/10\/IMG_1256-768x1024.jpg\" alt=\"\" width=\"514\" height=\"686\" srcset=\"https:\/\/agora.xtec.cat\/cfa-santadriadebesos\/wp-content\/uploads\/usu1359\/2025\/10\/IMG_1256-768x1024.jpg 768w, https:\/\/agora.xtec.cat\/cfa-santadriadebesos\/wp-content\/uploads\/usu1359\/2025\/10\/IMG_1256-225x300.jpg 225w, https:\/\/agora.xtec.cat\/cfa-santadriadebesos\/wp-content\/uploads\/usu1359\/2025\/10\/IMG_1256-1152x1536.jpg 1152w, https:\/\/agora.xtec.cat\/cfa-santadriadebesos\/wp-content\/uploads\/usu1359\/2025\/10\/IMG_1256-1536x2048.jpg 1536w, https:\/\/agora.xtec.cat\/cfa-santadriadebesos\/wp-content\/uploads\/usu1359\/2025\/10\/IMG_1256-scaled.jpg 1920w\" sizes=\"auto, (max-width: 514px) 100vw, 514px\" \/><\/a>Aquests ensenyaments tenen com a objectiu que les persones adultes <strong data-start=\"213\" data-end=\"287\">assoleixin un grau de compet\u00e8ncia suficient per comunicar-se en catal\u00e0<\/strong> en situacions quotidianes.<\/p>\n<p data-start=\"316\" data-end=\"414\">Oferim <strong data-start=\"323\" data-end=\"339\">tres nivells<\/strong> adaptats al <strong data-start=\"352\" data-end=\"413\">Marc Europeu Com\u00fa de Refer\u00e8ncia per a les Lleng\u00fces (MECR)<\/strong>:<\/p>\n<ul data-start=\"416\" data-end=\"760\">\n<li data-start=\"416\" data-end=\"536\">\n<p data-start=\"418\" data-end=\"536\"><strong data-start=\"418\" data-end=\"465\">Nivell 1 \u2013 Acolliment ling\u00fc\u00edstic (MECR A1):<\/strong><br data-start=\"465\" data-end=\"468\" \/>Per a persones sense cap coneixement previ de la llengua catalana.<\/p>\n<\/li>\n<li data-start=\"538\" data-end=\"648\">\n<p data-start=\"540\" data-end=\"648\"><strong data-start=\"540\" data-end=\"563\">Nivell 2 (MECR A2):<\/strong><br data-start=\"563\" data-end=\"566\" \/>Per a alumnes que han superat el nivell 1 o tenen coneixements b\u00e0sics de catal\u00e0.<\/p>\n<\/li>\n<li data-start=\"650\" data-end=\"760\">\n<p data-start=\"652\" data-end=\"760\"><strong data-start=\"652\" data-end=\"675\">Nivell 3 (MECR B1):<\/strong><br data-start=\"675\" data-end=\"678\" \/>Per a alumnes que han superat el nivell 2 o tenen un domini mitj\u00e0 de la llengua.<\/p>\n<\/li>\n<\/ul>\n<p data-start=\"762\" data-end=\"907\">Els cursos combinen <strong data-start=\"782\" data-end=\"834\">expressi\u00f3 oral, comprensi\u00f3, lectura i escriptura<\/strong>, i estan pensats per adaptar-se al ritme d\u2019aprenentatge de cada persona.<\/p>\n<p><strong>Durada i organitzaci\u00f3 setmanal:<\/strong><\/p>\n<p data-start=\"136\" data-end=\"294\">Al CFA Sant Adri\u00e0 de Bes\u00f2s, els cursos de catal\u00e0 es <strong data-start=\"188\" data-end=\"218\">divideixen en tres nivells<\/strong> i s\u2019imparteixen <strong data-start=\"235\" data-end=\"259\">dos dies per setmana<\/strong>, segons el curr\u00edculum establert.<\/p>\n<p data-start=\"296\" data-end=\"404\">Cada nivell ofereix un aprenentatge progressiu i pr\u00e0ctic, adaptat al ritme i necessitats de l\u2019alumnat adult.<\/p>\n","protected":false},"excerpt":{"rendered":"<p>Aquests ensenyaments tenen com a objectiu que les persones adultes assoleixin un grau de compet\u00e8ncia suficient per comunicar-se en catal\u00e0 en situacions quotidianes. Oferim tres nivells adaptats al Marc Europeu Com\u00fa de Refer\u00e8ncia per a les Lleng\u00fces (MECR): Nivell 1 \u2013 Acolliment ling\u00fc\u00edstic (MECR A1):Per a persones sense cap coneixement previ de la llengua catalana. [&hellip;]<\/p>\n","protected":false},"author":1,"featured_media":0,"parent":283,"menu_order":1,"comment_status":"closed","ping_status":"closed","template":"","meta":{"_bbp_topic_count":0,"_bbp_reply_count":0,"_bbp_total_topic_count":0,"_bbp_total_reply_count":0,"_bbp_voice_count":0,"_bbp_anonymous_reply_count":0,"_bbp_topic_count_hidden":0,"_bbp_reply_count_hidden":0,"_bbp_forum_subforum_count":0,"site-sidebar-layout":"default","site-content-layout":"","ast-site-content-layout":"default","site-content-style":"default","site-sidebar-style":"default","ast-global-header-display":"","ast-banner-title-visibility":"","ast-main-header-display":"","ast-hfb-above-header-display":"","ast-hfb-below-header-display":"","ast-hfb-mobile-header-display":"","site-post-title":"","ast-breadcrumbs-content":"","ast-featured-img":"","footer-sml-layout":"","theme-transparent-header-meta":"default","adv-header-id-meta":"","stick-header-meta":"","header-above-stick-meta":"","header-main-stick-meta":"","header-below-stick-meta":"","astra-migrate-meta-layouts":"set","ast-page-background-enabled":"default","ast-page-background-meta":{"desktop":{"background-color":"var(--ast-global-color-4)","background-image":"","background-repeat":"repeat","background-position":"center center","background-size":"auto","background-attachment":"scroll","background-type":"","background-media":"","overlay-type":"","overlay-color":"","overlay-opacity":"","overlay-gradient":""},"tablet":{"background-color":"","background-image":"","background-repeat":"repeat","background-position":"center center","background-size":"auto","background-attachment":"scroll","background-type":"","background-media":"","overlay-type":"","overlay-color":"","overlay-opacity":"","overlay-gradient":""},"mobile":{"background-color":"","background-image":"","background-repeat":"repeat","background-position":"center center","background-size":"auto","background-attachment":"scroll","background-type":"","background-media":"","overlay-type":"","overlay-color":"","overlay-opacity":"","overlay-gradient":""}},"ast-content-background-meta":{"desktop":{"background-color":"var(--ast-global-color-5)","background-image":"","background-repeat":"repeat","background-position":"center center","background-size":"auto","background-attachment":"scroll","background-type":"","background-media":"","overlay-type":"","overlay-color":"","overlay-opacity":"","overlay-gradient":""},"tablet":{"background-color":"var(--ast-global-color-5)","background-image":"","background-repeat":"repeat","background-position":"center center","background-size":"auto","background-attachment":"scroll","background-type":"","background-media":"","overlay-type":"","overlay-color":"","overlay-opacity":"","overlay-gradient":""},"mobile":{"background-color":"var(--ast-global-color-5)","background-image":"","background-repeat":"repeat","background-position":"center center","background-size":"auto","background-attachment":"scroll","background-type":"","background-media":"","overlay-type":"","overlay-color":"","overlay-opacity":"","overlay-gradient":""}},"footnotes":""},"class_list":["post-296","page","type-page","status-publish","hentry"],"post_mailing_queue_ids":[],"_links":{"self":[{"href":"https:\/\/agora.xtec.cat\/cfa-santadriadebesos\/wp-json\/wp\/v2\/pages\/296","targetHints":{"allow":["GET"]}}],"collection":[{"href":"https:\/\/agora.xtec.cat\/cfa-santadriadebesos\/wp-json\/wp\/v2\/pages"}],"about":[{"href":"https:\/\/agora.xtec.cat\/cfa-santadriadebesos\/wp-json\/wp\/v2\/types\/page"}],"author":[{"embeddable":true,"href":"https:\/\/agora.xtec.cat\/cfa-santadriadebesos\/wp-json\/wp\/v2\/users\/1"}],"replies":[{"embeddable":true,"href":"https:\/\/agora.xtec.cat\/cfa-santadriadebesos\/wp-json\/wp\/v2\/comments?post=296"}],"version-history":[{"count":6,"href":"https:\/\/agora.xtec.cat\/cfa-santadriadebesos\/wp-json\/wp\/v2\/pages\/296\/revisions"}],"predecessor-version":[{"id":2790,"href":"https:\/\/agora.xtec.cat\/cfa-santadriadebesos\/wp-json\/wp\/v2\/pages\/296\/revisions\/2790"}],"up":[{"embeddable":true,"href":"https:\/\/agora.xtec.cat\/cfa-santadriadebesos\/wp-json\/wp\/v2\/pages\/283"}],"wp:attachment":[{"href":"https:\/\/agora.xtec.cat\/cfa-santadriadebesos\/wp-json\/wp\/v2\/media?parent=296"}],"curies":[{"name":"wp","href":"https:\/\/api.w.org\/{rel}","templated":true}]}}

<p data-start="146" data-end="314"><a href="https://agora.xtec.cat/cfa-santadriadebesos/wp-content/uploads/usu1359/2025/10/IMG_1256-scaled.jpg"><img loading="lazy" decoding="async" class="wp-image-2783 alignleft" src="https://agora.xtec.cat/cfa-santadriadebesos/wp-content/uploads/usu1359/2025/10/IMG_1256-768x1024.jpg" alt="" width="514" height="686" srcset="https://agora.xtec.cat/cfa-santadriadebesos/wp-content/uploads/usu1359/2025/10/IMG_1256-768x1024.jpg 768w, https://agora.xtec.cat/cfa-santadriadebesos/wp-content/uploads/usu1359/2025/10/IMG_1256-225x300.jpg 225w, https://agora.xtec.cat/cfa-santadriadebesos/wp-content/uploads/usu1359/2025/10/IMG_1256-1152x1536.jpg 1152w, https://agora.xtec.cat/cfa-santadriadebesos/wp-content/uploads/usu1359/2025/10/IMG_1256-1536x2048.jpg 1536w, https://agora.xtec.cat/cfa-santadriadebesos/wp-content/uploads/usu1359/2025/10/IMG_1256-scaled.jpg 1920w" sizes="auto, (max-width: 514px) 100vw, 514px" /></a>Aquests ensenyaments tenen com a objectiu que les persones adultes <strong data-start="213" data-end="287">assoleixin un grau de competència suficient per comunicar-se en català</strong> en situacions quotidianes.</p>
<p data-start="316" data-end="414">Oferim <strong data-start="323" data-end="339">tres nivells</strong> adaptats al <strong data-start="352" data-end="413">Marc Europeu Comú de Referència per a les Llengües (MECR)</strong>:</p>
<ul data-start="416" data-end="760">
<li data-start="416" data-end="536">
<p data-start="418" data-end="536"><strong data-start="418" data-end="465">Nivell 1 – Acolliment lingüístic (MECR A1):</strong><br data-start="465" data-end="468" />Per a persones sense cap coneixement previ de la llengua catalana.</p>
</li>
<li data-start="538" data-end="648">
<p data-start="540" data-end="648"><strong data-start="540" data-end="563">Nivell 2 (MECR A2):</strong><br data-start="563" data-end="566" />Per a alumnes que han superat el nivell 1 o tenen coneixements bàsics de català.</p>
</li>
<li data-start="650" data-end="760">
<p data-start="652" data-end="760"><strong data-start="652" data-end="675">Nivell 3 (MECR B1):</strong><br data-start="675" data-end="678" />Per a alumnes que han superat el nivell 2 o tenen un domini mitjà de la llengua.</p>
</li>
</ul>
<p data-start="762" data-end="907">Els cursos combinen <strong data-start="782" data-end="834">expressió oral, comprensió, lectura i escriptura</strong>, i estan pensats per adaptar-se al ritme d’aprenentatge de cada persona.</p>
<p><strong>Durada i organització setmanal:</strong></p>
<p data-start="136" data-end="294">Al CFA Sant Adrià de Besòs, els cursos de català es <strong data-start="188" data-end="218">divideixen en tres nivells</strong> i s’imparteixen <strong data-start="235" data-end="259">dos dies per setmana</strong>, segons el currículum establert.</p>
<p data-start="296" data-end="404">Cada nivell ofereix un aprenentatge progressiu i pràctic, adaptat al ritme i necessitats de l’alumnat adult.</p>

<p>Aquests ensenyaments tenen com a objectiu que les persones adultes assoleixin un grau de competència suficient per comunicar-se en català en situacions quotidianes. Oferim tres nivells adaptats al Marc Europeu Comú de Referència per a les Llengües (MECR): Nivell 1 – Acolliment lingüístic (MECR A1):Per a persones sense cap coneixement previ de la llengua catalana. [&hellip;]</p>
