{"id":27,"date":"2014-09-17T16:24:03","date_gmt":"2014-09-17T16:24:03","guid":{"rendered":"http:\/\/agora.xtec.cat\/cfa-santadriadebesos\/?page_id=27"},"modified":"2025-06-11T19:04:57","modified_gmt":"2025-06-11T17:04:57","slug":"historia","status":"publish","type":"page","link":"https:\/\/agora.xtec.cat\/cfa-santadriadebesos\/el-centre\/historia\/","title":{"rendered":"Qui som"},"content":{"rendered":"<h1><strong>CFA Sant Adri\u00e0 de Bes\u00f2s<\/strong><\/h1>\n<h2><strong>Una escola, dos edificis<\/strong><\/h2>\n<p data-start=\"198\" data-end=\"438\">El curs 2019-2020 va comen\u00e7ar amb la creaci\u00f3 del <strong data-start=\"247\" data-end=\"305\">nou Centre de Formaci\u00f3 d\u2019Adults de Sant Adri\u00e0 de Bes\u00f2s<\/strong>, una proposta formativa <strong data-start=\"330\" data-end=\"367\">\u00e0mplia, cohesionada i de qualitat<\/strong>, pensada per donar resposta a les necessitats educatives de la ciutat.<\/p>\n<p data-start=\"440\" data-end=\"796\">Aquest projecte neix de la voluntat de <strong data-start=\"479\" data-end=\"527\">millorar i optimitzar els recursos existents<\/strong> i de <strong data-start=\"533\" data-end=\"592\">respondre a les mancances detectades al llarg dels anys<\/strong> en l\u2019oferta formativa de l\u2019\u00e0rea. \u00c9s fruit d\u2019un <strong data-start=\"640\" data-end=\"687\">proc\u00e9s de reflexi\u00f3 i planificaci\u00f3 compartit<\/strong> entre els equips directius dels dos centres d\u2019origen: el <strong data-start=\"745\" data-end=\"765\">CFA Pla de Bes\u00f2s<\/strong> i el <strong data-start=\"771\" data-end=\"795\">CFA Manuel Fern\u00e1ndez<\/strong>.<\/p>\n<p data-start=\"798\" data-end=\"1049\">No \u00e9s un punt i a part, sin\u00f3 una <strong data-start=\"831\" data-end=\"856\">continu\u00eftat enriquida<\/strong>. Aquest nou centre recull l\u2019experi\u00e8ncia i els valors de m\u00e9s de <strong data-start=\"920\" data-end=\"948\">vint anys de traject\u00f2ria<\/strong> al servei de la formaci\u00f3 d\u2019adults a Sant Adri\u00e0, i els projecta cap al futur amb una mirada renovada.<\/p>\n<p data-start=\"1051\" data-end=\"1123\">Ens trobareu als <strong data-start=\"1068\" data-end=\"1089\">mateixos edificis<\/strong> on hi havia els centres d\u2019origen:<\/p>\n<ul>\n<li data-start=\"1051\" data-end=\"1123\">C\/ Joan Fiveller, 11.<\/li>\n<\/ul>\n<p><a href=\"https:\/\/agora.xtec.cat\/cfa-santadriadebesos\/wp-content\/uploads\/usu1359\/2025\/06\/WhatsApp-Image-2025-06-02-at-12.59.54.jpeg\"><img loading=\"lazy\" decoding=\"async\" class=\" wp-image-2658 alignleft\" src=\"https:\/\/agora.xtec.cat\/cfa-santadriadebesos\/wp-content\/uploads\/usu1359\/2025\/06\/WhatsApp-Image-2025-06-02-at-12.59.54-1024x768.jpeg\" alt=\"\" width=\"367\" height=\"275\" srcset=\"https:\/\/agora.xtec.cat\/cfa-santadriadebesos\/wp-content\/uploads\/usu1359\/2025\/06\/WhatsApp-Image-2025-06-02-at-12.59.54-1024x768.jpeg 1024w, https:\/\/agora.xtec.cat\/cfa-santadriadebesos\/wp-content\/uploads\/usu1359\/2025\/06\/WhatsApp-Image-2025-06-02-at-12.59.54-300x225.jpeg 300w, https:\/\/agora.xtec.cat\/cfa-santadriadebesos\/wp-content\/uploads\/usu1359\/2025\/06\/WhatsApp-Image-2025-06-02-at-12.59.54-768x576.jpeg 768w, https:\/\/agora.xtec.cat\/cfa-santadriadebesos\/wp-content\/uploads\/usu1359\/2025\/06\/WhatsApp-Image-2025-06-02-at-12.59.54-1536x1152.jpeg 1536w, https:\/\/agora.xtec.cat\/cfa-santadriadebesos\/wp-content\/uploads\/usu1359\/2025\/06\/WhatsApp-Image-2025-06-02-at-12.59.54.jpeg 1600w\" sizes=\"auto, (max-width: 367px) 100vw, 367px\" \/><\/a><\/p>\n<p>&nbsp;<\/p>\n<p>&nbsp;<\/p>\n<p>&nbsp;<\/p>\n<p>&nbsp;<\/p>\n<p>&nbsp;<\/p>\n<p>&nbsp;<\/p>\n<ul>\n<li data-start=\"1051\" data-end=\"1123\">C\/ Frederica Montseny, 1.<\/li>\n<\/ul>\n<p><a href=\"https:\/\/agora.xtec.cat\/cfa-santadriadebesos\/wp-content\/uploads\/usu1359\/2025\/06\/WhatsApp-Image-2025-06-02-at-13.05.17-scaled.jpeg\"><img loading=\"lazy\" decoding=\"async\" class=\"wp-image-2660 alignleft\" src=\"https:\/\/agora.xtec.cat\/cfa-santadriadebesos\/wp-content\/uploads\/usu1359\/2025\/06\/WhatsApp-Image-2025-06-02-at-13.05.17-1024x768.jpeg\" alt=\"\" width=\"361\" height=\"271\" srcset=\"https:\/\/agora.xtec.cat\/cfa-santadriadebesos\/wp-content\/uploads\/usu1359\/2025\/06\/WhatsApp-Image-2025-06-02-at-13.05.17-1024x768.jpeg 1024w, https:\/\/agora.xtec.cat\/cfa-santadriadebesos\/wp-content\/uploads\/usu1359\/2025\/06\/WhatsApp-Image-2025-06-02-at-13.05.17-300x225.jpeg 300w, https:\/\/agora.xtec.cat\/cfa-santadriadebesos\/wp-content\/uploads\/usu1359\/2025\/06\/WhatsApp-Image-2025-06-02-at-13.05.17-768x576.jpeg 768w, https:\/\/agora.xtec.cat\/cfa-santadriadebesos\/wp-content\/uploads\/usu1359\/2025\/06\/WhatsApp-Image-2025-06-02-at-13.05.17-1536x1152.jpeg 1536w, https:\/\/agora.xtec.cat\/cfa-santadriadebesos\/wp-content\/uploads\/usu1359\/2025\/06\/WhatsApp-Image-2025-06-02-at-13.05.17-2048x1536.jpeg 2048w\" sizes=\"auto, (max-width: 361px) 100vw, 361px\" \/><\/a><\/p>\n<p>&nbsp;<\/p>\n","protected":false},"excerpt":{"rendered":"<p>CFA Sant Adri\u00e0 de Bes\u00f2s Una escola, dos edificis El curs 2019-2020 va comen\u00e7ar amb la creaci\u00f3 del nou Centre de Formaci\u00f3 d\u2019Adults de Sant Adri\u00e0 de Bes\u00f2s, una proposta formativa \u00e0mplia, cohesionada i de qualitat, pensada per donar resposta a les necessitats educatives de la ciutat. Aquest projecte neix de la voluntat de millorar [&hellip;]<\/p>\n","protected":false},"author":1,"featured_media":0,"parent":261,"menu_order":1,"comment_status":"closed","ping_status":"closed","template":"","meta":{"_bbp_topic_count":0,"_bbp_reply_count":0,"_bbp_total_topic_count":0,"_bbp_total_reply_count":0,"_bbp_voice_count":0,"_bbp_anonymous_reply_count":0,"_bbp_topic_count_hidden":0,"_bbp_reply_count_hidden":0,"_bbp_forum_subforum_count":0,"site-sidebar-layout":"default","site-content-layout":"","ast-site-content-layout":"default","site-content-style":"default","site-sidebar-style":"default","ast-global-header-display":"","ast-banner-title-visibility":"","ast-main-header-display":"","ast-hfb-above-header-display":"","ast-hfb-below-header-display":"","ast-hfb-mobile-header-display":"","site-post-title":"","ast-breadcrumbs-content":"","ast-featured-img":"","footer-sml-layout":"","theme-transparent-header-meta":"default","adv-header-id-meta":"","stick-header-meta":"","header-above-stick-meta":"","header-main-stick-meta":"","header-below-stick-meta":"","astra-migrate-meta-layouts":"set","ast-page-background-enabled":"default","ast-page-background-meta":{"desktop":{"background-color":"var(--ast-global-color-4)","background-image":"","background-repeat":"repeat","background-position":"center center","background-size":"auto","background-attachment":"scroll","background-type":"","background-media":"","overlay-type":"","overlay-color":"","overlay-opacity":"","overlay-gradient":""},"tablet":{"background-color":"","background-image":"","background-repeat":"repeat","background-position":"center center","background-size":"auto","background-attachment":"scroll","background-type":"","background-media":"","overlay-type":"","overlay-color":"","overlay-opacity":"","overlay-gradient":""},"mobile":{"background-color":"","background-image":"","background-repeat":"repeat","background-position":"center center","background-size":"auto","background-attachment":"scroll","background-type":"","background-media":"","overlay-type":"","overlay-color":"","overlay-opacity":"","overlay-gradient":""}},"ast-content-background-meta":{"desktop":{"background-color":"var(--ast-global-color-5)","background-image":"","background-repeat":"repeat","background-position":"center center","background-size":"auto","background-attachment":"scroll","background-type":"","background-media":"","overlay-type":"","overlay-color":"","overlay-opacity":"","overlay-gradient":""},"tablet":{"background-color":"var(--ast-global-color-5)","background-image":"","background-repeat":"repeat","background-position":"center center","background-size":"auto","background-attachment":"scroll","background-type":"","background-media":"","overlay-type":"","overlay-color":"","overlay-opacity":"","overlay-gradient":""},"mobile":{"background-color":"var(--ast-global-color-5)","background-image":"","background-repeat":"repeat","background-position":"center center","background-size":"auto","background-attachment":"scroll","background-type":"","background-media":"","overlay-type":"","overlay-color":"","overlay-opacity":"","overlay-gradient":""}},"footnotes":""},"class_list":["post-27","page","type-page","status-publish","hentry"],"post_mailing_queue_ids":[],"_links":{"self":[{"href":"https:\/\/agora.xtec.cat\/cfa-santadriadebesos\/wp-json\/wp\/v2\/pages\/27","targetHints":{"allow":["GET"]}}],"collection":[{"href":"https:\/\/agora.xtec.cat\/cfa-santadriadebesos\/wp-json\/wp\/v2\/pages"}],"about":[{"href":"https:\/\/agora.xtec.cat\/cfa-santadriadebesos\/wp-json\/wp\/v2\/types\/page"}],"author":[{"embeddable":true,"href":"https:\/\/agora.xtec.cat\/cfa-santadriadebesos\/wp-json\/wp\/v2\/users\/1"}],"replies":[{"embeddable":true,"href":"https:\/\/agora.xtec.cat\/cfa-santadriadebesos\/wp-json\/wp\/v2\/comments?post=27"}],"version-history":[{"count":6,"href":"https:\/\/agora.xtec.cat\/cfa-santadriadebesos\/wp-json\/wp\/v2\/pages\/27\/revisions"}],"predecessor-version":[{"id":2699,"href":"https:\/\/agora.xtec.cat\/cfa-santadriadebesos\/wp-json\/wp\/v2\/pages\/27\/revisions\/2699"}],"up":[{"embeddable":true,"href":"https:\/\/agora.xtec.cat\/cfa-santadriadebesos\/wp-json\/wp\/v2\/pages\/261"}],"wp:attachment":[{"href":"https:\/\/agora.xtec.cat\/cfa-santadriadebesos\/wp-json\/wp\/v2\/media?parent=27"}],"curies":[{"name":"wp","href":"https:\/\/api.w.org\/{rel}","templated":true}]}}

<h1><strong>CFA Sant Adrià de Besòs</strong></h1>
<h2><strong>Una escola, dos edificis</strong></h2>
<p data-start="198" data-end="438">El curs 2019-2020 va començar amb la creació del <strong data-start="247" data-end="305">nou Centre de Formació d’Adults de Sant Adrià de Besòs</strong>, una proposta formativa <strong data-start="330" data-end="367">àmplia, cohesionada i de qualitat</strong>, pensada per donar resposta a les necessitats educatives de la ciutat.</p>
<p data-start="440" data-end="796">Aquest projecte neix de la voluntat de <strong data-start="479" data-end="527">millorar i optimitzar els recursos existents</strong> i de <strong data-start="533" data-end="592">respondre a les mancances detectades al llarg dels anys</strong> en l’oferta formativa de l’àrea. És fruit d’un <strong data-start="640" data-end="687">procés de reflexió i planificació compartit</strong> entre els equips directius dels dos centres d’origen: el <strong data-start="745" data-end="765">CFA Pla de Besòs</strong> i el <strong data-start="771" data-end="795">CFA Manuel Fernández</strong>.</p>
<p data-start="798" data-end="1049">No és un punt i a part, sinó una <strong data-start="831" data-end="856">continuïtat enriquida</strong>. Aquest nou centre recull l’experiència i els valors de més de <strong data-start="920" data-end="948">vint anys de trajectòria</strong> al servei de la formació d’adults a Sant Adrià, i els projecta cap al futur amb una mirada renovada.</p>
<p data-start="1051" data-end="1123">Ens trobareu als <strong data-start="1068" data-end="1089">mateixos edificis</strong> on hi havia els centres d’origen:</p>
<ul>
<li data-start="1051" data-end="1123">C/ Joan Fiveller, 11.</li>
</ul>
<p><a href="https://agora.xtec.cat/cfa-santadriadebesos/wp-content/uploads/usu1359/2025/06/WhatsApp-Image-2025-06-02-at-12.59.54.jpeg"><img loading="lazy" decoding="async" class=" wp-image-2658 alignleft" src="https://agora.xtec.cat/cfa-santadriadebesos/wp-content/uploads/usu1359/2025/06/WhatsApp-Image-2025-06-02-at-12.59.54-1024x768.jpeg" alt="" width="367" height="275" srcset="https://agora.xtec.cat/cfa-santadriadebesos/wp-content/uploads/usu1359/2025/06/WhatsApp-Image-2025-06-02-at-12.59.54-1024x768.jpeg 1024w, https://agora.xtec.cat/cfa-santadriadebesos/wp-content/uploads/usu1359/2025/06/WhatsApp-Image-2025-06-02-at-12.59.54-300x225.jpeg 300w, https://agora.xtec.cat/cfa-santadriadebesos/wp-content/uploads/usu1359/2025/06/WhatsApp-Image-2025-06-02-at-12.59.54-768x576.jpeg 768w, https://agora.xtec.cat/cfa-santadriadebesos/wp-content/uploads/usu1359/2025/06/WhatsApp-Image-2025-06-02-at-12.59.54-1536x1152.jpeg 1536w, https://agora.xtec.cat/cfa-santadriadebesos/wp-content/uploads/usu1359/2025/06/WhatsApp-Image-2025-06-02-at-12.59.54.jpeg 1600w" sizes="auto, (max-width: 367px) 100vw, 367px" /></a></p>
<p>&nbsp;</p>
<p>&nbsp;</p>
<p>&nbsp;</p>
<p>&nbsp;</p>
<p>&nbsp;</p>
<p>&nbsp;</p>
<ul>
<li data-start="1051" data-end="1123">C/ Frederica Montseny, 1.</li>
</ul>
<p><a href="https://agora.xtec.cat/cfa-santadriadebesos/wp-content/uploads/usu1359/2025/06/WhatsApp-Image-2025-06-02-at-13.05.17-scaled.jpeg"><img loading="lazy" decoding="async" class="wp-image-2660 alignleft" src="https://agora.xtec.cat/cfa-santadriadebesos/wp-content/uploads/usu1359/2025/06/WhatsApp-Image-2025-06-02-at-13.05.17-1024x768.jpeg" alt="" width="361" height="271" srcset="https://agora.xtec.cat/cfa-santadriadebesos/wp-content/uploads/usu1359/2025/06/WhatsApp-Image-2025-06-02-at-13.05.17-1024x768.jpeg 1024w, https://agora.xtec.cat/cfa-santadriadebesos/wp-content/uploads/usu1359/2025/06/WhatsApp-Image-2025-06-02-at-13.05.17-300x225.jpeg 300w, https://agora.xtec.cat/cfa-santadriadebesos/wp-content/uploads/usu1359/2025/06/WhatsApp-Image-2025-06-02-at-13.05.17-768x576.jpeg 768w, https://agora.xtec.cat/cfa-santadriadebesos/wp-content/uploads/usu1359/2025/06/WhatsApp-Image-2025-06-02-at-13.05.17-1536x1152.jpeg 1536w, https://agora.xtec.cat/cfa-santadriadebesos/wp-content/uploads/usu1359/2025/06/WhatsApp-Image-2025-06-02-at-13.05.17-2048x1536.jpeg 2048w" sizes="auto, (max-width: 361px) 100vw, 361px" /></a></p>
<p>&nbsp;</p>

<p>CFA Sant Adrià de Besòs Una escola, dos edificis El curs 2019-2020 va començar amb la creació del nou Centre de Formació d’Adults de Sant Adrià de Besòs, una proposta formativa àmplia, cohesionada i de qualitat, pensada per donar resposta a les necessitats educatives de la ciutat. Aquest projecte neix de la voluntat de millorar [&hellip;]</p>
