{"id":2653,"date":"2025-05-31T00:39:07","date_gmt":"2025-05-30T22:39:07","guid":{"rendered":"https:\/\/agora.xtec.cat\/cfa-santadriadebesos\/?page_id=2653"},"modified":"2025-05-31T00:39:30","modified_gmt":"2025-05-30T22:39:30","slug":"excursions-i-viatges","status":"publish","type":"page","link":"https:\/\/agora.xtec.cat\/cfa-santadriadebesos\/activitats\/excursions-i-viatges\/","title":{"rendered":"Excursions i viatges"},"content":{"rendered":"<p data-start=\"132\" data-end=\"413\"><a href=\"https:\/\/agora.xtec.cat\/cfa-santadriadebesos\/wp-content\/uploads\/usu1359\/2025\/05\/Captura-5.png\"><img loading=\"lazy\" decoding=\"async\" class=\"aligncenter size-full wp-image-2654\" src=\"https:\/\/agora.xtec.cat\/cfa-santadriadebesos\/wp-content\/uploads\/usu1359\/2025\/05\/Captura-5.png\" alt=\"\" width=\"1210\" height=\"590\" srcset=\"https:\/\/agora.xtec.cat\/cfa-santadriadebesos\/wp-content\/uploads\/usu1359\/2025\/05\/Captura-5.png 1210w, https:\/\/agora.xtec.cat\/cfa-santadriadebesos\/wp-content\/uploads\/usu1359\/2025\/05\/Captura-5-300x146.png 300w, https:\/\/agora.xtec.cat\/cfa-santadriadebesos\/wp-content\/uploads\/usu1359\/2025\/05\/Captura-5-1024x499.png 1024w, https:\/\/agora.xtec.cat\/cfa-santadriadebesos\/wp-content\/uploads\/usu1359\/2025\/05\/Captura-5-768x374.png 768w\" sizes=\"auto, (max-width: 1210px) 100vw, 1210px\" \/><\/a><\/p>\n<p data-start=\"132\" data-end=\"413\">Al CFA Sant Adri\u00e0 de Bes\u00f2s organitzem sortides per con\u00e8ixer racons fascinants de Catalunya, com <strong>Cardona, Besal\u00fa, Figueres<\/strong> i molts altres llocs plens d\u2019hist\u00f2ria i cultura. \u00c9s una oportunitat perfecta per aprendre, practicar idiomes i compartir moments inoblidables amb companys i companyes.<\/p>\n<p data-start=\"415\" data-end=\"565\">A m\u00e9s, tamb\u00e9 hem organitzat viatges a destinacions d\u2019altres llocs com <strong>Fran\u00e7a o M\u00e0laga<\/strong>, per viure experi\u00e8ncies \u00faniques i ampliar els nostres horitzons.<\/p>\n<p data-start=\"567\" data-end=\"739\">No deixis passar l\u2019oportunitat d\u2019acompanyar-nos en aquestes aventures! Mant\u00e9n-te informat a les not\u00edcies i xarxes socials del centre per saber quan ser\u00e0 la pr\u00f2xima sortida.<\/p>\n","protected":false},"excerpt":{"rendered":"<p>Al CFA Sant Adri\u00e0 de Bes\u00f2s organitzem sortides per con\u00e8ixer racons fascinants de Catalunya, com Cardona, Besal\u00fa, Figueres i molts altres llocs plens d\u2019hist\u00f2ria i cultura. \u00c9s una oportunitat perfecta per aprendre, practicar idiomes i compartir moments inoblidables amb companys i companyes. A m\u00e9s, tamb\u00e9 hem organitzat viatges a destinacions d\u2019altres llocs com Fran\u00e7a o [&hellip;]<\/p>\n","protected":false},"author":1,"featured_media":0,"parent":2594,"menu_order":4,"comment_status":"closed","ping_status":"closed","template":"","meta":{"_bbp_topic_count":0,"_bbp_reply_count":0,"_bbp_total_topic_count":0,"_bbp_total_reply_count":0,"_bbp_voice_count":0,"_bbp_anonymous_reply_count":0,"_bbp_topic_count_hidden":0,"_bbp_reply_count_hidden":0,"_bbp_forum_subforum_count":0,"site-sidebar-layout":"default","site-content-layout":"","ast-site-content-layout":"default","site-content-style":"default","site-sidebar-style":"default","ast-global-header-display":"","ast-banner-title-visibility":"","ast-main-header-display":"","ast-hfb-above-header-display":"","ast-hfb-below-header-display":"","ast-hfb-mobile-header-display":"","site-post-title":"","ast-breadcrumbs-content":"","ast-featured-img":"","footer-sml-layout":"","theme-transparent-header-meta":"default","adv-header-id-meta":"","stick-header-meta":"","header-above-stick-meta":"","header-main-stick-meta":"","header-below-stick-meta":"","astra-migrate-meta-layouts":"set","ast-page-background-enabled":"default","ast-page-background-meta":{"desktop":{"background-color":"var(--ast-global-color-4)","background-image":"","background-repeat":"repeat","background-position":"center center","background-size":"auto","background-attachment":"scroll","background-type":"","background-media":"","overlay-type":"","overlay-color":"","overlay-opacity":"","overlay-gradient":""},"tablet":{"background-color":"","background-image":"","background-repeat":"repeat","background-position":"center center","background-size":"auto","background-attachment":"scroll","background-type":"","background-media":"","overlay-type":"","overlay-color":"","overlay-opacity":"","overlay-gradient":""},"mobile":{"background-color":"","background-image":"","background-repeat":"repeat","background-position":"center center","background-size":"auto","background-attachment":"scroll","background-type":"","background-media":"","overlay-type":"","overlay-color":"","overlay-opacity":"","overlay-gradient":""}},"ast-content-background-meta":{"desktop":{"background-color":"var(--ast-global-color-5)","background-image":"","background-repeat":"repeat","background-position":"center center","background-size":"auto","background-attachment":"scroll","background-type":"","background-media":"","overlay-type":"","overlay-color":"","overlay-opacity":"","overlay-gradient":""},"tablet":{"background-color":"var(--ast-global-color-5)","background-image":"","background-repeat":"repeat","background-position":"center center","background-size":"auto","background-attachment":"scroll","background-type":"","background-media":"","overlay-type":"","overlay-color":"","overlay-opacity":"","overlay-gradient":""},"mobile":{"background-color":"var(--ast-global-color-5)","background-image":"","background-repeat":"repeat","background-position":"center center","background-size":"auto","background-attachment":"scroll","background-type":"","background-media":"","overlay-type":"","overlay-color":"","overlay-opacity":"","overlay-gradient":""}},"footnotes":""},"class_list":["post-2653","page","type-page","status-publish","hentry"],"post_mailing_queue_ids":[],"_links":{"self":[{"href":"https:\/\/agora.xtec.cat\/cfa-santadriadebesos\/wp-json\/wp\/v2\/pages\/2653","targetHints":{"allow":["GET"]}}],"collection":[{"href":"https:\/\/agora.xtec.cat\/cfa-santadriadebesos\/wp-json\/wp\/v2\/pages"}],"about":[{"href":"https:\/\/agora.xtec.cat\/cfa-santadriadebesos\/wp-json\/wp\/v2\/types\/page"}],"author":[{"embeddable":true,"href":"https:\/\/agora.xtec.cat\/cfa-santadriadebesos\/wp-json\/wp\/v2\/users\/1"}],"replies":[{"embeddable":true,"href":"https:\/\/agora.xtec.cat\/cfa-santadriadebesos\/wp-json\/wp\/v2\/comments?post=2653"}],"version-history":[{"count":1,"href":"https:\/\/agora.xtec.cat\/cfa-santadriadebesos\/wp-json\/wp\/v2\/pages\/2653\/revisions"}],"predecessor-version":[{"id":2655,"href":"https:\/\/agora.xtec.cat\/cfa-santadriadebesos\/wp-json\/wp\/v2\/pages\/2653\/revisions\/2655"}],"up":[{"embeddable":true,"href":"https:\/\/agora.xtec.cat\/cfa-santadriadebesos\/wp-json\/wp\/v2\/pages\/2594"}],"wp:attachment":[{"href":"https:\/\/agora.xtec.cat\/cfa-santadriadebesos\/wp-json\/wp\/v2\/media?parent=2653"}],"curies":[{"name":"wp","href":"https:\/\/api.w.org\/{rel}","templated":true}]}}

<p data-start="132" data-end="413"><a href="https://agora.xtec.cat/cfa-santadriadebesos/wp-content/uploads/usu1359/2025/05/Captura-5.png"><img loading="lazy" decoding="async" class="aligncenter size-full wp-image-2654" src="https://agora.xtec.cat/cfa-santadriadebesos/wp-content/uploads/usu1359/2025/05/Captura-5.png" alt="" width="1210" height="590" srcset="https://agora.xtec.cat/cfa-santadriadebesos/wp-content/uploads/usu1359/2025/05/Captura-5.png 1210w, https://agora.xtec.cat/cfa-santadriadebesos/wp-content/uploads/usu1359/2025/05/Captura-5-300x146.png 300w, https://agora.xtec.cat/cfa-santadriadebesos/wp-content/uploads/usu1359/2025/05/Captura-5-1024x499.png 1024w, https://agora.xtec.cat/cfa-santadriadebesos/wp-content/uploads/usu1359/2025/05/Captura-5-768x374.png 768w" sizes="auto, (max-width: 1210px) 100vw, 1210px" /></a></p>
<p data-start="132" data-end="413">Al CFA Sant Adrià de Besòs organitzem sortides per conèixer racons fascinants de Catalunya, com <strong>Cardona, Besalú, Figueres</strong> i molts altres llocs plens d’història i cultura. És una oportunitat perfecta per aprendre, practicar idiomes i compartir moments inoblidables amb companys i companyes.</p>
<p data-start="415" data-end="565">A més, també hem organitzat viatges a destinacions d’altres llocs com <strong>França o Màlaga</strong>, per viure experiències úniques i ampliar els nostres horitzons.</p>
<p data-start="567" data-end="739">No deixis passar l’oportunitat d’acompanyar-nos en aquestes aventures! Mantén-te informat a les notícies i xarxes socials del centre per saber quan serà la pròxima sortida.</p>

<p>Al CFA Sant Adrià de Besòs organitzem sortides per conèixer racons fascinants de Catalunya, com Cardona, Besalú, Figueres i molts altres llocs plens d’història i cultura. És una oportunitat perfecta per aprendre, practicar idiomes i compartir moments inoblidables amb companys i companyes. A més, també hem organitzat viatges a destinacions d’altres llocs com França o [&hellip;]</p>
