{"id":265,"date":"2015-01-27T17:28:56","date_gmt":"2015-01-27T16:28:56","guid":{"rendered":"http:\/\/agora.xtec.cat\/cfa-santadriadebesos\/?page_id=265"},"modified":"2025-10-24T12:53:22","modified_gmt":"2025-10-24T10:53:22","slug":"organitzacio-interna","status":"publish","type":"page","link":"https:\/\/agora.xtec.cat\/cfa-santadriadebesos\/el-centre\/organitzacio-interna\/","title":{"rendered":"Organitzaci\u00f3 interna"},"content":{"rendered":"<p>El Claustre del Professorat de l\u2019escola est\u00e0 format per 17 docents.<\/p>\n<ul>\n<li><span style=\"color: #008080;\"><strong>Equip directiu<\/strong><\/span>\n<ul>\n<li><strong>Director:<\/strong> Jordi Ullod<\/li>\n<li><strong>Cap d&#8217;estudis:<\/strong> Enric Segal\u00e9s<\/li>\n<li><strong>Secretari:<\/strong> Pedro Crespo<\/li>\n<\/ul>\n<\/li>\n<\/ul>\n<ul>\n<li><span style=\"color: #008080;\"><strong>Orientaci\u00f3<\/strong><\/span>\n<ul>\n<li><strong>Orientadora:<\/strong> Anna Soldevila<\/li>\n<\/ul>\n<\/li>\n<\/ul>\n<ul>\n<li><span style=\"color: #008080;\"><strong>Coordinacions\u00a0<\/strong><\/span>\n<ul>\n<li><strong>Digital:\u00a0<\/strong>Ana Karla Rey<\/li>\n<li><strong>Riscos laborals: <\/strong>David Molins<\/li>\n<li><span style=\"font-weight: 400;\"><strong>Compet\u00e8ncies per a la societat de la informaci\u00f3:<\/strong> Marta Aguilar<\/span><\/li>\n<li><strong>Ensenyaments inicials i b\u00e0sics: <\/strong>Sandra G\u00f3mez<\/li>\n<li><strong>Formaci\u00f3 b\u00e0sica:<\/strong>V\u00edctor Valls<\/li>\n<li><strong>Proves d&#8217;acc\u00e9s: <\/strong>Xabier Ferrer<\/li>\n<li><strong>Llengua, interculturalitat i cohesi\u00f3: <\/strong>Anna Mar\u00edn<\/li>\n<\/ul>\n<\/li>\n<\/ul>\n<ul>\n<li><span style=\"color: #008080;\"><strong>Consell escolar<\/strong><\/span><\/li>\n<\/ul>\n<p style=\"padding-left: 40px;\">El Consell Escolar \u00e9s l\u2019\u00f2rgan de representaci\u00f3 dels diferents col\u00b7lectius de la comunitat educativa i de l\u2019administraci\u00f3.<\/p>\n<ul>\n<li><span style=\"color: #008080;\"><strong>PAS<\/strong><\/span>\n<ul>\n<li><strong>Administratives:<\/strong> In\u00e9s Gargallo Aloy i Ana Rubio P\u00e9rez<\/li>\n<\/ul>\n<\/li>\n<\/ul>\n","protected":false},"excerpt":{"rendered":"<p>El Claustre del Professorat de l\u2019escola est\u00e0 format per 17 docents. Equip directiu Director: Jordi Ullod Cap d&#8217;estudis: Enric Segal\u00e9s Secretari: Pedro Crespo Orientaci\u00f3 Orientadora: Anna Soldevila Coordinacions\u00a0 Digital:\u00a0Ana Karla Rey Riscos laborals: David Molins Compet\u00e8ncies per a la societat de la informaci\u00f3: Marta Aguilar Ensenyaments inicials i b\u00e0sics: Sandra G\u00f3mez Formaci\u00f3 b\u00e0sica:V\u00edctor Valls Proves [&hellip;]<\/p>\n","protected":false},"author":1,"featured_media":0,"parent":261,"menu_order":40,"comment_status":"closed","ping_status":"closed","template":"","meta":{"_bbp_topic_count":0,"_bbp_reply_count":0,"_bbp_total_topic_count":0,"_bbp_total_reply_count":0,"_bbp_voice_count":0,"_bbp_anonymous_reply_count":0,"_bbp_topic_count_hidden":0,"_bbp_reply_count_hidden":0,"_bbp_forum_subforum_count":0,"site-sidebar-layout":"default","site-content-layout":"","ast-site-content-layout":"default","site-content-style":"default","site-sidebar-style":"default","ast-global-header-display":"","ast-banner-title-visibility":"","ast-main-header-display":"","ast-hfb-above-header-display":"","ast-hfb-below-header-display":"","ast-hfb-mobile-header-display":"","site-post-title":"","ast-breadcrumbs-content":"","ast-featured-img":"","footer-sml-layout":"","theme-transparent-header-meta":"default","adv-header-id-meta":"","stick-header-meta":"","header-above-stick-meta":"","header-main-stick-meta":"","header-below-stick-meta":"","astra-migrate-meta-layouts":"set","ast-page-background-enabled":"default","ast-page-background-meta":{"desktop":{"background-color":"var(--ast-global-color-4)","background-image":"","background-repeat":"repeat","background-position":"center center","background-size":"auto","background-attachment":"scroll","background-type":"","background-media":"","overlay-type":"","overlay-color":"","overlay-opacity":"","overlay-gradient":""},"tablet":{"background-color":"","background-image":"","background-repeat":"repeat","background-position":"center center","background-size":"auto","background-attachment":"scroll","background-type":"","background-media":"","overlay-type":"","overlay-color":"","overlay-opacity":"","overlay-gradient":""},"mobile":{"background-color":"","background-image":"","background-repeat":"repeat","background-position":"center center","background-size":"auto","background-attachment":"scroll","background-type":"","background-media":"","overlay-type":"","overlay-color":"","overlay-opacity":"","overlay-gradient":""}},"ast-content-background-meta":{"desktop":{"background-color":"var(--ast-global-color-5)","background-image":"","background-repeat":"repeat","background-position":"center center","background-size":"auto","background-attachment":"scroll","background-type":"","background-media":"","overlay-type":"","overlay-color":"","overlay-opacity":"","overlay-gradient":""},"tablet":{"background-color":"var(--ast-global-color-5)","background-image":"","background-repeat":"repeat","background-position":"center center","background-size":"auto","background-attachment":"scroll","background-type":"","background-media":"","overlay-type":"","overlay-color":"","overlay-opacity":"","overlay-gradient":""},"mobile":{"background-color":"var(--ast-global-color-5)","background-image":"","background-repeat":"repeat","background-position":"center center","background-size":"auto","background-attachment":"scroll","background-type":"","background-media":"","overlay-type":"","overlay-color":"","overlay-opacity":"","overlay-gradient":""}},"footnotes":""},"class_list":["post-265","page","type-page","status-publish","hentry"],"post_mailing_queue_ids":[],"_links":{"self":[{"href":"https:\/\/agora.xtec.cat\/cfa-santadriadebesos\/wp-json\/wp\/v2\/pages\/265","targetHints":{"allow":["GET"]}}],"collection":[{"href":"https:\/\/agora.xtec.cat\/cfa-santadriadebesos\/wp-json\/wp\/v2\/pages"}],"about":[{"href":"https:\/\/agora.xtec.cat\/cfa-santadriadebesos\/wp-json\/wp\/v2\/types\/page"}],"author":[{"embeddable":true,"href":"https:\/\/agora.xtec.cat\/cfa-santadriadebesos\/wp-json\/wp\/v2\/users\/1"}],"replies":[{"embeddable":true,"href":"https:\/\/agora.xtec.cat\/cfa-santadriadebesos\/wp-json\/wp\/v2\/comments?post=265"}],"version-history":[{"count":7,"href":"https:\/\/agora.xtec.cat\/cfa-santadriadebesos\/wp-json\/wp\/v2\/pages\/265\/revisions"}],"predecessor-version":[{"id":2771,"href":"https:\/\/agora.xtec.cat\/cfa-santadriadebesos\/wp-json\/wp\/v2\/pages\/265\/revisions\/2771"}],"up":[{"embeddable":true,"href":"https:\/\/agora.xtec.cat\/cfa-santadriadebesos\/wp-json\/wp\/v2\/pages\/261"}],"wp:attachment":[{"href":"https:\/\/agora.xtec.cat\/cfa-santadriadebesos\/wp-json\/wp\/v2\/media?parent=265"}],"curies":[{"name":"wp","href":"https:\/\/api.w.org\/{rel}","templated":true}]}}