{"id":2620,"date":"2025-05-30T23:20:12","date_gmt":"2025-05-30T21:20:12","guid":{"rendered":"https:\/\/agora.xtec.cat\/cfa-santadriadebesos\/?page_id=2620"},"modified":"2025-05-31T00:14:32","modified_gmt":"2025-05-30T22:14:32","slug":"formacio-basica-i-educacio-secundaria","status":"publish","type":"page","link":"https:\/\/agora.xtec.cat\/cfa-santadriadebesos\/ensenyaments\/formacio-basica-i-educacio-secundaria\/","title":{"rendered":"Formaci\u00f3 b\u00e0sica i educaci\u00f3 secund\u00e0ria"},"content":{"rendered":"<p data-start=\"196\" data-end=\"337\">Al CFA Sant Adri\u00e0 de Bes\u00f2s t\u2019oferim dos itineraris formatius pensats per a persones adultes que volen reprendre o continuar els seus estudis:<\/p>\n<hr data-start=\"339\" data-end=\"342\" \/>\n<h3 data-start=\"344\" data-end=\"376\">\ud83e\uddee <a href=\"https:\/\/agora.xtec.cat\/cfa-santadriadebesos\/ensenyaments\/formacio-basica-i-educacio-secundaria\/formacio-instrumental\/\"><strong data-start=\"351\" data-end=\"376\">Formaci\u00f3 instrumental<\/strong><\/a><\/h3>\n<p data-start=\"378\" data-end=\"601\">Aquests ensenyaments estan pensats per a persones que <strong data-start=\"432\" data-end=\"499\">no han tingut acc\u00e9s o han passat poc temps pel sistema educatiu<\/strong> i volen adquirir les compet\u00e8ncies b\u00e0siques per al seu dia a dia i per poder accedir a altres estudis.<\/p>\n<hr data-start=\"874\" data-end=\"877\" \/>\n<h3 data-start=\"879\" data-end=\"950\">\ud83c\udf93 <a href=\"https:\/\/agora.xtec.cat\/cfa-santadriadebesos\/ensenyaments\/formacio-basica-i-educacio-secundaria\/graduat-en-educacio-secundaria-per-adults\/\"><strong data-start=\"886\" data-end=\"950\">Graduat en Educaci\u00f3 Secund\u00e0ria per a Persones Adultes (GESO)<\/strong><\/a><\/h3>\n<p data-start=\"952\" data-end=\"1083\">Aquesta formaci\u00f3 et permet obtenir el <strong data-start=\"990\" data-end=\"1041\">t\u00edtol oficial de Graduat en Educaci\u00f3 Secund\u00e0ria<\/strong>, equivalent al que s\u2019aconsegueix a l\u2019ESO.<\/p>\n<p data-start=\"1085\" data-end=\"1218\"><strong data-start=\"1085\" data-end=\"1106\">A qui va adre\u00e7at?<\/strong><br data-start=\"1106\" data-end=\"1109\" \/>A persones de <strong data-start=\"1123\" data-end=\"1140\">18 anys o m\u00e9s<\/strong> (o que els compleixin dins de l\u2019any en curs) que no disposin del t\u00edtol d\u2019ESO.<\/p>\n","protected":false},"excerpt":{"rendered":"<p>Al CFA Sant Adri\u00e0 de Bes\u00f2s t\u2019oferim dos itineraris formatius pensats per a persones adultes que volen reprendre o continuar els seus estudis: \ud83e\uddee Formaci\u00f3 instrumental Aquests ensenyaments estan pensats per a persones que no han tingut acc\u00e9s o han passat poc temps pel sistema educatiu i volen adquirir les compet\u00e8ncies b\u00e0siques per al seu [&hellip;]<\/p>\n","protected":false},"author":1,"featured_media":0,"parent":274,"menu_order":3,"comment_status":"closed","ping_status":"closed","template":"","meta":{"_bbp_topic_count":0,"_bbp_reply_count":0,"_bbp_total_topic_count":0,"_bbp_total_reply_count":0,"_bbp_voice_count":0,"_bbp_anonymous_reply_count":0,"_bbp_topic_count_hidden":0,"_bbp_reply_count_hidden":0,"_bbp_forum_subforum_count":0,"site-sidebar-layout":"default","site-content-layout":"","ast-site-content-layout":"default","site-content-style":"default","site-sidebar-style":"default","ast-global-header-display":"","ast-banner-title-visibility":"","ast-main-header-display":"","ast-hfb-above-header-display":"","ast-hfb-below-header-display":"","ast-hfb-mobile-header-display":"","site-post-title":"","ast-breadcrumbs-content":"","ast-featured-img":"","footer-sml-layout":"","theme-transparent-header-meta":"default","adv-header-id-meta":"","stick-header-meta":"","header-above-stick-meta":"","header-main-stick-meta":"","header-below-stick-meta":"","astra-migrate-meta-layouts":"set","ast-page-background-enabled":"default","ast-page-background-meta":{"desktop":{"background-color":"var(--ast-global-color-4)","background-image":"","background-repeat":"repeat","background-position":"center center","background-size":"auto","background-attachment":"scroll","background-type":"","background-media":"","overlay-type":"","overlay-color":"","overlay-opacity":"","overlay-gradient":""},"tablet":{"background-color":"","background-image":"","background-repeat":"repeat","background-position":"center center","background-size":"auto","background-attachment":"scroll","background-type":"","background-media":"","overlay-type":"","overlay-color":"","overlay-opacity":"","overlay-gradient":""},"mobile":{"background-color":"","background-image":"","background-repeat":"repeat","background-position":"center center","background-size":"auto","background-attachment":"scroll","background-type":"","background-media":"","overlay-type":"","overlay-color":"","overlay-opacity":"","overlay-gradient":""}},"ast-content-background-meta":{"desktop":{"background-color":"var(--ast-global-color-5)","background-image":"","background-repeat":"repeat","background-position":"center center","background-size":"auto","background-attachment":"scroll","background-type":"","background-media":"","overlay-type":"","overlay-color":"","overlay-opacity":"","overlay-gradient":""},"tablet":{"background-color":"var(--ast-global-color-5)","background-image":"","background-repeat":"repeat","background-position":"center center","background-size":"auto","background-attachment":"scroll","background-type":"","background-media":"","overlay-type":"","overlay-color":"","overlay-opacity":"","overlay-gradient":""},"mobile":{"background-color":"var(--ast-global-color-5)","background-image":"","background-repeat":"repeat","background-position":"center center","background-size":"auto","background-attachment":"scroll","background-type":"","background-media":"","overlay-type":"","overlay-color":"","overlay-opacity":"","overlay-gradient":""}},"footnotes":""},"class_list":["post-2620","page","type-page","status-publish","hentry"],"post_mailing_queue_ids":[],"_links":{"self":[{"href":"https:\/\/agora.xtec.cat\/cfa-santadriadebesos\/wp-json\/wp\/v2\/pages\/2620","targetHints":{"allow":["GET"]}}],"collection":[{"href":"https:\/\/agora.xtec.cat\/cfa-santadriadebesos\/wp-json\/wp\/v2\/pages"}],"about":[{"href":"https:\/\/agora.xtec.cat\/cfa-santadriadebesos\/wp-json\/wp\/v2\/types\/page"}],"author":[{"embeddable":true,"href":"https:\/\/agora.xtec.cat\/cfa-santadriadebesos\/wp-json\/wp\/v2\/users\/1"}],"replies":[{"embeddable":true,"href":"https:\/\/agora.xtec.cat\/cfa-santadriadebesos\/wp-json\/wp\/v2\/comments?post=2620"}],"version-history":[{"count":2,"href":"https:\/\/agora.xtec.cat\/cfa-santadriadebesos\/wp-json\/wp\/v2\/pages\/2620\/revisions"}],"predecessor-version":[{"id":2645,"href":"https:\/\/agora.xtec.cat\/cfa-santadriadebesos\/wp-json\/wp\/v2\/pages\/2620\/revisions\/2645"}],"up":[{"embeddable":true,"href":"https:\/\/agora.xtec.cat\/cfa-santadriadebesos\/wp-json\/wp\/v2\/pages\/274"}],"wp:attachment":[{"href":"https:\/\/agora.xtec.cat\/cfa-santadriadebesos\/wp-json\/wp\/v2\/media?parent=2620"}],"curies":[{"name":"wp","href":"https:\/\/api.w.org\/{rel}","templated":true}]}}

Formació bàsica i educació secundària

<p data-start="196" data-end="337">Al CFA Sant Adrià de Besòs t’oferim dos itineraris formatius pensats per a persones adultes que volen reprendre o continuar els seus estudis:</p>
<hr data-start="339" data-end="342" />
<h3 data-start="344" data-end="376">🧮 <a href="https://agora.xtec.cat/cfa-santadriadebesos/ensenyaments/formacio-basica-i-educacio-secundaria/formacio-instrumental/"><strong data-start="351" data-end="376">Formació instrumental</strong></a></h3>
<p data-start="378" data-end="601">Aquests ensenyaments estan pensats per a persones que <strong data-start="432" data-end="499">no han tingut accés o han passat poc temps pel sistema educatiu</strong> i volen adquirir les competències bàsiques per al seu dia a dia i per poder accedir a altres estudis.</p>
<hr data-start="874" data-end="877" />
<h3 data-start="879" data-end="950">🎓 <a href="https://agora.xtec.cat/cfa-santadriadebesos/ensenyaments/formacio-basica-i-educacio-secundaria/graduat-en-educacio-secundaria-per-adults/"><strong data-start="886" data-end="950">Graduat en Educació Secundària per a Persones Adultes (GESO)</strong></a></h3>
<p data-start="952" data-end="1083">Aquesta formació et permet obtenir el <strong data-start="990" data-end="1041">títol oficial de Graduat en Educació Secundària</strong>, equivalent al que s’aconsegueix a l’ESO.</p>
<p data-start="1085" data-end="1218"><strong data-start="1085" data-end="1106">A qui va adreçat?</strong><br data-start="1106" data-end="1109" />A persones de <strong data-start="1123" data-end="1140">18 anys o més</strong> (o que els compleixin dins de l’any en curs) que no disposin del títol d’ESO.</p>

<p>Al CFA Sant Adrià de Besòs t’oferim dos itineraris formatius pensats per a persones adultes que volen reprendre o continuar els seus estudis: 🧮 Formació instrumental Aquests ensenyaments estan pensats per a persones que no han tingut accés o han passat poc temps pel sistema educatiu i volen adquirir les competències bàsiques per al seu [&hellip;]</p>
