{"id":2608,"date":"2025-05-30T23:04:07","date_gmt":"2025-05-30T21:04:07","guid":{"rendered":"https:\/\/agora.xtec.cat\/cfa-santadriadebesos\/?page_id=2608"},"modified":"2025-09-02T21:23:48","modified_gmt":"2025-09-02T19:23:48","slug":"preinscripcio-i-matricula","status":"publish","type":"page","link":"https:\/\/agora.xtec.cat\/cfa-santadriadebesos\/preinscripcio-i-matricula\/","title":{"rendered":"Preinscripci\u00f3 i matr\u00edcula 2025\/26"},"content":{"rendered":"<h3 data-start=\"127\" data-end=\"198\"><span style=\"color: #993366;\">Si ja ets alumne\/a d&#8217;un ensenyament i vols continuar aquest nou curs:<\/span><\/h3>\n<p data-start=\"200\" data-end=\"338\">A partir de\u00a0<strong data-start=\"260\" data-end=\"285\">dimarts, 2 de setembre<\/strong>, podr\u00e0s trucar-nos o venir presencialment per\u00a0<strong>confirmar la teva matr\u00edcula. <a href=\"https:\/\/docs.google.com\/document\/d\/1c0K8Tc_gEGpzukAk7YwXNvRsEIwO9ycRlM6EsvaNK3A\/edit?usp=sharing\">Informaci\u00f3 sobre el pagament de materials.<\/a><\/strong><\/p>\n<hr data-start=\"436\" data-end=\"439\" \/>\n<h3 data-start=\"441\" data-end=\"510\"><span style=\"color: #993366;\">Si ets un nou alumne\/a i vas fer la preinscripci\u00f3 al juny:<\/span><\/h3>\n<p data-start=\"776\" data-end=\"897\">Si has obtingut pla\u00e7a, haur\u00e0s de\u00a0<strong data-start=\"811\" data-end=\"839\">formalitzar la matr\u00edcula<\/strong>\u00a0del\u00a0<strong data-start=\"844\" data-end=\"866\">2 al 9 de setembre<\/strong>, presencialment o per tel\u00e8fon. <strong><a href=\"https:\/\/docs.google.com\/document\/d\/1c0K8Tc_gEGpzukAk7YwXNvRsEIwO9ycRlM6EsvaNK3A\/edit?usp=sharing\">Informaci\u00f3 sobre el pagament de materials.<\/a><\/strong><\/p>\n<h3 data-start=\"441\" data-end=\"510\"><span style=\"color: #993366;\">Si no vas fer preinscripci\u00f3 al setembre o est\u00e0s en llista d&#8217;espera<\/span><\/h3>\n<p>A partir del\u00a0<strong>2\u00a0de setembre<\/strong>\u00a0de 2025 podr\u00e0s contactar amb el centre per matricular-te de tots aquells ensenyaments on quedin places disponibles. Recorda que la nostra matr\u00edcula est\u00e0 oberta durant el curs!<\/p>\n<hr data-start=\"899\" data-end=\"902\" \/>\n<h2 data-start=\"904\" data-end=\"963\">\ud83c\udf93<span style=\"color: #993366;\">\u00a0<strong data-start=\"907\" data-end=\"935\">Inici del curs 2025-2026<\/strong>:\u00a0<strong data-start=\"937\" data-end=\"963\">22 de setembre de 2025<\/strong><\/span><\/h2>\n<h3 data-start=\"127\" data-end=\"198\"><\/h3>\n","protected":false},"excerpt":{"rendered":"<p>Si ja ets alumne\/a d&#8217;un ensenyament i vols continuar aquest nou curs: A partir de\u00a0dimarts, 2 de setembre, podr\u00e0s trucar-nos o venir presencialment per\u00a0confirmar la teva matr\u00edcula. Informaci\u00f3 sobre el pagament de materials. Si ets un nou alumne\/a i vas fer la preinscripci\u00f3 al juny: Si has obtingut pla\u00e7a, haur\u00e0s de\u00a0formalitzar la matr\u00edcula\u00a0del\u00a02 al 9 [&hellip;]<\/p>\n","protected":false},"author":1,"featured_media":0,"parent":0,"menu_order":4,"comment_status":"closed","ping_status":"closed","template":"","meta":{"_bbp_topic_count":0,"_bbp_reply_count":0,"_bbp_total_topic_count":0,"_bbp_total_reply_count":0,"_bbp_voice_count":0,"_bbp_anonymous_reply_count":0,"_bbp_topic_count_hidden":0,"_bbp_reply_count_hidden":0,"_bbp_forum_subforum_count":0,"site-sidebar-layout":"default","site-content-layout":"","ast-site-content-layout":"default","site-content-style":"default","site-sidebar-style":"default","ast-global-header-display":"","ast-banner-title-visibility":"","ast-main-header-display":"","ast-hfb-above-header-display":"","ast-hfb-below-header-display":"","ast-hfb-mobile-header-display":"","site-post-title":"","ast-breadcrumbs-content":"","ast-featured-img":"","footer-sml-layout":"","theme-transparent-header-meta":"default","adv-header-id-meta":"","stick-header-meta":"","header-above-stick-meta":"","header-main-stick-meta":"","header-below-stick-meta":"","astra-migrate-meta-layouts":"set","ast-page-background-enabled":"default","ast-page-background-meta":{"desktop":{"background-color":"var(--ast-global-color-4)","background-image":"","background-repeat":"repeat","background-position":"center center","background-size":"auto","background-attachment":"scroll","background-type":"","background-media":"","overlay-type":"","overlay-color":"","overlay-opacity":"","overlay-gradient":""},"tablet":{"background-color":"","background-image":"","background-repeat":"repeat","background-position":"center center","background-size":"auto","background-attachment":"scroll","background-type":"","background-media":"","overlay-type":"","overlay-color":"","overlay-opacity":"","overlay-gradient":""},"mobile":{"background-color":"","background-image":"","background-repeat":"repeat","background-position":"center center","background-size":"auto","background-attachment":"scroll","background-type":"","background-media":"","overlay-type":"","overlay-color":"","overlay-opacity":"","overlay-gradient":""}},"ast-content-background-meta":{"desktop":{"background-color":"var(--ast-global-color-5)","background-image":"","background-repeat":"repeat","background-position":"center center","background-size":"auto","background-attachment":"scroll","background-type":"","background-media":"","overlay-type":"","overlay-color":"","overlay-opacity":"","overlay-gradient":""},"tablet":{"background-color":"var(--ast-global-color-5)","background-image":"","background-repeat":"repeat","background-position":"center center","background-size":"auto","background-attachment":"scroll","background-type":"","background-media":"","overlay-type":"","overlay-color":"","overlay-opacity":"","overlay-gradient":""},"mobile":{"background-color":"var(--ast-global-color-5)","background-image":"","background-repeat":"repeat","background-position":"center center","background-size":"auto","background-attachment":"scroll","background-type":"","background-media":"","overlay-type":"","overlay-color":"","overlay-opacity":"","overlay-gradient":""}},"footnotes":""},"class_list":["post-2608","page","type-page","status-publish","hentry"],"post_mailing_queue_ids":[],"_links":{"self":[{"href":"https:\/\/agora.xtec.cat\/cfa-santadriadebesos\/wp-json\/wp\/v2\/pages\/2608","targetHints":{"allow":["GET"]}}],"collection":[{"href":"https:\/\/agora.xtec.cat\/cfa-santadriadebesos\/wp-json\/wp\/v2\/pages"}],"about":[{"href":"https:\/\/agora.xtec.cat\/cfa-santadriadebesos\/wp-json\/wp\/v2\/types\/page"}],"author":[{"embeddable":true,"href":"https:\/\/agora.xtec.cat\/cfa-santadriadebesos\/wp-json\/wp\/v2\/users\/1"}],"replies":[{"embeddable":true,"href":"https:\/\/agora.xtec.cat\/cfa-santadriadebesos\/wp-json\/wp\/v2\/comments?post=2608"}],"version-history":[{"count":7,"href":"https:\/\/agora.xtec.cat\/cfa-santadriadebesos\/wp-json\/wp\/v2\/pages\/2608\/revisions"}],"predecessor-version":[{"id":2748,"href":"https:\/\/agora.xtec.cat\/cfa-santadriadebesos\/wp-json\/wp\/v2\/pages\/2608\/revisions\/2748"}],"wp:attachment":[{"href":"https:\/\/agora.xtec.cat\/cfa-santadriadebesos\/wp-json\/wp\/v2\/media?parent=2608"}],"curies":[{"name":"wp","href":"https:\/\/api.w.org\/{rel}","templated":true}]}}

Preinscripció i matrícula 2025/26

<h3 data-start="127" data-end="198"><span style="color: #993366;">Si ja ets alumne/a d&#8217;un ensenyament i vols continuar aquest nou curs:</span></h3>
<p data-start="200" data-end="338">A partir de <strong data-start="260" data-end="285">dimarts, 2 de setembre</strong>, podràs trucar-nos o venir presencialment per <strong>confirmar la teva matrícula. <a href="https://docs.google.com/document/d/1c0K8Tc_gEGpzukAk7YwXNvRsEIwO9ycRlM6EsvaNK3A/edit?usp=sharing">Informació sobre el pagament de materials.</a></strong></p>
<hr data-start="436" data-end="439" />
<h3 data-start="441" data-end="510"><span style="color: #993366;">Si ets un nou alumne/a i vas fer la preinscripció al juny:</span></h3>
<p data-start="776" data-end="897">Si has obtingut plaça, hauràs de <strong data-start="811" data-end="839">formalitzar la matrícula</strong> del <strong data-start="844" data-end="866">2 al 9 de setembre</strong>, presencialment o per telèfon. <strong><a href="https://docs.google.com/document/d/1c0K8Tc_gEGpzukAk7YwXNvRsEIwO9ycRlM6EsvaNK3A/edit?usp=sharing">Informació sobre el pagament de materials.</a></strong></p>
<h3 data-start="441" data-end="510"><span style="color: #993366;">Si no vas fer preinscripció al setembre o estàs en llista d&#8217;espera</span></h3>
<p>A partir del <strong>2 de setembre</strong> de 2025 podràs contactar amb el centre per matricular-te de tots aquells ensenyaments on quedin places disponibles. Recorda que la nostra matrícula està oberta durant el curs!</p>
<hr data-start="899" data-end="902" />
<h2 data-start="904" data-end="963">🎓<span style="color: #993366;"> <strong data-start="907" data-end="935">Inici del curs 2025-2026</strong>: <strong data-start="937" data-end="963">22 de setembre de 2025</strong></span></h2>
<h3 data-start="127" data-end="198"></h3>

<p>Si ja ets alumne/a d&#8217;un ensenyament i vols continuar aquest nou curs: A partir de dimarts, 2 de setembre, podràs trucar-nos o venir presencialment per confirmar la teva matrícula. Informació sobre el pagament de materials. Si ets un nou alumne/a i vas fer la preinscripció al juny: Si has obtingut plaça, hauràs de formalitzar la matrícula del 2 al 9 [&hellip;]</p>
