{"id":1147,"date":"2021-11-24T13:56:43","date_gmt":"2021-11-24T12:56:43","guid":{"rendered":"https:\/\/agora.xtec.cat\/cfa-santadriadebesos\/?page_id=1147"},"modified":"2025-10-24T13:50:11","modified_gmt":"2025-10-24T11:50:11","slug":"intercanvi-linguistic","status":"publish","type":"page","link":"https:\/\/agora.xtec.cat\/cfa-santadriadebesos\/activitats\/intercanvi-linguistic\/","title":{"rendered":"Grups de conversa"},"content":{"rendered":"<p data-start=\"94\" data-end=\"177\"><strong data-start=\"94\" data-end=\"177\">Vols practicar catal\u00e0, castell\u00e0 o angl\u00e8s d\u2019una manera divertida i en companyia?<br \/>\n<\/strong><\/p>\n<p data-start=\"94\" data-end=\"177\"><strong data-start=\"94\" data-end=\"177\">Cada divendres, <\/strong>t\u2019esperem a la seu del carrer Joan Fiveller, 11, per al nostre alumnat!<\/p>\n<p style=\"padding-left: 80px;\" data-start=\"94\" data-end=\"177\">-Catal\u00e0: <strong>09:00\u202fh &#8211; 10:00\u202fh<\/strong><\/p>\n<p style=\"padding-left: 80px;\" data-start=\"179\" data-end=\"320\">-Castell\u00e0: <strong>10:00\u202fh &#8211; 11:00\u202fh<\/strong><\/p>\n<p style=\"padding-left: 80px;\" data-start=\"179\" data-end=\"320\">-Angl\u00e8s: <strong>10:00\u202fh &#8211; 11:00\u202fh<\/strong><\/p>\n<p data-start=\"322\" data-end=\"591\">\u00c9s una oportunitat perfecta per posar en pr\u00e0ctica les teves habilitats comunicatives, con\u00e8ixer gent nova i aprendre en un ambient relaxat i amigable. Tant si ets principiant com si ja tens un nivell m\u00e9s avan\u00e7at, aqu\u00ed trobar\u00e0s un espai per compartir, aprendre i cr\u00e9ixer.<\/p>\n<p data-start=\"593\" data-end=\"749\">No t\u2019ho perdis! T\u2019hi esperem cada setmana per fer del catal\u00e0, el castell\u00e0 i l\u2019angl\u00e8s una experi\u00e8ncia viva i participativa. Vine a parlar, escoltar i gaudir!<\/p>\n<p data-start=\"593\" data-end=\"749\"><a href=\"https:\/\/agora.xtec.cat\/cfa-santadriadebesos\/wp-content\/uploads\/usu1359\/2025\/10\/IMG_1169-1-scaled.jpg\"><img loading=\"lazy\" decoding=\"async\" class=\"wp-image-2777 alignleft\" src=\"https:\/\/agora.xtec.cat\/cfa-santadriadebesos\/wp-content\/uploads\/usu1359\/2025\/10\/IMG_1169-1-768x1024.jpg\" alt=\"\" width=\"371\" height=\"494\" srcset=\"https:\/\/agora.xtec.cat\/cfa-santadriadebesos\/wp-content\/uploads\/usu1359\/2025\/10\/IMG_1169-1-768x1024.jpg 768w, https:\/\/agora.xtec.cat\/cfa-santadriadebesos\/wp-content\/uploads\/usu1359\/2025\/10\/IMG_1169-1-225x300.jpg 225w, https:\/\/agora.xtec.cat\/cfa-santadriadebesos\/wp-content\/uploads\/usu1359\/2025\/10\/IMG_1169-1-1152x1536.jpg 1152w, https:\/\/agora.xtec.cat\/cfa-santadriadebesos\/wp-content\/uploads\/usu1359\/2025\/10\/IMG_1169-1-1536x2048.jpg 1536w, https:\/\/agora.xtec.cat\/cfa-santadriadebesos\/wp-content\/uploads\/usu1359\/2025\/10\/IMG_1169-1-scaled.jpg 1920w\" sizes=\"auto, (max-width: 371px) 100vw, 371px\" \/><\/a> <a href=\"https:\/\/agora.xtec.cat\/cfa-santadriadebesos\/wp-content\/uploads\/usu1359\/2025\/10\/IMG_1170-1-scaled.jpg\"><img loading=\"lazy\" decoding=\"async\" class=\"wp-image-2778 alignright\" src=\"https:\/\/agora.xtec.cat\/cfa-santadriadebesos\/wp-content\/uploads\/usu1359\/2025\/10\/IMG_1170-1-768x1024.jpg\" alt=\"\" width=\"359\" height=\"479\" srcset=\"https:\/\/agora.xtec.cat\/cfa-santadriadebesos\/wp-content\/uploads\/usu1359\/2025\/10\/IMG_1170-1-768x1024.jpg 768w, https:\/\/agora.xtec.cat\/cfa-santadriadebesos\/wp-content\/uploads\/usu1359\/2025\/10\/IMG_1170-1-225x300.jpg 225w, https:\/\/agora.xtec.cat\/cfa-santadriadebesos\/wp-content\/uploads\/usu1359\/2025\/10\/IMG_1170-1-1152x1536.jpg 1152w, https:\/\/agora.xtec.cat\/cfa-santadriadebesos\/wp-content\/uploads\/usu1359\/2025\/10\/IMG_1170-1-1536x2048.jpg 1536w, https:\/\/agora.xtec.cat\/cfa-santadriadebesos\/wp-content\/uploads\/usu1359\/2025\/10\/IMG_1170-1-scaled.jpg 1920w\" sizes=\"auto, (max-width: 359px) 100vw, 359px\" \/><\/a><\/p>\n","protected":false},"excerpt":{"rendered":"<p>Vols practicar catal\u00e0, castell\u00e0 o angl\u00e8s d\u2019una manera divertida i en companyia? Cada divendres, t\u2019esperem a la seu del carrer Joan Fiveller, 11, per al nostre alumnat! -Catal\u00e0: 09:00\u202fh &#8211; 10:00\u202fh -Castell\u00e0: 10:00\u202fh &#8211; 11:00\u202fh -Angl\u00e8s: 10:00\u202fh &#8211; 11:00\u202fh \u00c9s una oportunitat perfecta per posar en pr\u00e0ctica les teves habilitats comunicatives, con\u00e8ixer gent nova i [&hellip;]<\/p>\n","protected":false},"author":1,"featured_media":0,"parent":2594,"menu_order":0,"comment_status":"closed","ping_status":"closed","template":"","meta":{"_bbp_topic_count":0,"_bbp_reply_count":0,"_bbp_total_topic_count":0,"_bbp_total_reply_count":0,"_bbp_voice_count":0,"_bbp_anonymous_reply_count":0,"_bbp_topic_count_hidden":0,"_bbp_reply_count_hidden":0,"_bbp_forum_subforum_count":0,"site-sidebar-layout":"default","site-content-layout":"","ast-site-content-layout":"default","site-content-style":"default","site-sidebar-style":"default","ast-global-header-display":"","ast-banner-title-visibility":"","ast-main-header-display":"","ast-hfb-above-header-display":"","ast-hfb-below-header-display":"","ast-hfb-mobile-header-display":"","site-post-title":"","ast-breadcrumbs-content":"","ast-featured-img":"","footer-sml-layout":"","theme-transparent-header-meta":"default","adv-header-id-meta":"","stick-header-meta":"","header-above-stick-meta":"","header-main-stick-meta":"","header-below-stick-meta":"","astra-migrate-meta-layouts":"set","ast-page-background-enabled":"default","ast-page-background-meta":{"desktop":{"background-color":"var(--ast-global-color-4)","background-image":"","background-repeat":"repeat","background-position":"center center","background-size":"auto","background-attachment":"scroll","background-type":"","background-media":"","overlay-type":"","overlay-color":"","overlay-opacity":"","overlay-gradient":""},"tablet":{"background-color":"","background-image":"","background-repeat":"repeat","background-position":"center center","background-size":"auto","background-attachment":"scroll","background-type":"","background-media":"","overlay-type":"","overlay-color":"","overlay-opacity":"","overlay-gradient":""},"mobile":{"background-color":"","background-image":"","background-repeat":"repeat","background-position":"center center","background-size":"auto","background-attachment":"scroll","background-type":"","background-media":"","overlay-type":"","overlay-color":"","overlay-opacity":"","overlay-gradient":""}},"ast-content-background-meta":{"desktop":{"background-color":"var(--ast-global-color-5)","background-image":"","background-repeat":"repeat","background-position":"center center","background-size":"auto","background-attachment":"scroll","background-type":"","background-media":"","overlay-type":"","overlay-color":"","overlay-opacity":"","overlay-gradient":""},"tablet":{"background-color":"var(--ast-global-color-5)","background-image":"","background-repeat":"repeat","background-position":"center center","background-size":"auto","background-attachment":"scroll","background-type":"","background-media":"","overlay-type":"","overlay-color":"","overlay-opacity":"","overlay-gradient":""},"mobile":{"background-color":"var(--ast-global-color-5)","background-image":"","background-repeat":"repeat","background-position":"center center","background-size":"auto","background-attachment":"scroll","background-type":"","background-media":"","overlay-type":"","overlay-color":"","overlay-opacity":"","overlay-gradient":""}},"footnotes":""},"class_list":["post-1147","page","type-page","status-publish","hentry"],"post_mailing_queue_ids":[],"_links":{"self":[{"href":"https:\/\/agora.xtec.cat\/cfa-santadriadebesos\/wp-json\/wp\/v2\/pages\/1147","targetHints":{"allow":["GET"]}}],"collection":[{"href":"https:\/\/agora.xtec.cat\/cfa-santadriadebesos\/wp-json\/wp\/v2\/pages"}],"about":[{"href":"https:\/\/agora.xtec.cat\/cfa-santadriadebesos\/wp-json\/wp\/v2\/types\/page"}],"author":[{"embeddable":true,"href":"https:\/\/agora.xtec.cat\/cfa-santadriadebesos\/wp-json\/wp\/v2\/users\/1"}],"replies":[{"embeddable":true,"href":"https:\/\/agora.xtec.cat\/cfa-santadriadebesos\/wp-json\/wp\/v2\/comments?post=1147"}],"version-history":[{"count":6,"href":"https:\/\/agora.xtec.cat\/cfa-santadriadebesos\/wp-json\/wp\/v2\/pages\/1147\/revisions"}],"predecessor-version":[{"id":2781,"href":"https:\/\/agora.xtec.cat\/cfa-santadriadebesos\/wp-json\/wp\/v2\/pages\/1147\/revisions\/2781"}],"up":[{"embeddable":true,"href":"https:\/\/agora.xtec.cat\/cfa-santadriadebesos\/wp-json\/wp\/v2\/pages\/2594"}],"wp:attachment":[{"href":"https:\/\/agora.xtec.cat\/cfa-santadriadebesos\/wp-json\/wp\/v2\/media?parent=1147"}],"curies":[{"name":"wp","href":"https:\/\/api.w.org\/{rel}","templated":true}]}}

<p data-start="94" data-end="177"><strong data-start="94" data-end="177">Vols practicar català, castellà o anglès d’una manera divertida i en companyia?<br />
</strong></p>
<p data-start="94" data-end="177"><strong data-start="94" data-end="177">Cada divendres, </strong>t’esperem a la seu del carrer Joan Fiveller, 11, per al nostre alumnat!</p>
<p style="padding-left: 80px;" data-start="94" data-end="177">-Català: <strong>09:00 h &#8211; 10:00 h</strong></p>
<p style="padding-left: 80px;" data-start="179" data-end="320">-Castellà: <strong>10:00 h &#8211; 11:00 h</strong></p>
<p style="padding-left: 80px;" data-start="179" data-end="320">-Anglès: <strong>10:00 h &#8211; 11:00 h</strong></p>
<p data-start="322" data-end="591">És una oportunitat perfecta per posar en pràctica les teves habilitats comunicatives, conèixer gent nova i aprendre en un ambient relaxat i amigable. Tant si ets principiant com si ja tens un nivell més avançat, aquí trobaràs un espai per compartir, aprendre i créixer.</p>
<p data-start="593" data-end="749">No t’ho perdis! T’hi esperem cada setmana per fer del català, el castellà i l’anglès una experiència viva i participativa. Vine a parlar, escoltar i gaudir!</p>
<p data-start="593" data-end="749"><a href="https://agora.xtec.cat/cfa-santadriadebesos/wp-content/uploads/usu1359/2025/10/IMG_1169-1-scaled.jpg"><img loading="lazy" decoding="async" class="wp-image-2777 alignleft" src="https://agora.xtec.cat/cfa-santadriadebesos/wp-content/uploads/usu1359/2025/10/IMG_1169-1-768x1024.jpg" alt="" width="371" height="494" srcset="https://agora.xtec.cat/cfa-santadriadebesos/wp-content/uploads/usu1359/2025/10/IMG_1169-1-768x1024.jpg 768w, https://agora.xtec.cat/cfa-santadriadebesos/wp-content/uploads/usu1359/2025/10/IMG_1169-1-225x300.jpg 225w, https://agora.xtec.cat/cfa-santadriadebesos/wp-content/uploads/usu1359/2025/10/IMG_1169-1-1152x1536.jpg 1152w, https://agora.xtec.cat/cfa-santadriadebesos/wp-content/uploads/usu1359/2025/10/IMG_1169-1-1536x2048.jpg 1536w, https://agora.xtec.cat/cfa-santadriadebesos/wp-content/uploads/usu1359/2025/10/IMG_1169-1-scaled.jpg 1920w" sizes="auto, (max-width: 371px) 100vw, 371px" /></a> <a href="https://agora.xtec.cat/cfa-santadriadebesos/wp-content/uploads/usu1359/2025/10/IMG_1170-1-scaled.jpg"><img loading="lazy" decoding="async" class="wp-image-2778 alignright" src="https://agora.xtec.cat/cfa-santadriadebesos/wp-content/uploads/usu1359/2025/10/IMG_1170-1-768x1024.jpg" alt="" width="359" height="479" srcset="https://agora.xtec.cat/cfa-santadriadebesos/wp-content/uploads/usu1359/2025/10/IMG_1170-1-768x1024.jpg 768w, https://agora.xtec.cat/cfa-santadriadebesos/wp-content/uploads/usu1359/2025/10/IMG_1170-1-225x300.jpg 225w, https://agora.xtec.cat/cfa-santadriadebesos/wp-content/uploads/usu1359/2025/10/IMG_1170-1-1152x1536.jpg 1152w, https://agora.xtec.cat/cfa-santadriadebesos/wp-content/uploads/usu1359/2025/10/IMG_1170-1-1536x2048.jpg 1536w, https://agora.xtec.cat/cfa-santadriadebesos/wp-content/uploads/usu1359/2025/10/IMG_1170-1-scaled.jpg 1920w" sizes="auto, (max-width: 359px) 100vw, 359px" /></a></p>

<p>Vols practicar català, castellà o anglès d’una manera divertida i en companyia? Cada divendres, t’esperem a la seu del carrer Joan Fiveller, 11, per al nostre alumnat! -Català: 09:00 h &#8211; 10:00 h -Castellà: 10:00 h &#8211; 11:00 h -Anglès: 10:00 h &#8211; 11:00 h És una oportunitat perfecta per posar en pràctica les teves habilitats comunicatives, conèixer gent nova i [&hellip;]</p>
