{"id":1353,"date":"2023-06-04T10:47:01","date_gmt":"2023-06-04T08:47:01","guid":{"rendered":"https:\/\/agora.xtec.cat\/cfa-rusinyol-larocavalles\/?page_id=1353"},"modified":"2024-06-26T09:24:59","modified_gmt":"2024-06-26T07:24:59","slug":"diagnosi","status":"publish","type":"page","link":"https:\/\/agora.xtec.cat\/cfa-rusinyol-larocavalles\/diagnosi\/","title":{"rendered":"Diagnosi"},"content":{"rendered":"<p style=\"text-align: left;\">Les eines utilitzades per la diagnosis escollidades han estat: Selfie per avaluar el centre, Selfie for teachers per avaluar la compet\u00e8ncia digital del professorat, hem escollit aquestes dues eines per tenir els resultats en el marc de la DigComp.<\/p>\n<p style=\"text-align: left;\">En relaci\u00f3 als resultats del Selfie, cal dir que es van realitzar dues consultes diferenciades per a docents i alumnes d\u2019una banda i equip directiu de l\u2019altre. Alhora, es va diferenciar el selfie per als ensenyaments de prim\u00e0ria i de secund\u00e0ria. En relaci\u00f3 als primers, s\u2019observen uns percentatges de participaci\u00f3 del 100% de l\u2019equip directiu, un 83% de docents de prim\u00e0ria i un 25% de l\u2019alumnat. Pel que fa a secund\u00e0ria trobem una participaci\u00f3 del 100% de l\u2019equip directiu, un 100% dels docents i un 44% de l\u2019alumnat.<\/p>\n<p style=\"text-align: left;\">El \u00edtems del Pla Tac per estar relacionat amb el departament d\u2019ensenyament.<\/p>\n<p>La Diagnosi es va poder elaborar a partir del seg\u00fcent DAFO:<\/p>\n<p><a href=\"https:\/\/agora.xtec.cat\/cfa-rusinyol-larocavalles\/wp-content\/uploads\/usu441\/2024\/06\/DAFO-Diagnosi.png\"><img loading=\"lazy\" decoding=\"async\" class=\"aligncenter  wp-image-1469\" src=\"https:\/\/agora.xtec.cat\/cfa-rusinyol-larocavalles\/wp-content\/uploads\/usu441\/2024\/06\/DAFO-Diagnosi.png\" alt=\"\" width=\"402\" height=\"276\" srcset=\"https:\/\/agora.xtec.cat\/cfa-rusinyol-larocavalles\/wp-content\/uploads\/usu441\/2024\/06\/DAFO-Diagnosi.png 606w, https:\/\/agora.xtec.cat\/cfa-rusinyol-larocavalles\/wp-content\/uploads\/usu441\/2024\/06\/DAFO-Diagnosi-300x206.png 300w\" sizes=\"auto, (max-width: 402px) 100vw, 402px\" \/><\/a><\/p>\n","protected":false},"excerpt":{"rendered":"<p>Les eines utilitzades per la diagnosis escollidades han estat: Selfie per avaluar el centre, Selfie for teachers per avaluar la compet\u00e8ncia digital del professorat, hem escollit aquestes dues eines per tenir els resultats en el marc de la DigComp.<br \/>\nEn relaci\u00f3 als resultats del Selfie, cal&hellip;  <a href=\"https:\/\/agora.xtec.cat\/cfa-rusinyol-larocavalles\/diagnosi\/\" title=\"Read Diagnosi\">Llegeix m\u00e9s\u00bb<\/a><\/p>\n","protected":false},"author":1,"featured_media":0,"parent":0,"menu_order":0,"comment_status":"closed","ping_status":"closed","template":"","meta":{"_bbp_topic_count":0,"_bbp_reply_count":0,"_bbp_total_topic_count":0,"_bbp_total_reply_count":0,"_bbp_voice_count":0,"_bbp_anonymous_reply_count":0,"_bbp_topic_count_hidden":0,"_bbp_reply_count_hidden":0,"_bbp_forum_subforum_count":0,"footnotes":""},"class_list":["post-1353","page","type-page","status-publish","hentry"],"post_mailing_queue_ids":[],"_links":{"self":[{"href":"https:\/\/agora.xtec.cat\/cfa-rusinyol-larocavalles\/wp-json\/wp\/v2\/pages\/1353","targetHints":{"allow":["GET"]}}],"collection":[{"href":"https:\/\/agora.xtec.cat\/cfa-rusinyol-larocavalles\/wp-json\/wp\/v2\/pages"}],"about":[{"href":"https:\/\/agora.xtec.cat\/cfa-rusinyol-larocavalles\/wp-json\/wp\/v2\/types\/page"}],"author":[{"embeddable":true,"href":"https:\/\/agora.xtec.cat\/cfa-rusinyol-larocavalles\/wp-json\/wp\/v2\/users\/1"}],"replies":[{"embeddable":true,"href":"https:\/\/agora.xtec.cat\/cfa-rusinyol-larocavalles\/wp-json\/wp\/v2\/comments?post=1353"}],"version-history":[{"count":5,"href":"https:\/\/agora.xtec.cat\/cfa-rusinyol-larocavalles\/wp-json\/wp\/v2\/pages\/1353\/revisions"}],"predecessor-version":[{"id":1470,"href":"https:\/\/agora.xtec.cat\/cfa-rusinyol-larocavalles\/wp-json\/wp\/v2\/pages\/1353\/revisions\/1470"}],"wp:attachment":[{"href":"https:\/\/agora.xtec.cat\/cfa-rusinyol-larocavalles\/wp-json\/wp\/v2\/media?parent=1353"}],"curies":[{"name":"wp","href":"https:\/\/api.w.org\/{rel}","templated":true}]}}