{"id":1336,"date":"2023-06-04T10:12:36","date_gmt":"2023-06-04T08:12:36","guid":{"rendered":"https:\/\/agora.xtec.cat\/cfa-rusinyol-larocavalles\/?page_id=1336"},"modified":"2024-06-26T10:16:36","modified_gmt":"2024-06-26T08:16:36","slug":"estrategia-digital-de-centre","status":"publish","type":"page","link":"https:\/\/agora.xtec.cat\/cfa-rusinyol-larocavalles\/estrategia-digital-de-centre\/","title":{"rendered":"Estrat\u00e8gia Digital de Centre"},"content":{"rendered":"<p><strong>Qu\u00e8 \u00e9s l&#8217;Estrat\u00e8gia Digital de Centre?<\/strong><\/p>\n<p>Els canvis tecnol\u00f2gics es produeixen cada cop a un ritme m\u00e9s accelerat. Tecnologies digitals que apareixen i d\u2019altres que deixen de ser utilitzades. Els centres educatius no s\u00f3n aliens a aquest ritme. Ben al contrari, hi s\u00f3n immersos i no poden desvincular-se\u2019n. Les eines digitals permeten no sols tenir els estudiants com a receptors d\u2019aprenentatge sin\u00f3 incrementar exponencialment les possibilitats creatives. Per tant, les tecnologies digitals poden tenir un impacte favorable en l\u2019aprenentatge dels alumnes si s\u2019utilitzen de manera adequada, amb objectius clars i definits.<\/p>\n<p>L\u2019EDC defineix i concreta les l\u00ednies d\u2019actuaci\u00f3 d\u2019un centre que fan possible que <strong>docents, alumnat i centre assoleixin la compet\u00e8ncia digital<\/strong>. Per aconseguir aquesta compet\u00e8ncia digital, l\u2019EDC compr\u00e8n tots els \u00e0mbits del centre: organitzatius, metodol\u00f2gics, curriculars i comunicatius, els quals s\u2019han de veure necess\u00e0riament implicats i, si escau, transformats, des d\u2019una perspectiva d\u2019innovaci\u00f3 i de millora cont\u00ednua.<\/p>\n<p><strong>A qui afecta?<\/strong><\/p>\n<p>Ens afecta a tots els membres de la comunitat educativa: docents, alumnat i centre.<\/p>\n<p><strong>Qui la duu a terme?<\/strong><\/p>\n<p>Est\u00e0 liderada per l&#8217;equip de direcci\u00f3, s&#8217;elabora des de la Comissi\u00f3 digital i s&#8217;implementa per tot el professorat.<\/p>\n<p><strong>Com s&#8217;estructura?<\/strong><\/p>\n<p>Es divideix en dues parts:<\/p>\n<ul>\n<li>Estrat\u00e8gia<\/li>\n<\/ul>\n<p>\u00c9s la planificaci\u00f3 que fem per a aconseguir els objectius. Consta de quatre fases: la diagnosi, els objectius, la planificaci\u00f3 i l&#8217;avaluaci\u00f3.<\/p>\n<ul>\n<li>Cultura Digital<\/li>\n<\/ul>\n<p>\u00c9s el conjunt d&#8217;accions, procediments, protocols i acords relacionats amb tots els \u00e0mbits digitals del centre.<\/p>\n<p>A continuaci\u00f3 podeu veure un petit <a href=\"https:\/\/www.canva.com\/design\/DAFmj7YVSDY\/3OwMFPqwn8HfsoaNGNRWoQ\/view?utm_content=DAFmj7YVSDY&amp;utm_campaign=designshare&amp;utm_medium=link&amp;utm_source=publishsharelink\">resum<\/a> de la nostra estrat\u00e8gia digital.<\/p>\n<p>&nbsp;<\/p>\n","protected":false},"excerpt":{"rendered":"<p>Qu\u00e8 \u00e9s l&#8217;Estrat\u00e8gia Digital de Centre?<br \/>\nEls canvis tecnol\u00f2gics es produeixen cada cop a un ritme m\u00e9s accelerat. Tecnologies digitals que apareixen i d\u2019altres que deixen de ser utilitzades. Els centres educatius no s\u00f3n aliens a aquest ritme. Ben al contrari, hi s\u00f3n immersos i no&hellip;  <a href=\"https:\/\/agora.xtec.cat\/cfa-rusinyol-larocavalles\/estrategia-digital-de-centre\/\" title=\"Read Estrat\u00e8gia Digital de Centre\">Llegeix m\u00e9s\u00bb<\/a><\/p>\n","protected":false},"author":1,"featured_media":0,"parent":0,"menu_order":0,"comment_status":"closed","ping_status":"closed","template":"page-templates\/side-menu.php","meta":{"_bbp_topic_count":0,"_bbp_reply_count":0,"_bbp_total_topic_count":0,"_bbp_total_reply_count":0,"_bbp_voice_count":0,"_bbp_anonymous_reply_count":0,"_bbp_topic_count_hidden":0,"_bbp_reply_count_hidden":0,"_bbp_forum_subforum_count":0,"footnotes":""},"class_list":["post-1336","page","type-page","status-publish","hentry"],"post_mailing_queue_ids":[],"_links":{"self":[{"href":"https:\/\/agora.xtec.cat\/cfa-rusinyol-larocavalles\/wp-json\/wp\/v2\/pages\/1336","targetHints":{"allow":["GET"]}}],"collection":[{"href":"https:\/\/agora.xtec.cat\/cfa-rusinyol-larocavalles\/wp-json\/wp\/v2\/pages"}],"about":[{"href":"https:\/\/agora.xtec.cat\/cfa-rusinyol-larocavalles\/wp-json\/wp\/v2\/types\/page"}],"author":[{"embeddable":true,"href":"https:\/\/agora.xtec.cat\/cfa-rusinyol-larocavalles\/wp-json\/wp\/v2\/users\/1"}],"replies":[{"embeddable":true,"href":"https:\/\/agora.xtec.cat\/cfa-rusinyol-larocavalles\/wp-json\/wp\/v2\/comments?post=1336"}],"version-history":[{"count":5,"href":"https:\/\/agora.xtec.cat\/cfa-rusinyol-larocavalles\/wp-json\/wp\/v2\/pages\/1336\/revisions"}],"predecessor-version":[{"id":1483,"href":"https:\/\/agora.xtec.cat\/cfa-rusinyol-larocavalles\/wp-json\/wp\/v2\/pages\/1336\/revisions\/1483"}],"wp:attachment":[{"href":"https:\/\/agora.xtec.cat\/cfa-rusinyol-larocavalles\/wp-json\/wp\/v2\/media?parent=1336"}],"curies":[{"name":"wp","href":"https:\/\/api.w.org\/{rel}","templated":true}]}}