{"id":1191,"date":"2022-03-09T14:51:25","date_gmt":"2022-03-09T13:51:25","guid":{"rendered":"https:\/\/agora.xtec.cat\/cfa-rusinyol-larocavalles\/?page_id=1191"},"modified":"2022-03-09T16:31:09","modified_gmt":"2022-03-09T15:31:09","slug":"maleta-viatgera","status":"publish","type":"page","link":"https:\/\/agora.xtec.cat\/cfa-rusinyol-larocavalles\/maleta-viatgera\/","title":{"rendered":"Maleta viatgera"},"content":{"rendered":"<p><span style=\"font-weight: 400;\">El projecte \u201cla Maleta Viatgera\u201d \u00e9s un projecte anual que busca poder despertar i augmentar l\u2019inter\u00e8s de l\u2019alumnat per la lectura i afavorir el gust per la lectura com alternativa d\u2019oci i com a recurs pel desenvolupament intel\u00b7lectual i cultural, a la vegada que es dona a con\u00e8ixer la biblioteca municipal i els seus recursos i activitats al nostre alumnat.<\/span><\/p>\n<p><span style=\"font-weight: 400;\">Aquesta activitat es realitza tres vegades cada curs (una al primer trimestre, una al segon trimestre i una al tercer trimestre). Cada una de les sessions es desenvolupa de la seg\u00fcent manera. Els mestres i les mestres duen a l\u2019aula una maleta amb llibres de la biblioteca (aquestes lectures provenen de la Biblioteca Municipal de Granollers i han estat escollides a partir dels interessos i el nivell lector de l\u2019alumnat). Al arribar a classe, expliquen qu\u00e8 \u00e9s el que es dur\u00e0 a terme i d\u2019on provenen els llibres, exposant aix\u00ed la funci\u00f3 de la biblioteca. A continuaci\u00f3, obren les maletes i deixen que l\u2019alumnat llegeixi els documents que m\u00e9s els hi interessen de manera lliure i al seu ritme.<\/span><\/p>\n<p>&nbsp;<\/p>\n<p><iframe loading=\"lazy\" src=\"\/\/www.youtube.com\/embed\/zz9i5mM38Lk\" width=\"560\" height=\"314\" allowfullscreen=\"allowfullscreen\"><\/iframe><\/p>\n","protected":false},"excerpt":{"rendered":"<p>El projecte \u201cla Maleta Viatgera\u201d \u00e9s un projecte anual que busca poder despertar i augmentar l\u2019inter\u00e8s de l\u2019alumnat per la lectura i afavorir el gust per la lectura com alternativa d\u2019oci i com a recurs pel desenvolupament intel\u00b7lectual i cultural, a la vegada que es&hellip;  <a href=\"https:\/\/agora.xtec.cat\/cfa-rusinyol-larocavalles\/maleta-viatgera\/\" title=\"Read Maleta viatgera\">Llegeix m\u00e9s\u00bb<\/a><\/p>\n","protected":false},"author":1,"featured_media":0,"parent":0,"menu_order":0,"comment_status":"closed","ping_status":"closed","template":"","meta":{"_bbp_topic_count":0,"_bbp_reply_count":0,"_bbp_total_topic_count":0,"_bbp_total_reply_count":0,"_bbp_voice_count":0,"_bbp_anonymous_reply_count":0,"_bbp_topic_count_hidden":0,"_bbp_reply_count_hidden":0,"_bbp_forum_subforum_count":0,"footnotes":""},"class_list":["post-1191","page","type-page","status-publish","hentry"],"post_mailing_queue_ids":[],"_links":{"self":[{"href":"https:\/\/agora.xtec.cat\/cfa-rusinyol-larocavalles\/wp-json\/wp\/v2\/pages\/1191","targetHints":{"allow":["GET"]}}],"collection":[{"href":"https:\/\/agora.xtec.cat\/cfa-rusinyol-larocavalles\/wp-json\/wp\/v2\/pages"}],"about":[{"href":"https:\/\/agora.xtec.cat\/cfa-rusinyol-larocavalles\/wp-json\/wp\/v2\/types\/page"}],"author":[{"embeddable":true,"href":"https:\/\/agora.xtec.cat\/cfa-rusinyol-larocavalles\/wp-json\/wp\/v2\/users\/1"}],"replies":[{"embeddable":true,"href":"https:\/\/agora.xtec.cat\/cfa-rusinyol-larocavalles\/wp-json\/wp\/v2\/comments?post=1191"}],"version-history":[{"count":3,"href":"https:\/\/agora.xtec.cat\/cfa-rusinyol-larocavalles\/wp-json\/wp\/v2\/pages\/1191\/revisions"}],"predecessor-version":[{"id":1215,"href":"https:\/\/agora.xtec.cat\/cfa-rusinyol-larocavalles\/wp-json\/wp\/v2\/pages\/1191\/revisions\/1215"}],"wp:attachment":[{"href":"https:\/\/agora.xtec.cat\/cfa-rusinyol-larocavalles\/wp-json\/wp\/v2\/media?parent=1191"}],"curies":[{"name":"wp","href":"https:\/\/api.w.org\/{rel}","templated":true}]}}