{"id":677,"date":"2020-02-17T23:01:43","date_gmt":"2020-02-17T22:01:43","guid":{"rendered":"https:\/\/agora.xtec.cat\/cfa-riberadebre\/?page_id=677"},"modified":"2022-07-06T13:04:50","modified_gmt":"2022-07-06T11:04:50","slug":"noticies-del-projecte-de-lart-de-parlar","status":"publish","type":"page","link":"https:\/\/agora.xtec.cat\/cfa-riberadebre\/lart-de-parlar\/noticies-del-projecte-de-lart-de-parlar\/","title":{"rendered":"Not\u00edcies del projecte de l&#8217;art de parlar"},"content":{"rendered":"<ul style=\"list-style-type: circle;\">\n<li><a href=\"https:\/\/agora.xtec.cat\/cfa-riberadebre\/general\/sessio-de-lart-de-parlar-amb-el-grup-dangles-1-curs-2021-2022\/\" target=\"_blank\" rel=\"noopener\">Sessi\u00f3 de l\u2019Art de Parlar amb el grup d\u2019Angl\u00e8s 1 (curs 2021\/2022)<\/a><\/li>\n<li><a href=\"https:\/\/agora.xtec.cat\/cfa-riberadebre\/general\/lart-de-parlar-sortida-al-mnac-angles-3-castella-2-i-ges-2\/\">L\u2019art de parlar: sortida al MNAC (Angl\u00e8s 3, Castell\u00e0 2 i GES 2)<\/a><\/li>\n<li><a href=\"https:\/\/agora.xtec.cat\/cfa-riberadebre\/general\/lart-de-parlar-intercanvi-formatiu-amb-el-cfa-josepa-massanes\/\" target=\"_blank\" rel=\"noopener\">L\u2019art de parlar \u2013 Intercanvi formatiu amb el CFA Josepa Massan\u00e9s<\/a><\/li>\n<li><a href=\"https:\/\/agora.xtec.cat\/cfa-riberadebre\/general\/sessio-de-lart-de-parlar-amb-el-grup-dangles-3-curs-21-22\/\" target=\"_blank\" rel=\"noopener\">Sessi\u00f3 de l\u2019art de parlar amb el grup d\u2019Angl\u00e8s 3 (Curs 21-22)<\/a><\/li>\n<li><a href=\"https:\/\/agora.xtec.cat\/cfa-riberadebre\/general\/2a-sessio-vts-art-de-parlar-curs-2021-2022\/\" target=\"_blank\" rel=\"noopener\">2\u00aa sessi\u00f3 VTS (Art de Parlar) Curs 2021-2022<\/a><\/li>\n<li><a href=\"https:\/\/agora.xtec.cat\/cfa-riberadebre\/general\/visita-mnac-lart-de-parlar\/\" target=\"_blank\" rel=\"noopener\">Visita MNAC \u2013 L\u2019art de parlar<\/a><\/li>\n<li><a href=\"https:\/\/agora.xtec.cat\/cfa-riberadebre\/general\/1a-sessio-vts-art-de-parlar-curs-2021-2022\/\" target=\"_blank\" rel=\"noopener\">1\u00aa sessi\u00f3 VTS (Art de Parlar) Curs 2021-2022<\/a><\/li>\n<li><a href=\"https:\/\/agora.xtec.cat\/cfa-riberadebre\/general\/el-projecte-lart-de-parlar-es-consolida-al-nostre-centre\/\">El projecte \u201cL\u2019Art de parlar\u201d es consolida al nostre centre (Curs 2020-2021)<\/a><\/li>\n<li><a href=\"https:\/\/agora.xtec.cat\/cfa-riberadebre\/general\/lart-de-parlar-activitats-daquest-curs-2020-2021\/\">L\u2019art de parlar: Activitats d\u2019aquest curs 2020-2021<\/a><\/li>\n<li><a href=\"https:\/\/agora.xtec.cat\/cfa-riberadebre\/general\/novetats-sobre-lart-de-parlar\/\">Aquest curs, el centre posar\u00e0 en pr\u00e0ctica el programa d&#8217;innovaci\u00f3 pedag\u00f2gica L&#8217;art de parlar amb els alumnes de castell\u00e0 2.<\/a><\/li>\n<li><a href=\"https:\/\/agora.xtec.cat\/cfa-riberadebre\/general\/el-centre-de-formacio-dadults-ribera-debre-utilitza-les-obres-dart-per-millorar-lexpressio-oral-dels-alumnes-a-traves-del-vts-visual-thinking-strategies\/\">El Centre de Formaci\u00f3 d\u2019Adults Ribera d\u2019Ebre utilitza les obres d\u2019art per millorar l\u2019expressi\u00f3 oral dels alumnes a trav\u00e9s del VTS (Visual Thinking Strategies).<\/a><\/li>\n<li><a href=\"https:\/\/agora.xtec.cat\/cfa-riberadebre\/general\/exposicio-de-treballs-de-lalumnat\/\" target=\"_blank\" rel=\"noopener noreferrer\">Exposici\u00f3 de treballs de l\u2019alumnat<\/a><\/li>\n<\/ul>\n","protected":false},"excerpt":{"rendered":"<ul style=\"list-style-type: circle;\">\n<li><a href=\"https:\/\/agora.xtec.cat\/cfa-riberadebre\/general\/sessio-de-lart-de-parlar-amb-el-grup-dangles-1-curs-2021-2022\/\" target=\"_blank\" rel=\"noopener\">Sessi\u00f3 de l\u2019Art de Parlar amb el grup d\u2019Angl\u00e8s 1 (curs 2021\/2022)<\/a><\/li>\n<li><a href=\"https:\/\/agora.xtec.cat\/cfa-riberadebre\/general\/lart-de-parlar-sortida-al-mnac-angles-3-castella-2-i-ges-2\/\">L\u2019art de parlar: sortida al MNAC (Angl\u00e8s 3, Castell\u00e0 2 i GES 2)<\/a><\/li>\n<li><a href=\"https:\/\/agora.xtec.cat\/cfa-riberadebre\/general\/lart-de-parlar-intercanvi-formatiu-amb-el-cfa-josepa-massanes\/\" target=\"_blank\" rel=\"noopener\">L\u2019art de parlar \u2013 Intercanvi formatiu amb el CFA Josepa Massan\u00e9s<\/a><\/li>\n<li><a href=\"https:\/\/agora.xtec.cat\/cfa-riberadebre\/general\/sessio-de-lart-de-parlar-amb-el-grup-dangles-3-curs-21-22\/\" target=\"_blank\"&hellip;  <a href=\"https:\/\/agora.xtec.cat\/cfa-riberadebre\/lart-de-parlar\/noticies-del-projecte-de-lart-de-parlar\/\" title=\"Read Not\u00edcies del projecte de l&#8217;art de parlar\">Llegeix m\u00e9s\u00bb<\/a><br \/>\n","protected":false},"author":1,"featured_media":0,"parent":634,"menu_order":0,"comment_status":"closed","ping_status":"closed","template":"","meta":{"_bbp_topic_count":0,"_bbp_reply_count":0,"_bbp_total_topic_count":0,"_bbp_total_reply_count":0,"_bbp_voice_count":0,"_bbp_anonymous_reply_count":0,"_bbp_topic_count_hidden":0,"_bbp_reply_count_hidden":0,"_bbp_forum_subforum_count":0,"footnotes":""},"class_list":["post-677","page","type-page","status-publish","hentry"],"post_mailing_queue_ids":[],"_links":{"self":[{"href":"https:\/\/agora.xtec.cat\/cfa-riberadebre\/wp-json\/wp\/v2\/pages\/677","targetHints":{"allow":["GET"]}}],"collection":[{"href":"https:\/\/agora.xtec.cat\/cfa-riberadebre\/wp-json\/wp\/v2\/pages"}],"about":[{"href":"https:\/\/agora.xtec.cat\/cfa-riberadebre\/wp-json\/wp\/v2\/types\/page"}],"author":[{"embeddable":true,"href":"https:\/\/agora.xtec.cat\/cfa-riberadebre\/wp-json\/wp\/v2\/users\/1"}],"replies":[{"embeddable":true,"href":"https:\/\/agora.xtec.cat\/cfa-riberadebre\/wp-json\/wp\/v2\/comments?post=677"}],"version-history":[{"count":3,"href":"https:\/\/agora.xtec.cat\/cfa-riberadebre\/wp-json\/wp\/v2\/pages\/677\/revisions"}],"predecessor-version":[{"id":1495,"href":"https:\/\/agora.xtec.cat\/cfa-riberadebre\/wp-json\/wp\/v2\/pages\/677\/revisions\/1495"}],"up":[{"embeddable":true,"href":"https:\/\/agora.xtec.cat\/cfa-riberadebre\/wp-json\/wp\/v2\/pages\/634"}],"wp:attachment":[{"href":"https:\/\/agora.xtec.cat\/cfa-riberadebre\/wp-json\/wp\/v2\/media?parent=677"}],"curies":[{"name":"wp","href":"https:\/\/api.w.org\/{rel}","templated":true}]}}