{"id":316,"date":"2015-01-28T11:33:51","date_gmt":"2015-01-28T10:33:51","guid":{"rendered":"http:\/\/agora.xtec.cat\/cfa-riberadebre\/?page_id=316"},"modified":"2022-07-06T14:33:35","modified_gmt":"2022-07-06T12:33:35","slug":"competencia-digital-competic","status":"publish","type":"page","link":"https:\/\/agora.xtec.cat\/cfa-riberadebre\/ensenyaments\/ensenyaments-transprofessionals\/competencia-digital-competic\/","title":{"rendered":"Inform\u00e0tica (COMPETIC)"},"content":{"rendered":"<p class=\"wsite-content-title\"><span style=\"font-size: medium;\"><span style=\"color: #000000;\">Els ensenyaments d&#8217;inform\u00e0tica tenen com objectiu facilitar l&#8217;adquisici\u00f3 de la compet\u00e8ncia digital, entesa com la combinaci\u00f3 de coneixements, habilitats i actituds en l&#8217;\u00e0mbit de les tecnologies de la informaci\u00f3 i la comunicaci\u00f3 (TIC) per desenvolupar-se en la societat actual. S&#8217;imparteixen en quatre nivells: COMPETIC Inicial, 1, 2 i 3 (el nivell 3 s&#8217;ofereix en la modalitat semipresencial).<\/span>\u00a0<\/span><\/p>\n<p><span style=\"font-size: medium;\"><span style=\"text-decoration: underline;\">Competic Inicial<\/span>:\u00a0<span style=\"color: #000000;\">El nivell inicial d&#8217;inform\u00e0tica (COMPETIC inicial) s&#8217;adre\u00e7a a les persones adultes que volen assolir un domini b\u00e0sic de les tecnologies de la informaci\u00f3 i la comunicaci\u00f3 (TIC).<\/span> <\/span><\/p>\n<p><a href=\"https:\/\/triaeducativa.gencat.cat\/ca\/educacio-adults\/ofertats\/competic\/?p_id=4810&amp;estudi\" target=\"_blank\" rel=\"noopener noreferrer\">Enlla\u00e7 oficial del curs de COMPETIC INICIAL<\/a><\/p>\n<p><span style=\"font-size: medium;\"><a href=\"https:\/\/www.gencat.cat\/ensenyament\/eac\/pdf\/FANR____COMI_CA.pdf\" target=\"_blank\" rel=\"noopener noreferrer\">Fitxa de l&#8217;estudi de COMPETIC INICIAL (pdf)<\/a><br \/>\n<\/span><\/p>\n<p><span style=\"font-size: medium;\"><span style=\"text-decoration: underline;\">Competic 1, 2 i 3<\/span>:\u00a0<span style=\"color: #000000;\">Els diferents nivells usuari d&#8217;inform\u00e0tica (COMPETIC 1, 2 i 3) van adre\u00e7ats a persones que tenen uns coneixements b\u00e0sics del funcionament de l&#8217;ordinador, del tractament de textos, de l&#8217;\u00fas del correu electr\u00f2nic i de la cerca d&#8217;informaci\u00f3 per Internet, el civisme digital, full de c\u00e0lcul i tractament de la imatge i el so.<\/span><\/span><\/p>\n<p><strong>COMPETIC 1:<\/strong><\/p>\n<p><a href=\"https:\/\/triaeducativa.gencat.cat\/ca\/educacio-adults\/ofertats\/competic\/?p_id=4791&amp;estudi\" target=\"_blank\" rel=\"noopener noreferrer\">Enlla\u00e7 oficial del curs de COMPETIC 1<\/a><\/p>\n<p><a href=\"https:\/\/www.gencat.cat\/ensenyament\/eac\/pdf\/FANR____COM1_CA.pdf\">Fitxa de l&#8217;estudi de COMPETIC 1 (pdf)<\/a><\/p>\n<p><strong>COMPETIC 2:<\/strong><\/p>\n<p><a href=\"https:\/\/triaeducativa.gencat.cat\/ca\/educacio-adults\/ofertats\/competic\/?p_id=4811&amp;estudi\">Enlla\u00e7 oficial del curs de COMPETIC 2<\/a><\/p>\n<p><a href=\"https:\/\/www.gencat.cat\/ensenyament\/eac\/pdf\/FANR____COM2_CA.pdf\">Fitxa de l&#8217;estudi de COMPETIC 2 (pdf)<\/a><\/p>\n<p><strong>COMPETIC 3 (semipresencial):<\/strong><\/p>\n<p>Aquest curs s&#8217;imparteix de forma semipresencial. Aquesta modalitat contribueix a augmentar el grau d\u2019autonomia de l\u2019alumnat i millorar la conciliaci\u00f3 entre la vida laboral i l&#8217;assist\u00e8ncia presencial a classe. A m\u00e9s, s&#8217;adquireixen nous coneixements per tal de poder realitzar teletreball.<\/p>\n<p>La semipresencialitat es duu a terme de forma as\u00edncrona i consisteix en l\u2019assist\u00e8ncia presencial al centre un dia a la setmana (1,5h) i unes altres 1,5 hores setmanals de treball telem\u00e0tic des de casa, durant les quals l&#8217;alumnat fa servir l\u2019entorn virtual d\u2019aprenentatge Moodle per enviar les diferents tasques al professorat. El projecte final de cada compet\u00e8ncia s&#8217;elabora de forma presencial a l\u2019aula.<\/p>\n<p><a href=\"https:\/\/triaeducativa.gencat.cat\/ca\/educacio-adults\/ofertats\/competic\/?p_id=4812&amp;estudi\">Enlla\u00e7 oficial del curs de COMPETIC 3<\/a><\/p>\n<p><a href=\"https:\/\/www.gencat.cat\/ensenyament\/eac\/pdf\/FANR____COM3_CA.pdf\">Fitxa de l&#8217;estudi de COMPETIC 3 (pdf)<\/a><\/p>\n<p>&nbsp;<\/p>\n<p><img loading=\"lazy\" decoding=\"async\" class=\"aligncenter wp-image-1220 size-large\" src=\"https:\/\/agora.xtec.cat\/cfa-riberadebre\/wp-content\/uploads\/usu1996\/2021\/06\/Flyer-cursos-COMPETIC-488x1024.png\" alt=\"\" width=\"488\" height=\"1024\" srcset=\"https:\/\/agora.xtec.cat\/cfa-riberadebre\/wp-content\/uploads\/usu1996\/2021\/06\/Flyer-cursos-COMPETIC-488x1024.png 488w, https:\/\/agora.xtec.cat\/cfa-riberadebre\/wp-content\/uploads\/usu1996\/2021\/06\/Flyer-cursos-COMPETIC-143x300.png 143w, https:\/\/agora.xtec.cat\/cfa-riberadebre\/wp-content\/uploads\/usu1996\/2021\/06\/Flyer-cursos-COMPETIC-768x1613.png 768w, https:\/\/agora.xtec.cat\/cfa-riberadebre\/wp-content\/uploads\/usu1996\/2021\/06\/Flyer-cursos-COMPETIC.png 1181w\" sizes=\"auto, (max-width: 488px) 100vw, 488px\" \/><\/p>\n","protected":false},"excerpt":{"rendered":"<p>Els ensenyaments d&#8217;inform\u00e0tica tenen com objectiu facilitar l&#8217;adquisici\u00f3 de la compet\u00e8ncia digital, entesa com la combinaci\u00f3 de coneixements, habilitats i actituds en l&#8217;\u00e0mbit de les tecnologies de la informaci\u00f3 i la comunicaci\u00f3 (TIC) per desenvolupar-se en la societat actual. S&#8217;imparteixen en quatre nivells: COMPETIC Inicial,&hellip;  <a href=\"https:\/\/agora.xtec.cat\/cfa-riberadebre\/ensenyaments\/ensenyaments-transprofessionals\/competencia-digital-competic\/\" title=\"Read Inform\u00e0tica (COMPETIC)\">Llegeix m\u00e9s\u00bb<\/a><\/p>\n","protected":false},"author":1,"featured_media":0,"parent":286,"menu_order":0,"comment_status":"closed","ping_status":"closed","template":"page-templates\/side-menu.php","meta":{"_bbp_topic_count":0,"_bbp_reply_count":0,"_bbp_total_topic_count":0,"_bbp_total_reply_count":0,"_bbp_voice_count":0,"_bbp_anonymous_reply_count":0,"_bbp_topic_count_hidden":0,"_bbp_reply_count_hidden":0,"_bbp_forum_subforum_count":0,"footnotes":""},"class_list":["post-316","page","type-page","status-publish","hentry"],"post_mailing_queue_ids":[],"_links":{"self":[{"href":"https:\/\/agora.xtec.cat\/cfa-riberadebre\/wp-json\/wp\/v2\/pages\/316","targetHints":{"allow":["GET"]}}],"collection":[{"href":"https:\/\/agora.xtec.cat\/cfa-riberadebre\/wp-json\/wp\/v2\/pages"}],"about":[{"href":"https:\/\/agora.xtec.cat\/cfa-riberadebre\/wp-json\/wp\/v2\/types\/page"}],"author":[{"embeddable":true,"href":"https:\/\/agora.xtec.cat\/cfa-riberadebre\/wp-json\/wp\/v2\/users\/1"}],"replies":[{"embeddable":true,"href":"https:\/\/agora.xtec.cat\/cfa-riberadebre\/wp-json\/wp\/v2\/comments?post=316"}],"version-history":[{"count":4,"href":"https:\/\/agora.xtec.cat\/cfa-riberadebre\/wp-json\/wp\/v2\/pages\/316\/revisions"}],"predecessor-version":[{"id":1514,"href":"https:\/\/agora.xtec.cat\/cfa-riberadebre\/wp-json\/wp\/v2\/pages\/316\/revisions\/1514"}],"up":[{"embeddable":true,"href":"https:\/\/agora.xtec.cat\/cfa-riberadebre\/wp-json\/wp\/v2\/pages\/286"}],"wp:attachment":[{"href":"https:\/\/agora.xtec.cat\/cfa-riberadebre\/wp-json\/wp\/v2\/media?parent=316"}],"curies":[{"name":"wp","href":"https:\/\/api.w.org\/{rel}","templated":true}]}}