{"id":303,"date":"2015-01-28T11:23:05","date_gmt":"2015-01-28T10:23:05","guid":{"rendered":"http:\/\/agora.xtec.cat\/cfa-riberadebre\/?page_id=303"},"modified":"2021-05-30T09:42:51","modified_gmt":"2021-05-30T07:42:51","slug":"graduat-en-educacio-secundaria-per-adults","status":"publish","type":"page","link":"https:\/\/agora.xtec.cat\/cfa-riberadebre\/ensenyaments\/ensenyaments-inicials-i-formacio-basica\/graduat-en-educacio-secundaria-per-adults\/","title":{"rendered":"Graduat en educaci\u00f3 secund\u00e0ria per adults (GESO)"},"content":{"rendered":"<p class=\"wsite-content-title\"><u><\/u><span style=\"font-size: medium;\"><span style=\"color: #000000;\">Aquests estudis permeten completar els ensenyaments b\u00e0sics i obtenir el t\u00edtol de graduat o graduada en educaci\u00f3 secund\u00e0ria obligat\u00f2ria (GESO).<\/span><\/span><\/p>\n<p class=\"wsite-content-title\"><u><br \/>\n<\/u><span style=\"font-size: medium;\">Per a m\u00e9s informaci\u00f3, podeu consultar l&#8217;enlla\u00e7 oficial del curs del<a href=\"http:\/\/queestudiar.gencat.cat\/ca\/estudis\/adults\/estudis\/preparacio-proves-acces\/?p_id=284&amp;estudi\" target=\"_blank\" rel=\"noopener noreferrer\">\u00a0<\/a><u><a href=\"https:\/\/triaeducativa.gencat.cat\/ca\/educacio-adults\/ofertats\/geso\/?p_id=280&amp;estudi\" target=\"_blank\" rel=\"noopener noreferrer\">Departament D&#8217;Educaci\u00f3 de la Generalitat de Catalunya<\/a><\/u>. o descarregar-vos la <a href=\"https:\/\/www.gencat.cat\/ensenyament\/eac\/pdf\/APA_____ESO_CA.pdf\" target=\"_blank\" rel=\"noopener noreferrer\">Fitxa de l&#8217;estudi (pdf)<\/a><br \/>\n<\/span><\/p>\n<p><a href=\"https:\/\/agora.xtec.cat\/cfa-riberadebre\/wp-content\/uploads\/usu1996\/2019\/05\/infografia-ges-retallat_1_orig-1.jpg\"><img loading=\"lazy\" decoding=\"async\" class=\"size-full wp-image-472 aligncenter\" src=\"https:\/\/agora.xtec.cat\/cfa-riberadebre\/wp-content\/uploads\/usu1996\/2019\/05\/infografia-ges-retallat_1_orig-1.jpg\" alt=\"\" width=\"698\" height=\"800\" srcset=\"https:\/\/agora.xtec.cat\/cfa-riberadebre\/wp-content\/uploads\/usu1996\/2019\/05\/infografia-ges-retallat_1_orig-1.jpg 698w, https:\/\/agora.xtec.cat\/cfa-riberadebre\/wp-content\/uploads\/usu1996\/2019\/05\/infografia-ges-retallat_1_orig-1-262x300.jpg 262w\" sizes=\"auto, (max-width: 698px) 100vw, 698px\" \/><\/a><\/p>\n<p><span style=\"color: #2a2a2a; font-size: medium;\"><strong>Centre de suport del GES<\/strong><br \/>\n<\/span><br \/>\nEl CFA Ribera d&#8217;Ebre<span style=\"font-size: small;\">\u00a0\u00e9s un\u00a0<strong>Centre de Suport<\/strong> per a l&#8217;Educaci\u00f3 del GES a dist\u00e0ncia (a trav\u00e9s de l&#8217;IOC). Hi trobar\u00e0s la persona tutora que t\u00e9 la funci\u00f3 de punt de refer\u00e8ncia i d\u2019orientaci\u00f3. En acabar el trimestre, en el cas que hagis de realitzar les proves de validaci\u00f3 presencials, les realitzar\u00e0s al nostre centre, al CFA.<\/span><\/p>\n<p><span style=\"font-size: small;\">Aqu\u00ed teniu l&#8217;acc\u00e9s al Campus.<\/span>\u00a0<a href=\"http:\/\/ioc.xtec.cat\/campus\">http:\/\/ioc.xtec.cat\/campus\/<\/a><\/p>\n<p><span style=\"color: #2a2a2a;\"><br \/>\n<strong><span style=\"font-size: medium;\">IMPORTANT!<\/span><\/strong><\/span><\/p>\n<p><span style=\"font-size: small;\">L&#8217;IOC cobrar\u00e0 unes taxes al seu alumnat en concepte de material did\u00e0ctic i manteniment del campus virtual. Aquestes taxes s&#8217;hauran de pagar cada trimestre.<\/span><\/p>\n","protected":false},"excerpt":{"rendered":"<p>Aquests estudis permeten completar els ensenyaments b\u00e0sics i obtenir el t\u00edtol de graduat o graduada en educaci\u00f3 secund\u00e0ria obligat\u00f2ria (GESO).<\/p>\n<p>Per a m\u00e9s informaci\u00f3, podeu consultar l&#8217;enlla\u00e7 oficial del curs del<a href=\"http:\/\/queestudiar.gencat.cat\/ca\/estudis\/adults\/estudis\/preparacio-proves-acces\/?p_id=284&amp;estudi\" target=\"_blank\" rel=\"noopener noreferrer\">\u00a0<\/a><a href=\"https:\/\/triaeducativa.gencat.cat\/ca\/educacio-adults\/ofertats\/geso\/?p_id=280&amp;estudi\" target=\"_blank\" rel=\"noopener noreferrer\">Departament D&#8217;Educaci\u00f3 de la Generalitat de Catalunya<\/a>. o&hellip;  <a href=\"https:\/\/agora.xtec.cat\/cfa-riberadebre\/ensenyaments\/ensenyaments-inicials-i-formacio-basica\/graduat-en-educacio-secundaria-per-adults\/\" title=\"Read Graduat en educaci\u00f3 secund\u00e0ria per adults (GESO)\">Llegeix m\u00e9s\u00bb<\/a><\/p>\n","protected":false},"author":1,"featured_media":0,"parent":283,"menu_order":0,"comment_status":"closed","ping_status":"closed","template":"page-templates\/side-menu.php","meta":{"_bbp_topic_count":0,"_bbp_reply_count":0,"_bbp_total_topic_count":0,"_bbp_total_reply_count":0,"_bbp_voice_count":0,"_bbp_anonymous_reply_count":0,"_bbp_topic_count_hidden":0,"_bbp_reply_count_hidden":0,"_bbp_forum_subforum_count":0,"footnotes":""},"class_list":["post-303","page","type-page","status-publish","hentry"],"post_mailing_queue_ids":[],"_links":{"self":[{"href":"https:\/\/agora.xtec.cat\/cfa-riberadebre\/wp-json\/wp\/v2\/pages\/303","targetHints":{"allow":["GET"]}}],"collection":[{"href":"https:\/\/agora.xtec.cat\/cfa-riberadebre\/wp-json\/wp\/v2\/pages"}],"about":[{"href":"https:\/\/agora.xtec.cat\/cfa-riberadebre\/wp-json\/wp\/v2\/types\/page"}],"author":[{"embeddable":true,"href":"https:\/\/agora.xtec.cat\/cfa-riberadebre\/wp-json\/wp\/v2\/users\/1"}],"replies":[{"embeddable":true,"href":"https:\/\/agora.xtec.cat\/cfa-riberadebre\/wp-json\/wp\/v2\/comments?post=303"}],"version-history":[{"count":3,"href":"https:\/\/agora.xtec.cat\/cfa-riberadebre\/wp-json\/wp\/v2\/pages\/303\/revisions"}],"predecessor-version":[{"id":1168,"href":"https:\/\/agora.xtec.cat\/cfa-riberadebre\/wp-json\/wp\/v2\/pages\/303\/revisions\/1168"}],"up":[{"embeddable":true,"href":"https:\/\/agora.xtec.cat\/cfa-riberadebre\/wp-json\/wp\/v2\/pages\/283"}],"wp:attachment":[{"href":"https:\/\/agora.xtec.cat\/cfa-riberadebre\/wp-json\/wp\/v2\/media?parent=303"}],"curies":[{"name":"wp","href":"https:\/\/api.w.org\/{rel}","templated":true}]}}

Graduat en educació secundària per adults (GESO)

<p class="wsite-content-title"><u></u><span style="font-size: medium;"><span style="color: #000000;">Aquests estudis permeten completar els ensenyaments bàsics i obtenir el títol de graduat o graduada en educació secundària obligatòria (GESO).</span></span></p>
<p class="wsite-content-title"><u><br />
</u><span style="font-size: medium;">Per a més informació, podeu consultar l&#8217;enllaç oficial del curs del<a href="http://queestudiar.gencat.cat/ca/estudis/adults/estudis/preparacio-proves-acces/?p_id=284&amp;estudi" target="_blank" rel="noopener noreferrer"> </a><u><a href="https://triaeducativa.gencat.cat/ca/educacio-adults/ofertats/geso/?p_id=280&amp;estudi" target="_blank" rel="noopener noreferrer">Departament D&#8217;Educació de la Generalitat de Catalunya</a></u>. o descarregar-vos la <a href="https://www.gencat.cat/ensenyament/eac/pdf/APA_____ESO_CA.pdf" target="_blank" rel="noopener noreferrer">Fitxa de l&#8217;estudi (pdf)</a><br />
</span></p>
<p><a href="https://agora.xtec.cat/cfa-riberadebre/wp-content/uploads/usu1996/2019/05/infografia-ges-retallat_1_orig-1.jpg"><img loading="lazy" decoding="async" class="size-full wp-image-472 aligncenter" src="https://agora.xtec.cat/cfa-riberadebre/wp-content/uploads/usu1996/2019/05/infografia-ges-retallat_1_orig-1.jpg" alt="" width="698" height="800" srcset="https://agora.xtec.cat/cfa-riberadebre/wp-content/uploads/usu1996/2019/05/infografia-ges-retallat_1_orig-1.jpg 698w, https://agora.xtec.cat/cfa-riberadebre/wp-content/uploads/usu1996/2019/05/infografia-ges-retallat_1_orig-1-262x300.jpg 262w" sizes="auto, (max-width: 698px) 100vw, 698px" /></a></p>
<p><span style="color: #2a2a2a; font-size: medium;"><strong>Centre de suport del GES</strong><br />
</span><br />
El CFA Ribera d&#8217;Ebre<span style="font-size: small;"> és un <strong>Centre de Suport</strong> per a l&#8217;Educació del GES a distància (a través de l&#8217;IOC). Hi trobaràs la persona tutora que té la funció de punt de referència i d’orientació. En acabar el trimestre, en el cas que hagis de realitzar les proves de validació presencials, les realitzaràs al nostre centre, al CFA.</span></p>
<p><span style="font-size: small;">Aquí teniu l&#8217;accés al Campus.</span> <a href="http://ioc.xtec.cat/campus">http://ioc.xtec.cat/campus/</a></p>
<p><span style="color: #2a2a2a;"><br />
<strong><span style="font-size: medium;">IMPORTANT!</span></strong></span></p>
<p><span style="font-size: small;">L&#8217;IOC cobrarà unes taxes al seu alumnat en concepte de material didàctic i manteniment del campus virtual. Aquestes taxes s&#8217;hauran de pagar cada trimestre.</span></p>

<p>Aquests estudis permeten completar els ensenyaments bàsics i obtenir el títol de graduat o graduada en educació secundària obligatòria (GESO).</p>
<p>Per a més informació, podeu consultar l&#8217;enllaç oficial del curs del<a href="http://queestudiar.gencat.cat/ca/estudis/adults/estudis/preparacio-proves-acces/?p_id=284&amp;estudi" target="_blank" rel="noopener noreferrer"> </a><a href="https://triaeducativa.gencat.cat/ca/educacio-adults/ofertats/geso/?p_id=280&amp;estudi" target="_blank" rel="noopener noreferrer">Departament D&#8217;Educació de la Generalitat de Catalunya</a>. o&hellip;  <a href="https://agora.xtec.cat/cfa-riberadebre/ensenyaments/ensenyaments-inicials-i-formacio-basica/graduat-en-educacio-secundaria-per-adults/" title="Read Graduat en educació secundària per adults (GESO)">Llegeix més»</a></p>
