{"id":1543,"date":"2022-10-27T12:41:00","date_gmt":"2022-10-27T10:41:00","guid":{"rendered":"https:\/\/agora.xtec.cat\/cfa-riberadebre\/?page_id=1543"},"modified":"2025-12-15T14:04:43","modified_gmt":"2025-12-15T13:04:43","slug":"punt-dinformacio-i-orientacio-fpcat-pio","status":"publish","type":"page","link":"https:\/\/agora.xtec.cat\/cfa-riberadebre\/punt-dinformacio-i-orientacio-fpcat-pio\/","title":{"rendered":"Punt d&#8217;Informaci\u00f3 i Orientaci\u00f3 FPCAT (PIO)"},"content":{"rendered":"<p>El Centre de Formaci\u00f3 d&#8217;Adults Ribera d&#8217;Ebre som <strong>Punt d&#8217;Informaci\u00f3 i Orientaci\u00f3 FPCAT (PIO).<\/strong><\/p>\n<p>Si tens experi\u00e8ncia laboral i\/o formaci\u00f3 sense titulaci\u00f3 oficial, l\u2019acreditaci\u00f3 de compet\u00e8ncies \u00e9s una bona manera d\u2019aconseguir que aquest aprenentatge tingui reconeixement. Participar en aquest procediment et permetr\u00e0 demostrar all\u00f2 que saps fer i que has apr\u00e8s al llarg de la teva vida professional i obtenir una acreditaci\u00f3 oficial.<\/p>\n<p>La inscripci\u00f3 \u00e9s gratu\u00efta i est\u00e0 oberta durant tot l\u2019any.<\/p>\n<p>Pots consultar tota la informaci\u00f3 oficial sobre el procediment d\u2019acreditaci\u00f3 de compet\u00e8ncies al web\u00a0<a href=\"https:\/\/fp.gencat.cat\/ca\/acreditacio\/em-vull-acreditar\/index.html\">Em vull acreditar<\/a> de l\u2019Ag\u00e8ncia P\u00fablica de Formaci\u00f3 i Qualificaci\u00f3 Professionals de Catalunya.<\/p>\n<p>Com a Punt d\u2019Informaci\u00f3 i orientaci\u00f3 del servei d\u2019Acreditaci\u00f3 de compet\u00e8ncies professionals, et podem explicar els requisits i les fases del proc\u00e9s, aix\u00ed com oferir-te suport en la inscripci\u00f3 telem\u00e0tica. Pots contactar amb nosaltres de dilluns a divendres, de\u00a0 16.30 h a 19.30 h, trucant al <strong>977 40 27 79<\/strong> , enviant un correu electr\u00f2nic a <strong>info<span class=\"\">@cfaribera.ca<\/span>t<\/strong><\/p>\n<p><img loading=\"lazy\" decoding=\"async\" class=\"aligncenter size-full wp-image-1544\" src=\"https:\/\/agora.xtec.cat\/cfa-riberadebre\/wp-content\/uploads\/usu1996\/2022\/10\/logo-punt-orientador-fpcat.png\" alt=\"\" width=\"300\" height=\"306\" srcset=\"https:\/\/agora.xtec.cat\/cfa-riberadebre\/wp-content\/uploads\/usu1996\/2022\/10\/logo-punt-orientador-fpcat.png 300w, https:\/\/agora.xtec.cat\/cfa-riberadebre\/wp-content\/uploads\/usu1996\/2022\/10\/logo-punt-orientador-fpcat-294x300.png 294w\" sizes=\"auto, (max-width: 300px) 100vw, 300px\" \/><\/p>\n","protected":false},"excerpt":{"rendered":"<p>El Centre de Formaci\u00f3 d&#8217;Adults Ribera d&#8217;Ebre som Punt d&#8217;Informaci\u00f3 i Orientaci\u00f3 FPCAT (PIO).<br \/>\nSi tens experi\u00e8ncia laboral i\/o formaci\u00f3 sense titulaci\u00f3 oficial, l\u2019acreditaci\u00f3 de compet\u00e8ncies \u00e9s una bona manera d\u2019aconseguir que aquest aprenentatge tingui reconeixement. Participar en aquest procediment et permetr\u00e0 demostrar all\u00f2 que saps&hellip;  <a href=\"https:\/\/agora.xtec.cat\/cfa-riberadebre\/punt-dinformacio-i-orientacio-fpcat-pio\/\" title=\"Read Punt d&#8217;Informaci\u00f3 i Orientaci\u00f3 FPCAT (PIO)\">Llegeix m\u00e9s\u00bb<\/a><\/p>\n","protected":false},"author":1,"featured_media":0,"parent":0,"menu_order":0,"comment_status":"closed","ping_status":"closed","template":"","meta":{"_bbp_topic_count":0,"_bbp_reply_count":0,"_bbp_total_topic_count":0,"_bbp_total_reply_count":0,"_bbp_voice_count":0,"_bbp_anonymous_reply_count":0,"_bbp_topic_count_hidden":0,"_bbp_reply_count_hidden":0,"_bbp_forum_subforum_count":0,"footnotes":""},"class_list":["post-1543","page","type-page","status-publish","hentry"],"post_mailing_queue_ids":[],"_links":{"self":[{"href":"https:\/\/agora.xtec.cat\/cfa-riberadebre\/wp-json\/wp\/v2\/pages\/1543","targetHints":{"allow":["GET"]}}],"collection":[{"href":"https:\/\/agora.xtec.cat\/cfa-riberadebre\/wp-json\/wp\/v2\/pages"}],"about":[{"href":"https:\/\/agora.xtec.cat\/cfa-riberadebre\/wp-json\/wp\/v2\/types\/page"}],"author":[{"embeddable":true,"href":"https:\/\/agora.xtec.cat\/cfa-riberadebre\/wp-json\/wp\/v2\/users\/1"}],"replies":[{"embeddable":true,"href":"https:\/\/agora.xtec.cat\/cfa-riberadebre\/wp-json\/wp\/v2\/comments?post=1543"}],"version-history":[{"count":3,"href":"https:\/\/agora.xtec.cat\/cfa-riberadebre\/wp-json\/wp\/v2\/pages\/1543\/revisions"}],"predecessor-version":[{"id":2653,"href":"https:\/\/agora.xtec.cat\/cfa-riberadebre\/wp-json\/wp\/v2\/pages\/1543\/revisions\/2653"}],"wp:attachment":[{"href":"https:\/\/agora.xtec.cat\/cfa-riberadebre\/wp-json\/wp\/v2\/media?parent=1543"}],"curies":[{"name":"wp","href":"https:\/\/api.w.org\/{rel}","templated":true}]}}