{"id":9,"date":"2014-09-12T10:15:01","date_gmt":"2014-09-12T10:15:01","guid":{"rendered":"http:\/\/agora.xtec.cat\/cfa-ramonllull\/?page_id=9"},"modified":"2026-03-19T16:04:18","modified_gmt":"2026-03-19T15:04:18","slug":"pagina-dinici-buida","status":"publish","type":"page","link":"https:\/\/agora.xtec.cat\/cfa-ramonllull\/","title":{"rendered":"Inici"},"content":{"rendered":"<h1 style=\"text-align: center;\"><span style=\"text-decoration: underline;\">Horaris oferta formativa curs 2025-2026<\/span><\/h1>\n<p><a href=\"https:\/\/agora.xtec.cat\/cfa-ramonllull\/wp-content\/uploads\/usu46\/2024\/09\/Horaris-24-25.png\"><img loading=\"lazy\" decoding=\"async\" class=\"alignnone wp-image-2518\" src=\"https:\/\/agora.xtec.cat\/cfa-ramonllull\/wp-content\/uploads\/usu46\/2024\/09\/Horaris-24-25-300x300.png\" alt=\"\" width=\"1482\" height=\"1482\" srcset=\"https:\/\/agora.xtec.cat\/cfa-ramonllull\/wp-content\/uploads\/usu46\/2024\/09\/Horaris-24-25-300x300.png 300w, https:\/\/agora.xtec.cat\/cfa-ramonllull\/wp-content\/uploads\/usu46\/2024\/09\/Horaris-24-25-1024x1024.png 1024w, https:\/\/agora.xtec.cat\/cfa-ramonllull\/wp-content\/uploads\/usu46\/2024\/09\/Horaris-24-25-150x150.png 150w, https:\/\/agora.xtec.cat\/cfa-ramonllull\/wp-content\/uploads\/usu46\/2024\/09\/Horaris-24-25-768x768.png 768w, https:\/\/agora.xtec.cat\/cfa-ramonllull\/wp-content\/uploads\/usu46\/2024\/09\/Horaris-24-25.png 1080w\" sizes=\"auto, (max-width: 1482px) 100vw, 1482px\" \/><\/a><\/p>\n<ul>\n<li><a href=\"https:\/\/agora.xtec.cat\/cfa-ramonllull\/ensenyaments\/oferta-formativa\/\" target=\"_blank\" rel=\"noopener\">CONSULTA AQU\u00cd ELS HORARIS DE L&#8217;OFERTA FORMATIVA. CURS 2025-2026<\/a><\/li>\n<\/ul>\n<h1 style=\"text-align: center;\"><span style=\"text-decoration: underline;\">Oferta formativa curs 2025-2026<\/span><\/h1>\n<h1><a href=\"https:\/\/agora.xtec.cat\/cfa-ramonllull\/wp-content\/uploads\/usu46\/2025\/06\/Oferta-formativa-curs-2025-2026.jpg\"><img loading=\"lazy\" decoding=\"async\" class=\"alignnone wp-image-2644\" src=\"https:\/\/agora.xtec.cat\/cfa-ramonllull\/wp-content\/uploads\/usu46\/2025\/06\/Oferta-formativa-curs-2025-2026-300x300.jpg\" alt=\"\" width=\"1318\" height=\"1318\" srcset=\"https:\/\/agora.xtec.cat\/cfa-ramonllull\/wp-content\/uploads\/usu46\/2025\/06\/Oferta-formativa-curs-2025-2026-300x300.jpg 300w, https:\/\/agora.xtec.cat\/cfa-ramonllull\/wp-content\/uploads\/usu46\/2025\/06\/Oferta-formativa-curs-2025-2026-1024x1024.jpg 1024w, https:\/\/agora.xtec.cat\/cfa-ramonllull\/wp-content\/uploads\/usu46\/2025\/06\/Oferta-formativa-curs-2025-2026-150x150.jpg 150w, https:\/\/agora.xtec.cat\/cfa-ramonllull\/wp-content\/uploads\/usu46\/2025\/06\/Oferta-formativa-curs-2025-2026-768x768.jpg 768w, https:\/\/agora.xtec.cat\/cfa-ramonllull\/wp-content\/uploads\/usu46\/2025\/06\/Oferta-formativa-curs-2025-2026.jpg 1080w\" sizes=\"auto, (max-width: 1318px) 100vw, 1318px\" \/><\/a><\/h1>\n<h1 style=\"text-align: center;\"><span style=\"text-decoration: underline;\">Formaci\u00f3 en l&#8217;\u00e0mbit digital per a adults<\/span><\/h1>\n<h1 style=\"text-align: center;\"><span style=\"text-decoration: underline;\"> Aules de capacitaci\u00f3 digital<\/span><\/h1>\n<p style=\"text-align: justify;\">La r\u00e0pida transformaci\u00f3 digital de l&#8217;economia i la societat ha convertit les compet\u00e8ncies digitals en eines b\u00e0siques per poder aprofitar les oportunitats que ofereixen des del punt de vista econ\u00f2mic, social i ambiental.<\/p>\n<p style=\"text-align: justify;\">Per donar resposta a aquesta necessitat de formaci\u00f3 en compet\u00e8ncies digitals, el Departament d&#8217;Educaci\u00f3 i Formaci\u00f3 Professional ha creat una\u00a0<strong>xarxa de centres de capacitaci\u00f3 digital<\/strong>, formada per instituts de formaci\u00f3 professional i escoles d&#8217;adults d&#8217;arreu de Catalunya que ofereixen un total de <strong>cinc cursos<\/strong>, des del nivell m\u00e9s b\u00e0sic fins a l&#8217;\u00e0mbit professional. <strong>Aquests cursos s\u00f3n gratu\u00efts<\/strong> i en finalitzar-los s&#8217;obt\u00e9 una <strong>acreditaci\u00f3<\/strong> del curs realitzat.<\/p>\n<p style=\"text-align: justify;\">Al CFA Ramon Llull hem iniciat la formaci\u00f3 el curs 2024-25 impartint els tres primers cursos, de 15 hores cadascun. <strong>El curs 2025-26 continuarem amb les formacions de nivell\u00a0 3 i 4.<\/strong>\u00a0 Aquests cursos s\u00f3n independents de la formaci\u00f3 de COMPETIC que ja ofereix habitualment el nostre centre. <strong>Truca al tel\u00e8fon 937887949<\/strong> del CFA Ramon Llull per rebre informaci\u00f3 detallada d&#8217;aquesta formaci\u00f3.<\/p>\n<p style=\"text-align: justify;\"><strong>Curs 1: Descobrim el m\u00f3n digital<\/strong><\/p>\n<p style=\"text-align: justify;\">Adre\u00e7at a persones que fan un \u00fas espor\u00e0dic de les eines digitals: descobrim el m\u00f2bil, la primera trucada, qu\u00e8 hi ha alg\u00fa?, els meus contactes, instal\u00b7lar aplicacions, l&#8217;SMS, el WhatsApp i el poso al meu gust&#8230;<\/p>\n<p style=\"text-align: justify;\">Durada: 15 hores<\/p>\n<p style=\"text-align: justify;\"><strong>Curs 2: Ens movem pel m\u00f3n digital<\/strong><\/p>\n<p style=\"text-align: justify;\">Per a persones que utilitzen algunes eines digitals de forma regular, per\u00f2 que no s\u00f3n aut\u00f2nomes per donar-los nous usos: el meu primer correu, faig fotos i v\u00eddeos, la immensitat digital a Internet, compte amb la seguretat: vigilem el que fem i diem&#8230;<\/p>\n<p style=\"text-align: justify;\">Durada: 15 hores<\/p>\n<p style=\"text-align: justify;\"><strong>Curs 3: Ens endinsem en el m\u00f3n digital<\/strong><\/p>\n<p style=\"text-align: justify;\">Per a persones amb autonomia digital que volen aprofundir en les seves compet\u00e8ncies: com puc anar a&#8230;, tr\u00e0mits en l\u00ednia, comunicar-se amb l&#8217;atenci\u00f3 sanit\u00e0ria, relacionar-se amb l&#8217;Administraci\u00f3, tot a la butxaca, guardem i compartim, i relaxem-nos i gaudim&#8230;<\/p>\n<p>Durada: 15 hores<\/p>\n<p><strong>Curs 4: Digitalitzaci\u00f3 aplicada a l&#8217;entorn professional<\/strong><\/p>\n<p>Adre\u00e7at a persones amb compet\u00e8ncies digitals en l&#8217;\u00e0mbit personal que vulguin ampliar-les a l&#8217;entorn professional.<\/p>\n<p>Aquest curs consta de dos m\u00f2duls:<\/p>\n<ul>\n<li>Gesti\u00f3 de dispositius i dades mitjan\u00e7ant tecnologies habilitadores digitals.<\/li>\n<li>Gesti\u00f3 de continguts mitjan\u00e7ant tecnologies habilitadores digitals.<\/li>\n<\/ul>\n<p>Durada: 30 hores (2 m\u00f2duls formatius de 15 hores).<\/p>\n<p><strong>Informaci\u00f3 detallada<\/strong>: <a href=\"https:\/\/educacio.gencat.cat\/ca\/serveis-tramits\/formacio-digital\/\" target=\"_blank\" rel=\"noopener\">formaci\u00f3 en l&#8217;\u00e0mbit digital<\/a><\/p>\n<p style=\"text-align: center;\"><a href=\"https:\/\/agora.xtec.cat\/cfa-ramonllull\/wp-content\/uploads\/usu46\/2024\/12\/Aules-de-capacitacio-digital-1.png\"><img loading=\"lazy\" decoding=\"async\" class=\"wp-image-2542 alignleft\" src=\"https:\/\/agora.xtec.cat\/cfa-ramonllull\/wp-content\/uploads\/usu46\/2024\/12\/Aules-de-capacitacio-digital-1-300x300.png\" alt=\"\" width=\"1476\" height=\"1476\" srcset=\"https:\/\/agora.xtec.cat\/cfa-ramonllull\/wp-content\/uploads\/usu46\/2024\/12\/Aules-de-capacitacio-digital-1-300x300.png 300w, https:\/\/agora.xtec.cat\/cfa-ramonllull\/wp-content\/uploads\/usu46\/2024\/12\/Aules-de-capacitacio-digital-1-1024x1024.png 1024w, https:\/\/agora.xtec.cat\/cfa-ramonllull\/wp-content\/uploads\/usu46\/2024\/12\/Aules-de-capacitacio-digital-1-150x150.png 150w, https:\/\/agora.xtec.cat\/cfa-ramonllull\/wp-content\/uploads\/usu46\/2024\/12\/Aules-de-capacitacio-digital-1-768x768.png 768w, https:\/\/agora.xtec.cat\/cfa-ramonllull\/wp-content\/uploads\/usu46\/2024\/12\/Aules-de-capacitacio-digital-1.png 1080w\" sizes=\"auto, (max-width: 1476px) 100vw, 1476px\" \/><\/a><\/p>\n<h1><\/h1>\n<h1><\/h1>\n<h1><\/h1>\n<h1><\/h1>\n<h1><\/h1>\n<p>&nbsp;<\/p>\n<h1 style=\"text-align: center;\"><span style=\"text-decoration: underline;\">Matr\u00edcula viva curs 2025-2026<\/span><\/h1>\n<p><a href=\"https:\/\/agora.xtec.cat\/cfa-ramonllull\/wp-content\/uploads\/usu46\/2024\/09\/Matricula-viva.png\"><img loading=\"lazy\" decoding=\"async\" class=\"alignnone wp-image-2519\" src=\"https:\/\/agora.xtec.cat\/cfa-ramonllull\/wp-content\/uploads\/usu46\/2024\/09\/Matricula-viva-300x300.png\" alt=\"\" width=\"1480\" height=\"1480\" srcset=\"https:\/\/agora.xtec.cat\/cfa-ramonllull\/wp-content\/uploads\/usu46\/2024\/09\/Matricula-viva-300x300.png 300w, https:\/\/agora.xtec.cat\/cfa-ramonllull\/wp-content\/uploads\/usu46\/2024\/09\/Matricula-viva-1024x1024.png 1024w, https:\/\/agora.xtec.cat\/cfa-ramonllull\/wp-content\/uploads\/usu46\/2024\/09\/Matricula-viva-150x150.png 150w, https:\/\/agora.xtec.cat\/cfa-ramonllull\/wp-content\/uploads\/usu46\/2024\/09\/Matricula-viva-768x768.png 768w, https:\/\/agora.xtec.cat\/cfa-ramonllull\/wp-content\/uploads\/usu46\/2024\/09\/Matricula-viva.png 1080w\" sizes=\"auto, (max-width: 1480px) 100vw, 1480px\" \/><\/a><\/p>\n<ul style=\"list-style-type: circle;\">\n<li><a href=\"https:\/\/agora.xtec.cat\/cfa-ramonllull\/wp-content\/uploads\/usu46\/2026\/03\/Horari-atencio-alumnat.pdf\" target=\"_blank\" rel=\"noopener\">CONSULTA AQU\u00cd ELS HORARIS DE MATR\u00cdCULA VIVA DURANT EL CURS<\/a><\/li>\n<\/ul>\n<h1 style=\"text-align: center;\"><span style=\"text-decoration: underline;\"><a href=\"http:\/\/queestudiar.gencat.cat\/es\"><span style=\"color: #800080; text-decoration: underline;\">Per qu\u00e8 estudiar a l&#8217;escola de formaci\u00f3 de persones adultes?<\/span><\/a><\/span><\/h1>\n<h1 style=\"text-align: center;\"><iframe loading=\"lazy\" src=\"\/\/www.youtube.com\/embed\/ZZPO0qd-XsQ?t=15s\" width=\"560\" height=\"314\" allowfullscreen=\"allowfullscreen\"><\/iframe><\/h1>\n<h5 style=\"text-align: center;\"><\/h5>\n","protected":false},"excerpt":{"rendered":"<p>Horaris oferta formativa curs 2025-2026<br \/>\n<a href=\"https:\/\/agora.xtec.cat\/cfa-ramonllull\/wp-content\/uploads\/usu46\/2024\/09\/Horaris-24-25.png\"><\/a><\/p>\n<ul>\n<li><a href=\"https:\/\/agora.xtec.cat\/cfa-ramonllull\/ensenyaments\/oferta-formativa\/\" target=\"_blank\" rel=\"noopener\">CONSULTA AQU\u00cd ELS HORARIS DE L&#8217;OFERTA FORMATIVA. CURS 2025-2026<\/a><\/li>\n<\/ul>\n<p>Oferta formativa curs 2025-2026<br \/>\n<a href=\"https:\/\/agora.xtec.cat\/cfa-ramonllull\/wp-content\/uploads\/usu46\/2025\/06\/Oferta-formativa-curs-2025-2026.jpg\"><\/a><br \/>\nFormaci\u00f3 en l&#8217;\u00e0mbit digital per a adults<br \/>\n Aules de capacitaci\u00f3 digital<br \/>\nLa r\u00e0pida transformaci\u00f3 digital de l&#8217;economia i la societat ha convertit les compet\u00e8ncies digitals en&hellip;  <a href=\"https:\/\/agora.xtec.cat\/cfa-ramonllull\/\" title=\"Read Inici\">Llegeix m\u00e9s\u00bb<\/a><\/p>\n","protected":false},"author":1,"featured_media":0,"parent":7,"menu_order":0,"comment_status":"closed","ping_status":"closed","template":"page-templates\/front-page.php","meta":{"_bbp_topic_count":0,"_bbp_reply_count":0,"_bbp_total_topic_count":0,"_bbp_total_reply_count":0,"_bbp_voice_count":0,"_bbp_anonymous_reply_count":0,"_bbp_topic_count_hidden":0,"_bbp_reply_count_hidden":0,"_bbp_forum_subforum_count":0,"footnotes":""},"class_list":["post-9","page","type-page","status-publish","hentry"],"post_mailing_queue_ids":[],"_links":{"self":[{"href":"https:\/\/agora.xtec.cat\/cfa-ramonllull\/wp-json\/wp\/v2\/pages\/9","targetHints":{"allow":["GET"]}}],"collection":[{"href":"https:\/\/agora.xtec.cat\/cfa-ramonllull\/wp-json\/wp\/v2\/pages"}],"about":[{"href":"https:\/\/agora.xtec.cat\/cfa-ramonllull\/wp-json\/wp\/v2\/types\/page"}],"author":[{"embeddable":true,"href":"https:\/\/agora.xtec.cat\/cfa-ramonllull\/wp-json\/wp\/v2\/users\/1"}],"replies":[{"embeddable":true,"href":"https:\/\/agora.xtec.cat\/cfa-ramonllull\/wp-json\/wp\/v2\/comments?post=9"}],"version-history":[{"count":7,"href":"https:\/\/agora.xtec.cat\/cfa-ramonllull\/wp-json\/wp\/v2\/pages\/9\/revisions"}],"predecessor-version":[{"id":2746,"href":"https:\/\/agora.xtec.cat\/cfa-ramonllull\/wp-json\/wp\/v2\/pages\/9\/revisions\/2746"}],"up":[{"embeddable":true,"href":"https:\/\/agora.xtec.cat\/cfa-ramonllull\/wp-json\/wp\/v2\/pages\/7"}],"wp:attachment":[{"href":"https:\/\/agora.xtec.cat\/cfa-ramonllull\/wp-json\/wp\/v2\/media?parent=9"}],"curies":[{"name":"wp","href":"https:\/\/api.w.org\/{rel}","templated":true}]}}