{"id":448,"date":"2016-03-29T16:17:42","date_gmt":"2016-03-29T15:17:42","guid":{"rendered":"http:\/\/agora.xtec.cat\/cfa-ramonllull\/?page_id=448"},"modified":"2024-07-10T18:31:56","modified_gmt":"2024-07-10T16:31:56","slug":"plantejament-institucional-missio-visio-i-valors","status":"publish","type":"page","link":"https:\/\/agora.xtec.cat\/cfa-ramonllull\/el-centre\/plantejament-institucional-missio-visio-i-valors\/","title":{"rendered":"Missi\u00f3, Visi\u00f3 i Valors"},"content":{"rendered":"<p style=\"text-align: center;\"><a href=\"http:\/\/agora.xtec.cat\/cfa-ramonllull\/wp-content\/uploads\/usu46\/2016\/03\/Cartell_publicitari.jpg\"><img loading=\"lazy\" decoding=\"async\" class=\"alignnone size-full wp-image-970\" src=\"http:\/\/agora.xtec.cat\/cfa-ramonllull\/wp-content\/uploads\/usu46\/2016\/03\/Cartell_publicitari.jpg\" alt=\"cartell_publicitari\" width=\"466\" height=\"656\" srcset=\"https:\/\/agora.xtec.cat\/cfa-ramonllull\/wp-content\/uploads\/usu46\/2016\/03\/Cartell_publicitari.jpg 466w, https:\/\/agora.xtec.cat\/cfa-ramonllull\/wp-content\/uploads\/usu46\/2016\/03\/Cartell_publicitari-213x300.jpg 213w\" sizes=\"auto, (max-width: 466px) 100vw, 466px\" \/><\/a><\/p>\n<p><span style=\"text-decoration: underline;\"><strong><em>Missi\u00f3 <\/em><\/strong><\/span><\/p>\n<p>El CFA Ramon Llull t\u00e9 la missi\u00f3 de <strong>fomentar i potenciar la formaci\u00f3 de ciutadans i de ciutadanes<\/strong>, a partir dels 18 anys (i de 16 anys en casos degudament justificats), en la responsabilitat, la solidaritat, el respecte a l\u2019altre i l\u2019entorn, en les compet\u00e8ncies b\u00e0siques, en les habilitats socials i personals que, d\u2019una banda, els permetin incorporarse i\/o millorar la seva adaptaci\u00f3, segons els casos, a una societat multicultural i din\u00e0mica i, d&#8217;altra banda, integrar-se en un proc\u00e9s de formaci\u00f3 al llarg de tota la vida.<br \/>\nEl centre t\u00e9 com a prop\u00f2sits contribuir a la formaci\u00f3 global de la persona -acad\u00e8mica i humana-, tot adaptant les metodologies educatives a les particularitats individuals i aportant sentiment de llibertat, cr\u00edtica constuctiva i comprom\u00eds.<\/p>\n<p><span style=\"text-decoration: underline;\"><strong><em>Visi\u00f3 <\/em><\/strong><\/span><\/p>\n<p>El CFA Ramon Llull vol esdevenir un referent en la formaci\u00f3 de l&#8217;alumne adult i vol proporcionar al professorat un entorn de treball participatiu i motivador que faciliti la seva implicaci\u00f3 en el projecte educatiu i la gesti\u00f3 del centre.<\/p>\n<p><span style=\"text-decoration: underline;\">\u00c9s per aix\u00f2 que volem que el nostre alumnat:<\/span><\/p>\n<ul>\n<li>Respecti el <strong>pluralisme ideol\u00f2gic, cultural i religi\u00f3s<\/strong><\/li>\n<li>Adquireixi i\/o desenvolupi les compet\u00e8ncies b\u00e0siques necess\u00e0ries per <strong>progressar en la seva formaci\u00f3 acad\u00e8mica i la seva inserci\u00f3 i\/o millora laboral i social<\/strong><\/li>\n<li>Sigui capa\u00e7 d\u2019analitzar, raonar, comunicar i actuar amb efic\u00e0cia, de manera que pugui <strong>assumir nous reptes i integrar-se en un proc\u00e9s de formaci\u00f3 al llarg de la vida<\/strong><\/li>\n<li>Esdevingui <strong>competent en l\u2019\u00fas de les tecnologies<\/strong> de l\u2019era digital d\u2019una manera escaient, segura i respectuosa<\/li>\n<\/ul>\n<p><span style=\"text-decoration: underline;\"><strong><em>Valors<\/em><\/strong><\/span><\/p>\n<p><span style=\"text-decoration: underline;\">L\u2019educaci\u00f3 que oferim a la comunitat es recolza en:<\/span><\/p>\n<ul>\n<li><strong>Informaci\u00f3<\/strong>, orientaci\u00f3 i formaci\u00f3<\/li>\n<li>El <strong>pluralisme<\/strong> ideol\u00f2gic, cultural i religi\u00f3s<\/li>\n<li>La <strong>coeducaci\u00f3<\/strong><\/li>\n<li>L&#8217;<strong>autonomia<\/strong> formativa de l&#8217;alumne<\/li>\n<li>Atenci\u00f3 a la <strong>diversitat<\/strong><\/li>\n<li>El respecte i la confian\u00e7a en les persones com a principi per a la <strong>conviv\u00e8ncia<\/strong><\/li>\n<li>La resoluci\u00f3 de conflictes mitjan\u00e7ant el <strong>di\u00e0leg<\/strong><\/li>\n<li>L&#8217;aprenentatge de les lleng\u00fces com a eina b\u00e0sica de <strong>comunicaci\u00f3<\/strong> i formaci\u00f3 amb especial \u00e8mfasi sobre el coneixement i l\u2019\u00fas de la llengua catalana<\/li>\n<li>Una <strong>formaci\u00f3 integral<\/strong> de la personalitat de l\u2019alumnat<\/li>\n<li>El foment del<strong> treball col\u00b7laboratiu<\/strong> i en equip<\/li>\n<li>El di\u00e0leg, la comunicaci\u00f3 i la col\u00b7laboraci\u00f3 dels membres de la <strong>comunitat educativa<\/strong><\/li>\n<li>La conducta \u00e8tica i la <strong>transpar\u00e8ncia<\/strong> en les accions formatives i la gesti\u00f3<\/li>\n<\/ul>\n","protected":false},"excerpt":{"rendered":"<p><a href=\"http:\/\/agora.xtec.cat\/cfa-ramonllull\/wp-content\/uploads\/usu46\/2016\/03\/Cartell_publicitari.jpg\"><\/a><br \/>\nMissi\u00f3<br \/>\nEl CFA Ramon Llull t\u00e9 la missi\u00f3 de fomentar i potenciar la formaci\u00f3 de ciutadans i de ciutadanes, a partir dels 18 anys (i de 16 anys en casos degudament justificats), en la responsabilitat, la solidaritat, el respecte a l\u2019altre i l\u2019entorn, en&hellip;  <a href=\"https:\/\/agora.xtec.cat\/cfa-ramonllull\/el-centre\/plantejament-institucional-missio-visio-i-valors\/\" title=\"Read Missi\u00f3, Visi\u00f3 i Valors\">Llegeix m\u00e9s\u00bb<\/a><\/p>\n","protected":false},"author":1,"featured_media":0,"parent":261,"menu_order":1,"comment_status":"closed","ping_status":"closed","template":"page-templates\/side-menu.php","meta":{"_bbp_topic_count":0,"_bbp_reply_count":0,"_bbp_total_topic_count":0,"_bbp_total_reply_count":0,"_bbp_voice_count":0,"_bbp_anonymous_reply_count":0,"_bbp_topic_count_hidden":0,"_bbp_reply_count_hidden":0,"_bbp_forum_subforum_count":0,"footnotes":""},"class_list":["post-448","page","type-page","status-publish","hentry"],"post_mailing_queue_ids":[],"_links":{"self":[{"href":"https:\/\/agora.xtec.cat\/cfa-ramonllull\/wp-json\/wp\/v2\/pages\/448","targetHints":{"allow":["GET"]}}],"collection":[{"href":"https:\/\/agora.xtec.cat\/cfa-ramonllull\/wp-json\/wp\/v2\/pages"}],"about":[{"href":"https:\/\/agora.xtec.cat\/cfa-ramonllull\/wp-json\/wp\/v2\/types\/page"}],"author":[{"embeddable":true,"href":"https:\/\/agora.xtec.cat\/cfa-ramonllull\/wp-json\/wp\/v2\/users\/1"}],"replies":[{"embeddable":true,"href":"https:\/\/agora.xtec.cat\/cfa-ramonllull\/wp-json\/wp\/v2\/comments?post=448"}],"version-history":[{"count":3,"href":"https:\/\/agora.xtec.cat\/cfa-ramonllull\/wp-json\/wp\/v2\/pages\/448\/revisions"}],"predecessor-version":[{"id":971,"href":"https:\/\/agora.xtec.cat\/cfa-ramonllull\/wp-json\/wp\/v2\/pages\/448\/revisions\/971"}],"up":[{"embeddable":true,"href":"https:\/\/agora.xtec.cat\/cfa-ramonllull\/wp-json\/wp\/v2\/pages\/261"}],"wp:attachment":[{"href":"https:\/\/agora.xtec.cat\/cfa-ramonllull\/wp-json\/wp\/v2\/media?parent=448"}],"curies":[{"name":"wp","href":"https:\/\/api.w.org\/{rel}","templated":true}]}}