{"id":316,"date":"2015-01-28T11:33:51","date_gmt":"2015-01-28T10:33:51","guid":{"rendered":"http:\/\/agora.xtec.cat\/cfa-ramonllull\/?page_id=316"},"modified":"2025-07-16T18:51:38","modified_gmt":"2025-07-16T16:51:38","slug":"competencia-digital-competic","status":"publish","type":"page","link":"https:\/\/agora.xtec.cat\/cfa-ramonllull\/ensenyaments\/ensenyaments-transprofessionals\/competencia-digital-competic\/","title":{"rendered":"COMPETIC (Compet\u00e8ncies en Tecnologies de la Informaci\u00f3 i la Comunicaci\u00f3)"},"content":{"rendered":"<h5><span style=\"text-decoration: underline;\">Compet\u00e8ncia digital en l&#8217;\u00e0mbit de les tecnologies de la informaci\u00f3 i la comunicaci\u00f3<\/span><\/h5>\n<ul>\n<li>\n<p class=\"style14\" align=\"justify\"><strong><a href=\"https:\/\/sites.google.com\/a\/xtec.cat\/competic-fpa\/competic-inicial\" target=\"_blank\" rel=\"noopener noreferrer\">COMPETIC INICIAL<\/a>: <\/strong>Curs de <strong>105 hores<\/strong> de duraci\u00f3, en <strong>dues sessions<\/strong> setmanals <strong>d&#8217;1\u202fh 30&#8242;<\/strong> cadascuna. Oferim horari de tarda. Aquest nivell va adre\u00e7at a les persones que volen iniciar-se en el m\u00f3n de la inform\u00e0tica.<\/p>\n<\/li>\n<li>\n<p class=\"style14\" align=\"justify\"><strong><a href=\"https:\/\/sites.google.com\/a\/xtec.cat\/competic-fpa\/competic-1\" target=\"_blank\" rel=\"noopener noreferrer\">COMPETIC 1<\/a>:<\/strong> Curs de <strong>105 hores<\/strong> de duraci\u00f3, en <strong>dues sessions<\/strong> setmanals <strong>d&#8217;1\u202fh 30&#8242;<\/strong> cadascuna, en horaris de mat\u00ed. El nivell 1 suposa un domini elemental de les tecnologies de la informaci\u00f3 i la comunicaci\u00f3. La superaci\u00f3 del curs \u00e9s equivalent al <strong>nivell b\u00e0sic d&#8217;ACTIC\u00a0<\/strong>&#8211;<a href=\"http:\/\/acticweb.gencat.cat\/ca\/actic_informacio\/actic_competencies_i_nivells\/\" target=\"_blank\" rel=\"noopener noreferrer\">Acreditaci\u00f3 en Tecnologies de la Informaci\u00f3 i la Comunicaci\u00f3<\/a>-.<\/p>\n<\/li>\n<li>\n<p class=\"style14\" align=\"justify\"><strong><a href=\"https:\/\/sites.google.com\/a\/xtec.cat\/competic-fpa\/competic-2\" target=\"_blank\" rel=\"noopener noreferrer\">COMPETIC 2<\/a><\/strong>: Curs <strong>semipresencial <\/strong>equivalent a <strong>140 hores<\/strong>. L&#8217;alumnat treballa telem\u00e0ticament des de casa a trav\u00e9s de l&#8217;entorn virtual del centre i realitza el projecte final (12 hores) de forma presencial. Assisteix a una sessi\u00f3 de 2h d&#8217;acompanyament i seguiment presencial amb una periodicitat m\u00ednima quinzenal en horari de mat\u00ed o de tarda. El nivell 2 suposa un domini efectiu de les tecnologies de la informaci\u00f3 i la comunicaci\u00f3 en relaci\u00f3 amb els seus \u00e0mbits generals d&#8217;aplicaci\u00f3. Aquest nivell correspon a una persona usu\u00e0ria que t\u00e9 autonomia i capacitat cr\u00edtica envers l&#8217;\u00fas d&#8217;aquestes tecnologies. La superaci\u00f3 del curs \u00e9s equivalent al <strong>nivell Mitj\u00e0 d&#8217;ACTIC<\/strong>.<\/p>\n<\/li>\n<li>\n<p class=\"style14\" align=\"justify\"><strong><a href=\"https:\/\/sites.google.com\/a\/xtec.cat\/competic-fpa\/competic-3\" target=\"_blank\" rel=\"noopener noreferrer\">COMPETIC 3<\/a>: <\/strong>Curs <strong>semipresencial<\/strong> equivalent a <strong>105\u202fh<\/strong> de duraci\u00f3. L&#8217;alumnat treballa telem\u00e0ticament des de casa a trav\u00e9s de l&#8217;entorn virtual d&#8217;aprenentatge i realitza un projecte final (3 hores) per a cada compet\u00e8ncia de forma presencial. Assisteix a una sessi\u00f3 d&#8217;1\u202fh 30&#8242; d&#8217;acompanyament i seguiment presencial amb una periodicitat m\u00ednima quinzenal en horari de tarda. El nivell 3 suposa un domini avan\u00e7at de les tecnologies de la informaci\u00f3 i la comunicaci\u00f3 en relaci\u00f3 amb els seus \u00e0mbits espec\u00edfics d&#8217;aplicaci\u00f3. La superaci\u00f3 del curs \u00e9s equivalent al <strong>nivell avan\u00e7at d&#8217;ACTIC<\/strong>. Cal posseir el reconeixement del nivell de COMPETIC 2 o ACTIC mitj\u00e0 per accedir a la formaci\u00f3 de COMPETIC 3.<\/p>\n<p class=\"style14\" align=\"justify\">Actualment <strong>el nostre centre ofereix 3 compet\u00e8ncies<\/strong> al llarg del curs (C4 Tractament de la informaci\u00f3 escrita, C5 Tractament de la informaci\u00f3 gr\u00e0fica, sonora i de la imatge en moviment i C6 Tractament de la informaci\u00f3 num\u00e8rica -una compet\u00e8ncia per trimestre-) de les <a href=\"http:\/\/actic.gencat.cat\/ca\/actic_informacio\/actic_competencies_i_nivells\/\" target=\"_blank\" rel=\"noopener noreferrer\">5 compet\u00e8ncies que contempla el curr\u00edculum d&#8217;ACTIC.<\/a><\/p>\n<\/li>\n<\/ul>\n<p><span style=\"text-decoration: underline;\"><strong>Avaluaci\u00f3<\/strong><\/span><\/p>\n<ul>\n<li>Per superar la certificaci\u00f3 de <strong>COMPETIC Inicial i COMPETIC 1<\/strong> cal assistir a classe i superar les tasques d&#8217;avaluaci\u00f3 cont\u00ednua (60% de la qualificaci\u00f3) i el projecte final (40% de la qualificaci\u00f3).<\/li>\n<li>Per superar <strong>COMPETIC 2 <\/strong>cal superar les tasques d&#8217;avaluaci\u00f3 cont\u00ednua (60% de la qualificaci\u00f3) i el projecte final (40% de la qualificaci\u00f3).<\/li>\n<li>Per superar <strong>COMPETIC 3<\/strong> cal superar un m\u00ednim de dues de les tres compet\u00e8ncies (1 per trimestre) que es treballen durant el curs. Cada compet\u00e8ncia s&#8217;aprova per avaluaci\u00f3 cont\u00ednua (60% de la qualificaci\u00f3) i el projecte final per compet\u00e8ncia (40% de la qualificaci\u00f3).<\/li>\n<\/ul>\n<p><span style=\"text-decoration: underline;\"><strong>Recursos<\/strong><\/span><\/p>\n<ul>\n<li><a href=\"https:\/\/educacio.gencat.cat\/web\/.content\/home\/departament\/publicacions\/infografies\/llarg-vida-17-adults-informatica.pdf\" target=\"_blank\" rel=\"noopener\">Infografia. Educaci\u00f3 al llarg de la vida (COMPETIC)<\/a><\/li>\n<li><a style=\"font-family: inherit; font-size: 1em;\" href=\"https:\/\/triaeducativa.gencat.cat\/ca\/al-llarg-vida\/competic\/index.html\" target=\"_blank\" rel=\"noopener\"><span style=\"text-decoration: underline;\">Requisits i acc\u00e9s a COMPETIC<\/span><\/a><\/li>\n<li>Material de <a href=\"http:\/\/ateneu.xtec.cat\/wikiform\/wikiexport\/pas\/actic\/index\" target=\"_blank\" rel=\"noopener noreferrer\">formaci\u00f3 del Departament d&#8217;ensenyament<\/a><\/li>\n<\/ul>\n<p style=\"text-align: center;\">\n","protected":false},"excerpt":{"rendered":"<p>Compet\u00e8ncia digital en l&#8217;\u00e0mbit de les tecnologies de la informaci\u00f3 i la comunicaci\u00f3<\/p>\n<ul>\n<li>\n<a href=\"https:\/\/sites.google.com\/a\/xtec.cat\/competic-fpa\/competic-inicial\" target=\"_blank\" rel=\"noopener noreferrer\">COMPETIC INICIAL<\/a>: Curs de 105 hores de duraci\u00f3, en dues sessions setmanals d&#8217;1\u202fh 30&#8242; cadascuna. Oferim horari de tarda. Aquest nivell va adre\u00e7at a les persones que volen iniciar-se&hellip;  <a href=\"https:\/\/agora.xtec.cat\/cfa-ramonllull\/ensenyaments\/ensenyaments-transprofessionals\/competencia-digital-competic\/\" title=\"Read COMPETIC (Compet\u00e8ncies en Tecnologies de la Informaci\u00f3 i la Comunicaci\u00f3)\">Llegeix m\u00e9s\u00bb<\/a><\/p>\n","protected":false},"author":1,"featured_media":0,"parent":286,"menu_order":1,"comment_status":"closed","ping_status":"closed","template":"page-templates\/side-menu.php","meta":{"_bbp_topic_count":0,"_bbp_reply_count":0,"_bbp_total_topic_count":0,"_bbp_total_reply_count":0,"_bbp_voice_count":0,"_bbp_anonymous_reply_count":0,"_bbp_topic_count_hidden":0,"_bbp_reply_count_hidden":0,"_bbp_forum_subforum_count":0,"footnotes":""},"class_list":["post-316","page","type-page","status-publish","hentry"],"post_mailing_queue_ids":[],"_links":{"self":[{"href":"https:\/\/agora.xtec.cat\/cfa-ramonllull\/wp-json\/wp\/v2\/pages\/316","targetHints":{"allow":["GET"]}}],"collection":[{"href":"https:\/\/agora.xtec.cat\/cfa-ramonllull\/wp-json\/wp\/v2\/pages"}],"about":[{"href":"https:\/\/agora.xtec.cat\/cfa-ramonllull\/wp-json\/wp\/v2\/types\/page"}],"author":[{"embeddable":true,"href":"https:\/\/agora.xtec.cat\/cfa-ramonllull\/wp-json\/wp\/v2\/users\/1"}],"replies":[{"embeddable":true,"href":"https:\/\/agora.xtec.cat\/cfa-ramonllull\/wp-json\/wp\/v2\/comments?post=316"}],"version-history":[{"count":6,"href":"https:\/\/agora.xtec.cat\/cfa-ramonllull\/wp-json\/wp\/v2\/pages\/316\/revisions"}],"predecessor-version":[{"id":2717,"href":"https:\/\/agora.xtec.cat\/cfa-ramonllull\/wp-json\/wp\/v2\/pages\/316\/revisions\/2717"}],"up":[{"embeddable":true,"href":"https:\/\/agora.xtec.cat\/cfa-ramonllull\/wp-json\/wp\/v2\/pages\/286"}],"wp:attachment":[{"href":"https:\/\/agora.xtec.cat\/cfa-ramonllull\/wp-json\/wp\/v2\/media?parent=316"}],"curies":[{"name":"wp","href":"https:\/\/api.w.org\/{rel}","templated":true}]}}