{"id":2769,"date":"2026-04-09T16:58:09","date_gmt":"2026-04-09T14:58:09","guid":{"rendered":"https:\/\/agora.xtec.cat\/cfa-ramonllull\/?page_id=2769"},"modified":"2026-04-10T12:27:03","modified_gmt":"2026-04-10T10:27:03","slug":"centre-collaborador-ges-ioc","status":"publish","type":"page","link":"https:\/\/agora.xtec.cat\/cfa-ramonllull\/serveis\/centre-collaborador-ges-ioc\/","title":{"rendered":"Centre col\u00b7laborador de l&#8217;IOC (GES a dist\u00e0ncia)"},"content":{"rendered":"<p>El CFA Ramon Llull \u00e9s centre col\u00b7laborador dels estudis de GES a\u00a0 dist\u00e0ncia a trav\u00e9s de l&#8217;Institut Obert de Catalunya (IOC). L\u2019<a href=\"http:\/\/ioc.xtec.cat\/educacio\/\" target=\"_blank\" rel=\"noopener noreferrer\">Institut Obert de Catalunya<\/a>\u00a0 permet una formaci\u00f3 a dist\u00e0ncia flexible en funci\u00f3 de la disponibilitat del temps de l\u2019usuari\/\u00e0ria o alumne\/a.<\/p>\n<p>Podeu consultar informaci\u00f3 detallada sobre la matriculaci\u00f3 i organitzaci\u00f3 dels estudis a la secci\u00f3 &#8220;Acc\u00e9s a la formaci\u00f3 i classificaci\u00f3 formativa&#8221; del men\u00fa principal.<\/p>\n<p style=\"text-align: center;\"><a href=\"https:\/\/agora.xtec.cat\/cfa-ramonllull\/wp-content\/uploads\/usu46\/2024\/07\/ioc-1.png\"><img loading=\"lazy\" decoding=\"async\" class=\"wp-image-2463 alignright\" src=\"https:\/\/agora.xtec.cat\/cfa-ramonllull\/wp-content\/uploads\/usu46\/2024\/07\/ioc-1.png\" alt=\"\" width=\"152\" height=\"123\" \/><\/a><\/p>\n","protected":false},"excerpt":{"rendered":"<p>El CFA Ramon Llull \u00e9s centre col\u00b7laborador dels estudis de GES a\u00a0 dist\u00e0ncia a trav\u00e9s de l&#8217;Institut Obert de Catalunya (IOC). L\u2019<a href=\"http:\/\/ioc.xtec.cat\/educacio\/\" target=\"_blank\" rel=\"noopener noreferrer\">Institut Obert de Catalunya<\/a>\u00a0 permet una formaci\u00f3 a dist\u00e0ncia flexible en funci\u00f3 de la disponibilitat del temps de l\u2019usuari\/\u00e0ria o&hellip;  <a href=\"https:\/\/agora.xtec.cat\/cfa-ramonllull\/serveis\/centre-collaborador-ges-ioc\/\" title=\"Read Centre col\u00b7laborador de l&#8217;IOC (GES a dist\u00e0ncia)\">Llegeix m\u00e9s\u00bb<\/a><\/p>\n","protected":false},"author":1,"featured_media":0,"parent":63,"menu_order":1,"comment_status":"closed","ping_status":"closed","template":"page-templates\/side-menu.php","meta":{"_bbp_topic_count":0,"_bbp_reply_count":0,"_bbp_total_topic_count":0,"_bbp_total_reply_count":0,"_bbp_voice_count":0,"_bbp_anonymous_reply_count":0,"_bbp_topic_count_hidden":0,"_bbp_reply_count_hidden":0,"_bbp_forum_subforum_count":0,"footnotes":""},"class_list":["post-2769","page","type-page","status-publish","hentry"],"post_mailing_queue_ids":[],"_links":{"self":[{"href":"https:\/\/agora.xtec.cat\/cfa-ramonllull\/wp-json\/wp\/v2\/pages\/2769","targetHints":{"allow":["GET"]}}],"collection":[{"href":"https:\/\/agora.xtec.cat\/cfa-ramonllull\/wp-json\/wp\/v2\/pages"}],"about":[{"href":"https:\/\/agora.xtec.cat\/cfa-ramonllull\/wp-json\/wp\/v2\/types\/page"}],"author":[{"embeddable":true,"href":"https:\/\/agora.xtec.cat\/cfa-ramonllull\/wp-json\/wp\/v2\/users\/1"}],"replies":[{"embeddable":true,"href":"https:\/\/agora.xtec.cat\/cfa-ramonllull\/wp-json\/wp\/v2\/comments?post=2769"}],"version-history":[{"count":6,"href":"https:\/\/agora.xtec.cat\/cfa-ramonllull\/wp-json\/wp\/v2\/pages\/2769\/revisions"}],"predecessor-version":[{"id":2793,"href":"https:\/\/agora.xtec.cat\/cfa-ramonllull\/wp-json\/wp\/v2\/pages\/2769\/revisions\/2793"}],"up":[{"embeddable":true,"href":"https:\/\/agora.xtec.cat\/cfa-ramonllull\/wp-json\/wp\/v2\/pages\/63"}],"wp:attachment":[{"href":"https:\/\/agora.xtec.cat\/cfa-ramonllull\/wp-json\/wp\/v2\/media?parent=2769"}],"curies":[{"name":"wp","href":"https:\/\/api.w.org\/{rel}","templated":true}]}}