{"id":2435,"date":"2024-07-10T18:06:57","date_gmt":"2024-07-10T16:06:57","guid":{"rendered":"https:\/\/agora.xtec.cat\/cfa-ramonllull\/?page_id=2435"},"modified":"2025-04-25T10:24:06","modified_gmt":"2025-04-25T08:24:06","slug":"concursos-tematics","status":"publish","type":"page","link":"https:\/\/agora.xtec.cat\/cfa-ramonllull\/projectes-i-activitats-de-lescola\/concursos-tematics\/","title":{"rendered":"Concursos tem\u00e0tics"},"content":{"rendered":"<p>Al CFA Ramon Llull organitzem durant el curs activitats transversals en format de concursos dirigides a tots els ensenyaments i grups del centre per fomentar la inclusi\u00f3 de tot l&#8217;alumnat i el seu sentiment de pertinen\u00e7a al centre:<\/p>\n<p>&nbsp;<\/p>\n<ul style=\"list-style-type: circle;\">\n<li><strong>Participaci\u00f3 i conviv\u00e8ncia: concurs &#8220;Monuments d&#8217;arreu del m\u00f3n i concurs &#8220;Cuines d&#8217;arreu del m\u00f3n&#8221;.<\/strong><\/li>\n<\/ul>\n<p>&nbsp;<\/p>\n<ul style=\"list-style-type: circle;\">\n<li><strong>Sensibilitzaci\u00f3 en perspectiva de g\u00e8nere: concurs &#8220;La dona inc\u00f2gnita&#8221;.<\/strong><\/li>\n<\/ul>\n<p>&nbsp;<\/p>\n<ul style=\"list-style-type: circle;\">\n<li><strong>Foment de la compet\u00e8ncia matem\u00e0tica: concurs &#8220;Enigmes matem\u00e0tics&#8221; i concurs &#8220;Fotografia matem\u00e0tica&#8221; (les fotografies guanyadores participen posteriorment al concurs organitzat per l&#8217;Associaci\u00f3 de Barcelona per l&#8217;Ensenyament i l&#8217;Aprenentatge de les Matem\u00e0tiques).<\/strong><\/li>\n<\/ul>\n<p>\u200b<\/p>\n<table style=\"height: 32px; width: 100%; border-collapse: collapse; background-color: #ecc5fa;\">\n<tbody>\n<tr style=\"height: 32px;\">\n<td style=\"width: 20%; height: 32px;\"><a href=\"https:\/\/agora.xtec.cat\/cfa-ramonllull\/wp-content\/uploads\/usu46\/2025\/04\/Monuments.jpg\"><img loading=\"lazy\" decoding=\"async\" class=\"alignnone size-medium wp-image-2559\" src=\"https:\/\/agora.xtec.cat\/cfa-ramonllull\/wp-content\/uploads\/usu46\/2025\/04\/Monuments-300x211.jpg\" alt=\"\" width=\"300\" height=\"211\" srcset=\"https:\/\/agora.xtec.cat\/cfa-ramonllull\/wp-content\/uploads\/usu46\/2025\/04\/Monuments-300x211.jpg 300w, https:\/\/agora.xtec.cat\/cfa-ramonllull\/wp-content\/uploads\/usu46\/2025\/04\/Monuments-768x540.jpg 768w, https:\/\/agora.xtec.cat\/cfa-ramonllull\/wp-content\/uploads\/usu46\/2025\/04\/Monuments.jpg 1016w\" sizes=\"auto, (max-width: 300px) 100vw, 300px\" \/><\/a><\/td>\n<td style=\"width: 20%; height: 32px;\"><a href=\"https:\/\/agora.xtec.cat\/cfa-ramonllull\/wp-content\/uploads\/usu46\/2025\/04\/concurs-cuines-1.jpg\"><img loading=\"lazy\" decoding=\"async\" class=\"alignnone size-medium wp-image-2571\" src=\"https:\/\/agora.xtec.cat\/cfa-ramonllull\/wp-content\/uploads\/usu46\/2025\/04\/concurs-cuines-1-300x213.jpg\" alt=\"\" width=\"300\" height=\"213\" srcset=\"https:\/\/agora.xtec.cat\/cfa-ramonllull\/wp-content\/uploads\/usu46\/2025\/04\/concurs-cuines-1-300x213.jpg 300w, https:\/\/agora.xtec.cat\/cfa-ramonllull\/wp-content\/uploads\/usu46\/2025\/04\/concurs-cuines-1-768x546.jpg 768w, https:\/\/agora.xtec.cat\/cfa-ramonllull\/wp-content\/uploads\/usu46\/2025\/04\/concurs-cuines-1.jpg 1010w\" sizes=\"auto, (max-width: 300px) 100vw, 300px\" \/><\/a><\/td>\n<td style=\"width: 20%; height: 32px;\"><a href=\"https:\/\/agora.xtec.cat\/cfa-ramonllull\/wp-content\/uploads\/usu46\/2025\/04\/enigmes_foto.jpg\"><img loading=\"lazy\" decoding=\"async\" class=\"alignnone size-medium wp-image-2572\" src=\"https:\/\/agora.xtec.cat\/cfa-ramonllull\/wp-content\/uploads\/usu46\/2025\/04\/enigmes_foto-300x213.jpg\" alt=\"\" width=\"300\" height=\"213\" srcset=\"https:\/\/agora.xtec.cat\/cfa-ramonllull\/wp-content\/uploads\/usu46\/2025\/04\/enigmes_foto-300x213.jpg 300w, https:\/\/agora.xtec.cat\/cfa-ramonllull\/wp-content\/uploads\/usu46\/2025\/04\/enigmes_foto-768x545.jpg 768w, https:\/\/agora.xtec.cat\/cfa-ramonllull\/wp-content\/uploads\/usu46\/2025\/04\/enigmes_foto.jpg 1011w\" sizes=\"auto, (max-width: 300px) 100vw, 300px\" \/><\/a><\/td>\n<td style=\"width: 20%; height: 32px;\"><a href=\"https:\/\/agora.xtec.cat\/cfa-ramonllull\/wp-content\/uploads\/usu46\/2025\/04\/Fotografia-matematica2.jpg\"><img loading=\"lazy\" decoding=\"async\" class=\"alignnone size-medium wp-image-2562\" src=\"https:\/\/agora.xtec.cat\/cfa-ramonllull\/wp-content\/uploads\/usu46\/2025\/04\/Fotografia-matematica2-300x213.jpg\" alt=\"\" width=\"300\" height=\"213\" srcset=\"https:\/\/agora.xtec.cat\/cfa-ramonllull\/wp-content\/uploads\/usu46\/2025\/04\/Fotografia-matematica2-300x213.jpg 300w, https:\/\/agora.xtec.cat\/cfa-ramonllull\/wp-content\/uploads\/usu46\/2025\/04\/Fotografia-matematica2-768x544.jpg 768w, https:\/\/agora.xtec.cat\/cfa-ramonllull\/wp-content\/uploads\/usu46\/2025\/04\/Fotografia-matematica2.jpg 1008w\" sizes=\"auto, (max-width: 300px) 100vw, 300px\" \/><\/a><\/td>\n<td style=\"width: 20%; height: 32px;\"><a href=\"https:\/\/agora.xtec.cat\/cfa-ramonllull\/wp-content\/uploads\/usu46\/2025\/04\/dona-incognita_foto-1.jpg\"><img loading=\"lazy\" decoding=\"async\" class=\"alignnone size-medium wp-image-2574\" src=\"https:\/\/agora.xtec.cat\/cfa-ramonllull\/wp-content\/uploads\/usu46\/2025\/04\/dona-incognita_foto-1-300x214.jpg\" alt=\"\" width=\"300\" height=\"214\" srcset=\"https:\/\/agora.xtec.cat\/cfa-ramonllull\/wp-content\/uploads\/usu46\/2025\/04\/dona-incognita_foto-1-300x214.jpg 300w, https:\/\/agora.xtec.cat\/cfa-ramonllull\/wp-content\/uploads\/usu46\/2025\/04\/dona-incognita_foto-1-768x548.jpg 768w, https:\/\/agora.xtec.cat\/cfa-ramonllull\/wp-content\/uploads\/usu46\/2025\/04\/dona-incognita_foto-1.jpg 1008w\" sizes=\"auto, (max-width: 300px) 100vw, 300px\" \/><\/a><\/td>\n<\/tr>\n<\/tbody>\n<\/table>\n<table class=\" aligncenter\" style=\"width: 48.2927%; border-collapse: collapse; background-color: #ecc5fa;\">\n<tbody>\n<tr>\n<td style=\"width: 29.8413%;\"><a href=\"https:\/\/agora.xtec.cat\/cfa-ramonllull\/wp-content\/uploads\/usu46\/2025\/04\/Foto1-scaled.jpg\"><img loading=\"lazy\" decoding=\"async\" class=\"alignnone wp-image-2565\" src=\"https:\/\/agora.xtec.cat\/cfa-ramonllull\/wp-content\/uploads\/usu46\/2025\/04\/Foto1-300x255.jpg\" alt=\"\" width=\"367\" height=\"312\" srcset=\"https:\/\/agora.xtec.cat\/cfa-ramonllull\/wp-content\/uploads\/usu46\/2025\/04\/Foto1-300x255.jpg 300w, https:\/\/agora.xtec.cat\/cfa-ramonllull\/wp-content\/uploads\/usu46\/2025\/04\/Foto1-1024x871.jpg 1024w, https:\/\/agora.xtec.cat\/cfa-ramonllull\/wp-content\/uploads\/usu46\/2025\/04\/Foto1-768x653.jpg 768w, https:\/\/agora.xtec.cat\/cfa-ramonllull\/wp-content\/uploads\/usu46\/2025\/04\/Foto1-1536x1306.jpg 1536w, https:\/\/agora.xtec.cat\/cfa-ramonllull\/wp-content\/uploads\/usu46\/2025\/04\/Foto1-2048x1741.jpg 2048w\" sizes=\"auto, (max-width: 367px) 100vw, 367px\" \/><\/a><\/td>\n<td style=\"width: 30.94%;\"><a href=\"https:\/\/agora.xtec.cat\/cfa-ramonllull\/wp-content\/uploads\/usu46\/2025\/04\/foto_guanyadores.jpg\"><img loading=\"lazy\" decoding=\"async\" class=\" wp-image-2569 alignnone\" src=\"https:\/\/agora.xtec.cat\/cfa-ramonllull\/wp-content\/uploads\/usu46\/2025\/04\/foto_guanyadores-288x300.jpg\" alt=\"\" width=\"320\" height=\"333\" srcset=\"https:\/\/agora.xtec.cat\/cfa-ramonllull\/wp-content\/uploads\/usu46\/2025\/04\/foto_guanyadores-288x300.jpg 288w, https:\/\/agora.xtec.cat\/cfa-ramonllull\/wp-content\/uploads\/usu46\/2025\/04\/foto_guanyadores-768x801.jpg 768w, https:\/\/agora.xtec.cat\/cfa-ramonllull\/wp-content\/uploads\/usu46\/2025\/04\/foto_guanyadores.jpg 801w\" sizes=\"auto, (max-width: 320px) 100vw, 320px\" \/><\/a><\/td>\n<\/tr>\n<tr style=\"background-color: #ecc5fa;\">\n<td style=\"width: 29.8413%;\"><a href=\"https:\/\/agora.xtec.cat\/cfa-ramonllull\/wp-content\/uploads\/usu46\/2025\/04\/Foto2-scaled.jpg\"><img loading=\"lazy\" decoding=\"async\" class=\"alignnone wp-image-2566\" src=\"https:\/\/agora.xtec.cat\/cfa-ramonllull\/wp-content\/uploads\/usu46\/2025\/04\/Foto2-300x150.jpg\" alt=\"\" width=\"358\" height=\"179\" srcset=\"https:\/\/agora.xtec.cat\/cfa-ramonllull\/wp-content\/uploads\/usu46\/2025\/04\/Foto2-300x150.jpg 300w, https:\/\/agora.xtec.cat\/cfa-ramonllull\/wp-content\/uploads\/usu46\/2025\/04\/Foto2-1024x513.jpg 1024w, https:\/\/agora.xtec.cat\/cfa-ramonllull\/wp-content\/uploads\/usu46\/2025\/04\/Foto2-768x384.jpg 768w, https:\/\/agora.xtec.cat\/cfa-ramonllull\/wp-content\/uploads\/usu46\/2025\/04\/Foto2-1536x769.jpg 1536w, https:\/\/agora.xtec.cat\/cfa-ramonllull\/wp-content\/uploads\/usu46\/2025\/04\/Foto2-2048x1025.jpg 2048w\" sizes=\"auto, (max-width: 358px) 100vw, 358px\" \/><\/a><\/td>\n<td style=\"width: 30.94%;\"><a href=\"https:\/\/agora.xtec.cat\/cfa-ramonllull\/wp-content\/uploads\/usu46\/2025\/04\/20231117_111841-scaled.jpg\"><img loading=\"lazy\" decoding=\"async\" class=\"wp-image-2564 aligncenter\" src=\"https:\/\/agora.xtec.cat\/cfa-ramonllull\/wp-content\/uploads\/usu46\/2025\/04\/20231117_111841-300x169.jpg\" alt=\"\" width=\"347\" height=\"196\" srcset=\"https:\/\/agora.xtec.cat\/cfa-ramonllull\/wp-content\/uploads\/usu46\/2025\/04\/20231117_111841-300x169.jpg 300w, https:\/\/agora.xtec.cat\/cfa-ramonllull\/wp-content\/uploads\/usu46\/2025\/04\/20231117_111841-1024x576.jpg 1024w, https:\/\/agora.xtec.cat\/cfa-ramonllull\/wp-content\/uploads\/usu46\/2025\/04\/20231117_111841-768x432.jpg 768w, https:\/\/agora.xtec.cat\/cfa-ramonllull\/wp-content\/uploads\/usu46\/2025\/04\/20231117_111841-1536x864.jpg 1536w, https:\/\/agora.xtec.cat\/cfa-ramonllull\/wp-content\/uploads\/usu46\/2025\/04\/20231117_111841-2048x1152.jpg 2048w\" sizes=\"auto, (max-width: 347px) 100vw, 347px\" \/><\/a><\/td>\n<\/tr>\n<\/tbody>\n<\/table>\n<p>&nbsp;<\/p>\n<p>&nbsp;<\/p>\n<ul>\n<li>Punts de llibre del concurs &#8220;La dona inc\u00f2gnita&#8221;:<\/li>\n<\/ul>\n<p>&nbsp;<\/p>\n<table style=\"height: 1056px; width: 100%; border-collapse: collapse; background-color: #fadb93;\">\n<tbody>\n<tr style=\"height: 32px;\">\n<td style=\"width: 20%; height: 32px; text-align: center;\" colspan=\"5\"><strong>Curs 2022-23<\/strong><\/td>\n<\/tr>\n<tr style=\"height: 320px;\">\n<td style=\"width: 20%; height: 320px;\"><a href=\"https:\/\/agora.xtec.cat\/cfa-ramonllull\/wp-content\/uploads\/usu46\/2025\/04\/Punt_de_llibre_8m_2022-23_page-0001.jpg\"><img loading=\"lazy\" decoding=\"async\" class=\"alignnone size-medium wp-image-2580\" src=\"https:\/\/agora.xtec.cat\/cfa-ramonllull\/wp-content\/uploads\/usu46\/2025\/04\/Punt_de_llibre_8m_2022-23_page-0001-100x300.jpg\" alt=\"\" width=\"100\" height=\"300\" srcset=\"https:\/\/agora.xtec.cat\/cfa-ramonllull\/wp-content\/uploads\/usu46\/2025\/04\/Punt_de_llibre_8m_2022-23_page-0001-100x300.jpg 100w, https:\/\/agora.xtec.cat\/cfa-ramonllull\/wp-content\/uploads\/usu46\/2025\/04\/Punt_de_llibre_8m_2022-23_page-0001.jpg 300w\" sizes=\"auto, (max-width: 100px) 100vw, 100px\" \/><\/a><\/td>\n<td style=\"width: 20%; height: 320px;\"><a href=\"https:\/\/agora.xtec.cat\/cfa-ramonllull\/wp-content\/uploads\/usu46\/2025\/04\/Punt_de_llibre_8m_2022-23_page-0003.jpg\"><img loading=\"lazy\" decoding=\"async\" class=\"alignnone size-medium wp-image-2581\" src=\"https:\/\/agora.xtec.cat\/cfa-ramonllull\/wp-content\/uploads\/usu46\/2025\/04\/Punt_de_llibre_8m_2022-23_page-0003-100x300.jpg\" alt=\"\" width=\"100\" height=\"300\" srcset=\"https:\/\/agora.xtec.cat\/cfa-ramonllull\/wp-content\/uploads\/usu46\/2025\/04\/Punt_de_llibre_8m_2022-23_page-0003-100x300.jpg 100w, https:\/\/agora.xtec.cat\/cfa-ramonllull\/wp-content\/uploads\/usu46\/2025\/04\/Punt_de_llibre_8m_2022-23_page-0003.jpg 300w\" sizes=\"auto, (max-width: 100px) 100vw, 100px\" \/><\/a><\/td>\n<td style=\"width: 20%; height: 320px;\"><a href=\"https:\/\/agora.xtec.cat\/cfa-ramonllull\/wp-content\/uploads\/usu46\/2025\/04\/Punt_de_llibre_8m_2022-23_page-0005.jpg\"><img loading=\"lazy\" decoding=\"async\" class=\"alignnone size-medium wp-image-2582\" src=\"https:\/\/agora.xtec.cat\/cfa-ramonllull\/wp-content\/uploads\/usu46\/2025\/04\/Punt_de_llibre_8m_2022-23_page-0005-100x300.jpg\" alt=\"\" width=\"100\" height=\"300\" srcset=\"https:\/\/agora.xtec.cat\/cfa-ramonllull\/wp-content\/uploads\/usu46\/2025\/04\/Punt_de_llibre_8m_2022-23_page-0005-100x300.jpg 100w, https:\/\/agora.xtec.cat\/cfa-ramonllull\/wp-content\/uploads\/usu46\/2025\/04\/Punt_de_llibre_8m_2022-23_page-0005.jpg 300w\" sizes=\"auto, (max-width: 100px) 100vw, 100px\" \/><\/a><\/td>\n<td style=\"width: 20%; height: 320px;\"><a href=\"https:\/\/agora.xtec.cat\/cfa-ramonllull\/wp-content\/uploads\/usu46\/2025\/04\/Punt_de_llibre_8m_2022-23_page-0007.jpg\"><img loading=\"lazy\" decoding=\"async\" class=\"alignnone size-medium wp-image-2583\" src=\"https:\/\/agora.xtec.cat\/cfa-ramonllull\/wp-content\/uploads\/usu46\/2025\/04\/Punt_de_llibre_8m_2022-23_page-0007-100x300.jpg\" alt=\"\" width=\"100\" height=\"300\" srcset=\"https:\/\/agora.xtec.cat\/cfa-ramonllull\/wp-content\/uploads\/usu46\/2025\/04\/Punt_de_llibre_8m_2022-23_page-0007-100x300.jpg 100w, https:\/\/agora.xtec.cat\/cfa-ramonllull\/wp-content\/uploads\/usu46\/2025\/04\/Punt_de_llibre_8m_2022-23_page-0007.jpg 300w\" sizes=\"auto, (max-width: 100px) 100vw, 100px\" \/><\/a><\/td>\n<td style=\"width: 20%; height: 320px;\"><a href=\"https:\/\/agora.xtec.cat\/cfa-ramonllull\/wp-content\/uploads\/usu46\/2025\/04\/Punt_de_llibre_8m_2022-23_page-0002.jpg\"><img loading=\"lazy\" decoding=\"async\" class=\"alignnone size-medium wp-image-2584\" src=\"https:\/\/agora.xtec.cat\/cfa-ramonllull\/wp-content\/uploads\/usu46\/2025\/04\/Punt_de_llibre_8m_2022-23_page-0002-100x300.jpg\" alt=\"\" width=\"100\" height=\"300\" srcset=\"https:\/\/agora.xtec.cat\/cfa-ramonllull\/wp-content\/uploads\/usu46\/2025\/04\/Punt_de_llibre_8m_2022-23_page-0002-100x300.jpg 100w, https:\/\/agora.xtec.cat\/cfa-ramonllull\/wp-content\/uploads\/usu46\/2025\/04\/Punt_de_llibre_8m_2022-23_page-0002.jpg 300w\" sizes=\"auto, (max-width: 100px) 100vw, 100px\" \/><\/a><\/td>\n<\/tr>\n<tr style=\"height: 32px;\">\n<td style=\"width: 20%; text-align: center; height: 32px;\" colspan=\"5\"><strong>Curs 2023-24<\/strong><\/td>\n<\/tr>\n<tr style=\"height: 320px;\">\n<td style=\"width: 20%; height: 320px;\"><a href=\"https:\/\/agora.xtec.cat\/cfa-ramonllull\/wp-content\/uploads\/usu46\/2025\/04\/punt-de-llibre-8m_2023-24_page-0006.jpg\"><img loading=\"lazy\" decoding=\"async\" class=\"alignnone size-medium wp-image-2578\" src=\"https:\/\/agora.xtec.cat\/cfa-ramonllull\/wp-content\/uploads\/usu46\/2025\/04\/punt-de-llibre-8m_2023-24_page-0006-100x300.jpg\" alt=\"\" width=\"100\" height=\"300\" srcset=\"https:\/\/agora.xtec.cat\/cfa-ramonllull\/wp-content\/uploads\/usu46\/2025\/04\/punt-de-llibre-8m_2023-24_page-0006-100x300.jpg 100w, https:\/\/agora.xtec.cat\/cfa-ramonllull\/wp-content\/uploads\/usu46\/2025\/04\/punt-de-llibre-8m_2023-24_page-0006.jpg 300w\" sizes=\"auto, (max-width: 100px) 100vw, 100px\" \/><\/a><\/td>\n<td style=\"width: 20%; height: 320px;\"><a href=\"https:\/\/agora.xtec.cat\/cfa-ramonllull\/wp-content\/uploads\/usu46\/2025\/04\/punt-de-llibre-8m_2023-24_page-0008.jpg\"><img loading=\"lazy\" decoding=\"async\" class=\"alignnone size-medium wp-image-2577\" src=\"https:\/\/agora.xtec.cat\/cfa-ramonllull\/wp-content\/uploads\/usu46\/2025\/04\/punt-de-llibre-8m_2023-24_page-0008-100x300.jpg\" alt=\"\" width=\"100\" height=\"300\" srcset=\"https:\/\/agora.xtec.cat\/cfa-ramonllull\/wp-content\/uploads\/usu46\/2025\/04\/punt-de-llibre-8m_2023-24_page-0008-100x300.jpg 100w, https:\/\/agora.xtec.cat\/cfa-ramonllull\/wp-content\/uploads\/usu46\/2025\/04\/punt-de-llibre-8m_2023-24_page-0008.jpg 300w\" sizes=\"auto, (max-width: 100px) 100vw, 100px\" \/><\/a><\/td>\n<td style=\"width: 20%; height: 320px;\"><a href=\"https:\/\/agora.xtec.cat\/cfa-ramonllull\/wp-content\/uploads\/usu46\/2025\/04\/punt-de-llibre-8m_2023-24_page-0004.jpg\"><img loading=\"lazy\" decoding=\"async\" class=\"alignnone size-medium wp-image-2576\" src=\"https:\/\/agora.xtec.cat\/cfa-ramonllull\/wp-content\/uploads\/usu46\/2025\/04\/punt-de-llibre-8m_2023-24_page-0004-100x300.jpg\" alt=\"\" width=\"100\" height=\"300\" srcset=\"https:\/\/agora.xtec.cat\/cfa-ramonllull\/wp-content\/uploads\/usu46\/2025\/04\/punt-de-llibre-8m_2023-24_page-0004-100x300.jpg 100w, https:\/\/agora.xtec.cat\/cfa-ramonllull\/wp-content\/uploads\/usu46\/2025\/04\/punt-de-llibre-8m_2023-24_page-0004.jpg 300w\" sizes=\"auto, (max-width: 100px) 100vw, 100px\" \/><\/a><\/td>\n<td style=\"width: 20%; height: 320px;\"><a href=\"https:\/\/agora.xtec.cat\/cfa-ramonllull\/wp-content\/uploads\/usu46\/2025\/04\/punt-de-llibre-8m_2023-24_page-0002.jpg\"><img loading=\"lazy\" decoding=\"async\" class=\"alignnone size-medium wp-image-2575\" src=\"https:\/\/agora.xtec.cat\/cfa-ramonllull\/wp-content\/uploads\/usu46\/2025\/04\/punt-de-llibre-8m_2023-24_page-0002-100x300.jpg\" alt=\"\" width=\"100\" height=\"300\" srcset=\"https:\/\/agora.xtec.cat\/cfa-ramonllull\/wp-content\/uploads\/usu46\/2025\/04\/punt-de-llibre-8m_2023-24_page-0002-100x300.jpg 100w, https:\/\/agora.xtec.cat\/cfa-ramonllull\/wp-content\/uploads\/usu46\/2025\/04\/punt-de-llibre-8m_2023-24_page-0002.jpg 300w\" sizes=\"auto, (max-width: 100px) 100vw, 100px\" \/><\/a><\/td>\n<td style=\"width: 20%; height: 320px;\"><a href=\"https:\/\/agora.xtec.cat\/cfa-ramonllull\/wp-content\/uploads\/usu46\/2025\/04\/punt-de-llibre-8m_2023-24_page-0001.jpg\"><img loading=\"lazy\" decoding=\"async\" class=\"alignnone size-medium wp-image-2579\" src=\"https:\/\/agora.xtec.cat\/cfa-ramonllull\/wp-content\/uploads\/usu46\/2025\/04\/punt-de-llibre-8m_2023-24_page-0001-100x300.jpg\" alt=\"\" width=\"100\" height=\"300\" srcset=\"https:\/\/agora.xtec.cat\/cfa-ramonllull\/wp-content\/uploads\/usu46\/2025\/04\/punt-de-llibre-8m_2023-24_page-0001-100x300.jpg 100w, https:\/\/agora.xtec.cat\/cfa-ramonllull\/wp-content\/uploads\/usu46\/2025\/04\/punt-de-llibre-8m_2023-24_page-0001.jpg 300w\" sizes=\"auto, (max-width: 100px) 100vw, 100px\" \/><\/a><\/td>\n<\/tr>\n<tr style=\"height: 32px;\">\n<td style=\"width: 20%; text-align: center; height: 32px;\" colspan=\"5\"><strong>Curs 2024-25<\/strong><\/td>\n<\/tr>\n<tr style=\"height: 320px;\">\n<td style=\"width: 20%; height: 320px;\"><a href=\"https:\/\/agora.xtec.cat\/cfa-ramonllull\/wp-content\/uploads\/usu46\/2025\/04\/Punt-de-llibre-8m_2024_25_page-0001.jpg\"><img loading=\"lazy\" decoding=\"async\" class=\"alignnone size-medium wp-image-2585\" src=\"https:\/\/agora.xtec.cat\/cfa-ramonllull\/wp-content\/uploads\/usu46\/2025\/04\/Punt-de-llibre-8m_2024_25_page-0001-100x300.jpg\" alt=\"\" width=\"100\" height=\"300\" srcset=\"https:\/\/agora.xtec.cat\/cfa-ramonllull\/wp-content\/uploads\/usu46\/2025\/04\/Punt-de-llibre-8m_2024_25_page-0001-100x300.jpg 100w, https:\/\/agora.xtec.cat\/cfa-ramonllull\/wp-content\/uploads\/usu46\/2025\/04\/Punt-de-llibre-8m_2024_25_page-0001.jpg 300w\" sizes=\"auto, (max-width: 100px) 100vw, 100px\" \/><\/a><\/td>\n<td style=\"width: 20%; height: 320px;\"><a href=\"https:\/\/agora.xtec.cat\/cfa-ramonllull\/wp-content\/uploads\/usu46\/2025\/04\/Punt-de-llibre-8m_2024_25_page-0003.jpg\"><img loading=\"lazy\" decoding=\"async\" class=\"alignnone size-medium wp-image-2586\" src=\"https:\/\/agora.xtec.cat\/cfa-ramonllull\/wp-content\/uploads\/usu46\/2025\/04\/Punt-de-llibre-8m_2024_25_page-0003-100x300.jpg\" alt=\"\" width=\"100\" height=\"300\" srcset=\"https:\/\/agora.xtec.cat\/cfa-ramonllull\/wp-content\/uploads\/usu46\/2025\/04\/Punt-de-llibre-8m_2024_25_page-0003-100x300.jpg 100w, https:\/\/agora.xtec.cat\/cfa-ramonllull\/wp-content\/uploads\/usu46\/2025\/04\/Punt-de-llibre-8m_2024_25_page-0003.jpg 300w\" sizes=\"auto, (max-width: 100px) 100vw, 100px\" \/><\/a><\/td>\n<td style=\"width: 20%; height: 320px;\"><a href=\"https:\/\/agora.xtec.cat\/cfa-ramonllull\/wp-content\/uploads\/usu46\/2025\/04\/Punt-de-llibre-8m_2024_25_page-0005.jpg\"><img loading=\"lazy\" decoding=\"async\" class=\"alignnone size-medium wp-image-2587\" src=\"https:\/\/agora.xtec.cat\/cfa-ramonllull\/wp-content\/uploads\/usu46\/2025\/04\/Punt-de-llibre-8m_2024_25_page-0005-100x300.jpg\" alt=\"\" width=\"100\" height=\"300\" srcset=\"https:\/\/agora.xtec.cat\/cfa-ramonllull\/wp-content\/uploads\/usu46\/2025\/04\/Punt-de-llibre-8m_2024_25_page-0005-100x300.jpg 100w, https:\/\/agora.xtec.cat\/cfa-ramonllull\/wp-content\/uploads\/usu46\/2025\/04\/Punt-de-llibre-8m_2024_25_page-0005.jpg 300w\" sizes=\"auto, (max-width: 100px) 100vw, 100px\" \/><\/a><\/td>\n<td style=\"width: 20%; height: 320px;\"><a href=\"https:\/\/agora.xtec.cat\/cfa-ramonllull\/wp-content\/uploads\/usu46\/2025\/04\/Punt-de-llibre-8m_2024_25_page-0007.jpg\"><img loading=\"lazy\" decoding=\"async\" class=\"alignnone size-medium wp-image-2588\" src=\"https:\/\/agora.xtec.cat\/cfa-ramonllull\/wp-content\/uploads\/usu46\/2025\/04\/Punt-de-llibre-8m_2024_25_page-0007-100x300.jpg\" alt=\"\" width=\"100\" height=\"300\" srcset=\"https:\/\/agora.xtec.cat\/cfa-ramonllull\/wp-content\/uploads\/usu46\/2025\/04\/Punt-de-llibre-8m_2024_25_page-0007-100x300.jpg 100w, https:\/\/agora.xtec.cat\/cfa-ramonllull\/wp-content\/uploads\/usu46\/2025\/04\/Punt-de-llibre-8m_2024_25_page-0007.jpg 300w\" sizes=\"auto, (max-width: 100px) 100vw, 100px\" \/><\/a><\/td>\n<td style=\"width: 20%; height: 320px;\"><a href=\"https:\/\/agora.xtec.cat\/cfa-ramonllull\/wp-content\/uploads\/usu46\/2025\/04\/Punt-de-llibre-8m_2024_25_page-0002.jpg\"><img loading=\"lazy\" decoding=\"async\" class=\"alignnone size-medium wp-image-2589\" src=\"https:\/\/agora.xtec.cat\/cfa-ramonllull\/wp-content\/uploads\/usu46\/2025\/04\/Punt-de-llibre-8m_2024_25_page-0002-100x300.jpg\" alt=\"\" width=\"100\" height=\"300\" srcset=\"https:\/\/agora.xtec.cat\/cfa-ramonllull\/wp-content\/uploads\/usu46\/2025\/04\/Punt-de-llibre-8m_2024_25_page-0002-100x300.jpg 100w, https:\/\/agora.xtec.cat\/cfa-ramonllull\/wp-content\/uploads\/usu46\/2025\/04\/Punt-de-llibre-8m_2024_25_page-0002.jpg 300w\" sizes=\"auto, (max-width: 100px) 100vw, 100px\" \/><\/a><\/td>\n<\/tr>\n<\/tbody>\n<\/table>\n<p>&nbsp;<\/p>\n<p>&nbsp;<\/p>\n","protected":false},"excerpt":{"rendered":"<p>Al CFA Ramon Llull organitzem durant el curs activitats transversals en format de concursos dirigides a tots els ensenyaments i grups del centre per fomentar la inclusi\u00f3 de tot l&#8217;alumnat i el seu sentiment de pertinen\u00e7a al centre:<br \/>\n&nbsp;<\/p>\n<ul style=\"list-style-type: circle;\">\n<li>Participaci\u00f3 i conviv\u00e8ncia: concurs &#8220;Monuments d&#8217;arreu&hellip;  <a href=\"https:\/\/agora.xtec.cat\/cfa-ramonllull\/projectes-i-activitats-de-lescola\/concursos-tematics\/\" title=\"Read Concursos tem\u00e0tics\">Llegeix m\u00e9s\u00bb<\/a><br \/>\n","protected":false},"author":1,"featured_media":0,"parent":2433,"menu_order":4,"comment_status":"closed","ping_status":"closed","template":"page-templates\/side-menu.php","meta":{"_bbp_topic_count":0,"_bbp_reply_count":0,"_bbp_total_topic_count":0,"_bbp_total_reply_count":0,"_bbp_voice_count":0,"_bbp_anonymous_reply_count":0,"_bbp_topic_count_hidden":0,"_bbp_reply_count_hidden":0,"_bbp_forum_subforum_count":0,"footnotes":""},"class_list":["post-2435","page","type-page","status-publish","hentry"],"post_mailing_queue_ids":[],"_links":{"self":[{"href":"https:\/\/agora.xtec.cat\/cfa-ramonllull\/wp-json\/wp\/v2\/pages\/2435","targetHints":{"allow":["GET"]}}],"collection":[{"href":"https:\/\/agora.xtec.cat\/cfa-ramonllull\/wp-json\/wp\/v2\/pages"}],"about":[{"href":"https:\/\/agora.xtec.cat\/cfa-ramonllull\/wp-json\/wp\/v2\/types\/page"}],"author":[{"embeddable":true,"href":"https:\/\/agora.xtec.cat\/cfa-ramonllull\/wp-json\/wp\/v2\/users\/1"}],"replies":[{"embeddable":true,"href":"https:\/\/agora.xtec.cat\/cfa-ramonllull\/wp-json\/wp\/v2\/comments?post=2435"}],"version-history":[{"count":6,"href":"https:\/\/agora.xtec.cat\/cfa-ramonllull\/wp-json\/wp\/v2\/pages\/2435\/revisions"}],"predecessor-version":[{"id":2601,"href":"https:\/\/agora.xtec.cat\/cfa-ramonllull\/wp-json\/wp\/v2\/pages\/2435\/revisions\/2601"}],"up":[{"embeddable":true,"href":"https:\/\/agora.xtec.cat\/cfa-ramonllull\/wp-json\/wp\/v2\/pages\/2433"}],"wp:attachment":[{"href":"https:\/\/agora.xtec.cat\/cfa-ramonllull\/wp-json\/wp\/v2\/media?parent=2435"}],"curies":[{"name":"wp","href":"https:\/\/api.w.org\/{rel}","templated":true}]}}