{"id":2487,"date":"2023-03-24T20:19:42","date_gmt":"2023-03-24T19:19:42","guid":{"rendered":"https:\/\/agora.xtec.cat\/cfa-pau-casals\/?page_id=2487"},"modified":"2023-03-24T20:24:36","modified_gmt":"2023-03-24T19:24:36","slug":"la-planificacio","status":"publish","type":"page","link":"https:\/\/agora.xtec.cat\/cfa-pau-casals\/documents-de-centre\/estrategia-digital-de-centre\/estrategia\/la-planificacio\/","title":{"rendered":"Planificaci\u00f3"},"content":{"rendered":"<p>Per tal de buscar l&#8217;assoliment dels objectius, hem dissenyat les seg\u00fcents activitats, que es duen a terme durant els cursos 2022\/23, 2023\/24 i 2024\/25:<\/p>\n<ol>\n<li style=\"list-style-type: none;\">\n<ol>\n<li style=\"list-style-type: none;\">\n<ol>\n<li>Optimitzem l&#8217;\u00fas de la p\u00e0gina web del centre<\/li>\n<li>La nova imatge de l&#8217;escola! Quina t&#8217;agrada m\u00e9s?<\/li>\n<li>Pla de comunicaci\u00f3<\/li>\n<li>Difondre a tot el professorat les formacions oferides Pla de formaci\u00f3 de zona de l&#8217;xtec de l&#8217;\u00e0mbit digital<\/li>\n<li>Formaci\u00f3 interna sobre metodologies competencials a l&#8217;aplicaci\u00f3 del nou curriculum d&#8217;ed. b\u00e0sica (FIB-GES)<\/li>\n<li>Millora de la Compet\u00e8ncia Digital de l&#8217;Alumnat<\/li>\n<li>Potenciar la participaci\u00f3 i la intervenci\u00f3 a les activitats virtuals del municipi (reunions, trobades, exposicions, coordinacions, revistes virtuals,radio online&#8230;)<\/li>\n<li>Creaci\u00f3 de material virtual de difussi\u00f3 de l&#8217;oferta formativa del centre<\/li>\n<li>Realitzaci\u00f3 i difussi\u00f3 de treballs virtuals realitzats pels alumnes<\/li>\n<\/ol>\n<\/li>\n<\/ol>\n<\/li>\n<\/ol>\n","protected":false},"excerpt":{"rendered":"<p>Per tal de buscar l&#8217;assoliment dels objectius, hem dissenyat les seg\u00fcents activitats, que es duen a terme durant els cursos 2022\/23, 2023\/24 i 2024\/25:<\/p>\n<ol>\n<li style=\"list-style-type: none;\">\n<ol>\n<li style=\"list-style-type: none;\">\n<ol>\n<li>Optimitzem l&#8217;\u00fas de la p\u00e0gina web del centre<\/li>\n<li>La nova imatge de l&#8217;escola! Quina t&#8217;agrada m\u00e9s?<\/li>\n<li>Pla de comunicaci\u00f3<\/li>\n<li>Difondre a&hellip;  <a href=\"https:\/\/agora.xtec.cat\/cfa-pau-casals\/documents-de-centre\/estrategia-digital-de-centre\/estrategia\/la-planificacio\/\" title=\"Read Planificaci\u00f3\">Llegeix m\u00e9s\u00bb<\/a><br \/>\n","protected":false},"author":1,"featured_media":0,"parent":2306,"menu_order":0,"comment_status":"closed","ping_status":"closed","template":"","meta":{"_bbp_topic_count":0,"_bbp_reply_count":0,"_bbp_total_topic_count":0,"_bbp_total_reply_count":0,"_bbp_voice_count":0,"_bbp_anonymous_reply_count":0,"_bbp_topic_count_hidden":0,"_bbp_reply_count_hidden":0,"_bbp_forum_subforum_count":0,"footnotes":""},"class_list":["post-2487","page","type-page","status-publish","hentry"],"post_mailing_queue_ids":[],"_links":{"self":[{"href":"https:\/\/agora.xtec.cat\/cfa-pau-casals\/wp-json\/wp\/v2\/pages\/2487","targetHints":{"allow":["GET"]}}],"collection":[{"href":"https:\/\/agora.xtec.cat\/cfa-pau-casals\/wp-json\/wp\/v2\/pages"}],"about":[{"href":"https:\/\/agora.xtec.cat\/cfa-pau-casals\/wp-json\/wp\/v2\/types\/page"}],"author":[{"embeddable":true,"href":"https:\/\/agora.xtec.cat\/cfa-pau-casals\/wp-json\/wp\/v2\/users\/1"}],"replies":[{"embeddable":true,"href":"https:\/\/agora.xtec.cat\/cfa-pau-casals\/wp-json\/wp\/v2\/comments?post=2487"}],"version-history":[{"count":3,"href":"https:\/\/agora.xtec.cat\/cfa-pau-casals\/wp-json\/wp\/v2\/pages\/2487\/revisions"}],"predecessor-version":[{"id":2493,"href":"https:\/\/agora.xtec.cat\/cfa-pau-casals\/wp-json\/wp\/v2\/pages\/2487\/revisions\/2493"}],"up":[{"embeddable":true,"href":"https:\/\/agora.xtec.cat\/cfa-pau-casals\/wp-json\/wp\/v2\/pages\/2306"}],"wp:attachment":[{"href":"https:\/\/agora.xtec.cat\/cfa-pau-casals\/wp-json\/wp\/v2\/media?parent=2487"}],"curies":[{"name":"wp","href":"https:\/\/api.w.org\/{rel}","templated":true}]}}