{"id":1305,"date":"2021-03-26T19:05:50","date_gmt":"2021-03-26T18:05:50","guid":{"rendered":"https:\/\/agora.xtec.cat\/cfa-pau-casals\/?page_id=1305"},"modified":"2021-07-19T20:21:15","modified_gmt":"2021-07-19T18:21:15","slug":"sollicitud-de-certificat-de-reconeixement-del-nivell-c1-de-catala","status":"publish","type":"page","link":"https:\/\/agora.xtec.cat\/cfa-pau-casals\/secretaria\/tramits-administratius\/sollicitud-de-certificat-de-reconeixement-del-nivell-c1-de-catala\/","title":{"rendered":"Sol\u00b7licitud de certificat de reconeixement del nivell C1 de Catal\u00e0"},"content":{"rendered":"<p><span style=\"font-family: inherit; font-size: 1em; font-weight: normal;\">Per sol\u00b7licitar un certificat de reconeixement del nivell C1 de Catal\u00e0 a Secretaria:<\/span><\/p>\n<p>Emplenar i signar la <strong><a href=\"https:\/\/agora.xtec.cat\/cfa-pau-casals\/wp-content\/uploads\/usu2101\/2021\/03\/Sol%C2%B7licitud-reconeixement-catal%C3%A0.pdf\">sol\u00b7licitud<\/a><\/strong> i presentar juntament amb la documentaci\u00f3 requerida a la Secretaria del centre.<\/p>\n<p style=\"text-align: justify;\"><b><span style=\"color: #008080;\"><strong>Requisits per a l&#8217;alumnat que ha obtingut el t\u00edtol GESO presencialment al nostre centre:<\/strong><\/span><\/b><\/p>\n<p style=\"text-align: justify;\">&#8211; T\u00edtol de graduaci\u00f3 en educaci\u00f3 secund\u00e0ria obtingut a centres i aules de formaci\u00f3 de persones adultes, sempre que s&#8217;hagin cursat a Catalunya almenys vuit cursos qualssevol entre la prim\u00e0ria i l&#8217;ESO, i que s&#8217;hagi cursat i aprovat l&#8217;\u00e0rea de llengua catalana als centres i aules de formaci\u00f3 de persones adultes.<br \/>\nPer acreditar les condicions acad\u00e8miques esmentades, cal aportar un certificat expedit, a sol\u00b7licitud de la persona interessada, per una escola de persones adultes autoritzada de la manera que determina la Direcci\u00f3 General d&#8217;Ensenyaments Professionals, Art\u00edstics i Especialitzats.<\/p>\n<p><a class=\"FW_titBullet2 FW_sLinkVermellNegreta\" href=\"https:\/\/llengua.gencat.cat\/web\/.content\/documents\/certificats_de_catala\/arxius\/equiv_llista.pdf\">ORDRE VCP\/491\/2009, de 12 de novembre, per la qual es refonen i s&#8217;actualitzen els t\u00edtols, diplomes i certificats equivalents als certificats de coneixements de catal\u00e0 de la Secretaria de Pol\u00edtica Ling\u00fc\u00edstica. <span class=\"dogc-color\">(DOGC\u00a0 n\u00fam.\u00a0 5511 \u00a0publicat el \u00a023\/11\/2009<\/span><\/a><\/p>\n<p><strong><b><span style=\"color: #008080;\">Documentaci\u00f3:<\/span><\/b><\/strong><\/p>\n<ul>\n<li>Original i fotoc\u00f2pia del DNI<\/li>\n<li>Original i fotoc\u00f2pia del Llibre d&#8217;escolaritat o certificat del centre o centres on s&#8217;ha fet l&#8217;itinerari escolar corresponent a l&#8217;etapa educativa (EGB, prim\u00e0ria, ESO).<\/li>\n<li>T\u00edtol, resguard del t\u00edtol o certificat que acrediti que la titulaci\u00f3 superior s&#8217;ha obtingut sense cap mat\u00e8ria suspesa o, en el cas de l&#8217;ESO, que s&#8217;ha superat la mat\u00e8ria de llengua catalana en acabar el cicle superior.<\/li>\n<\/ul>\n","protected":false},"excerpt":{"rendered":"<p>Per sol\u00b7licitar un certificat de reconeixement del nivell C1 de Catal\u00e0 a Secretaria:<br \/>\nEmplenar i signar la <a href=\"https:\/\/agora.xtec.cat\/cfa-pau-casals\/wp-content\/uploads\/usu2101\/2021\/03\/Sol%C2%B7licitud-reconeixement-catal%C3%A0.pdf\">sol\u00b7licitud<\/a> i presentar juntament amb la documentaci\u00f3 requerida a la Secretaria del centre.<br \/>\nRequisits per a l&#8217;alumnat que ha obtingut el t\u00edtol GESO presencialment al nostre centre:<br \/>\n&#8211; T\u00edtol de&hellip;  <a href=\"https:\/\/agora.xtec.cat\/cfa-pau-casals\/secretaria\/tramits-administratius\/sollicitud-de-certificat-de-reconeixement-del-nivell-c1-de-catala\/\" title=\"Read Sol\u00b7licitud de certificat de reconeixement del nivell C1 de Catal\u00e0\">Llegeix m\u00e9s\u00bb<\/a><\/p>\n","protected":false},"author":1,"featured_media":0,"parent":1157,"menu_order":2,"comment_status":"closed","ping_status":"closed","template":"page-templates\/side-menu.php","meta":{"_bbp_topic_count":0,"_bbp_reply_count":0,"_bbp_total_topic_count":0,"_bbp_total_reply_count":0,"_bbp_voice_count":0,"_bbp_anonymous_reply_count":0,"_bbp_topic_count_hidden":0,"_bbp_reply_count_hidden":0,"_bbp_forum_subforum_count":0,"footnotes":""},"class_list":["post-1305","page","type-page","status-publish","hentry"],"post_mailing_queue_ids":[],"_links":{"self":[{"href":"https:\/\/agora.xtec.cat\/cfa-pau-casals\/wp-json\/wp\/v2\/pages\/1305","targetHints":{"allow":["GET"]}}],"collection":[{"href":"https:\/\/agora.xtec.cat\/cfa-pau-casals\/wp-json\/wp\/v2\/pages"}],"about":[{"href":"https:\/\/agora.xtec.cat\/cfa-pau-casals\/wp-json\/wp\/v2\/types\/page"}],"author":[{"embeddable":true,"href":"https:\/\/agora.xtec.cat\/cfa-pau-casals\/wp-json\/wp\/v2\/users\/1"}],"replies":[{"embeddable":true,"href":"https:\/\/agora.xtec.cat\/cfa-pau-casals\/wp-json\/wp\/v2\/comments?post=1305"}],"version-history":[{"count":4,"href":"https:\/\/agora.xtec.cat\/cfa-pau-casals\/wp-json\/wp\/v2\/pages\/1305\/revisions"}],"predecessor-version":[{"id":1703,"href":"https:\/\/agora.xtec.cat\/cfa-pau-casals\/wp-json\/wp\/v2\/pages\/1305\/revisions\/1703"}],"up":[{"embeddable":true,"href":"https:\/\/agora.xtec.cat\/cfa-pau-casals\/wp-json\/wp\/v2\/pages\/1157"}],"wp:attachment":[{"href":"https:\/\/agora.xtec.cat\/cfa-pau-casals\/wp-json\/wp\/v2\/media?parent=1305"}],"curies":[{"name":"wp","href":"https:\/\/api.w.org\/{rel}","templated":true}]}}