{"id":1144,"date":"2021-03-12T17:23:12","date_gmt":"2021-03-12T16:23:12","guid":{"rendered":"https:\/\/agora.xtec.cat\/cfa-pau-casals\/?page_id=1144"},"modified":"2026-04-14T10:23:59","modified_gmt":"2026-04-14T08:23:59","slug":"horari-datencio-al-public","status":"publish","type":"page","link":"https:\/\/agora.xtec.cat\/cfa-pau-casals\/secretaria\/horari-datencio-al-public\/","title":{"rendered":"Horari d&#8217;atenci\u00f3 al p\u00fablic"},"content":{"rendered":"<p><strong>Horari d&#8217;atenci\u00f3 al p\u00fablic (Provisional)\u00a0<\/strong><\/p>\n<p>Dilluns:<\/p>\n<ul>\n<li>Mat\u00ed: 9:30h &#8211; 12:00h<\/li>\n<li>Tarda: 15:30h &#8211; 17:30h<\/li>\n<\/ul>\n<p>Dimarts:<\/p>\n<ul>\n<li>Mat\u00ed: 10:30h &#8211; 13:00h<\/li>\n<li>Tarda: 15:30h &#8211; 17:30h<\/li>\n<\/ul>\n<p>Dimecres:<\/p>\n<ul>\n<li>Mat\u00ed: 10:30h &#8211; 13:00h<\/li>\n<li>Tarda: 15:30h &#8211; 17:30h<\/li>\n<\/ul>\n<p>Dijous:<\/p>\n<ul>\n<li>Mat\u00ed: 9:30h &#8211; 12:00h<\/li>\n<\/ul>\n<p>Divendres:<\/p>\n<ul>\n<li>Mat\u00ed: 9:30h &#8211; 12:00h<\/li>\n<\/ul>\n","protected":false},"excerpt":{"rendered":"<p>Horari d&#8217;atenci\u00f3 al p\u00fablic (Provisional)\u00a0<br \/>\nDilluns:<\/p>\n<ul>\n<li>Mat\u00ed: 9:30h &#8211; 12:00h<\/li>\n<li>Tarda: 15:30h &#8211; 17:30h<\/li>\n<\/ul>\n<p>Dimarts:<\/p>\n<ul>\n<li>Mat\u00ed: 10:30h &#8211; 13:00h<\/li>\n<li>Tarda: 15:30h &#8211; 17:30h<\/li>\n<\/ul>\n<p>Dimecres:<\/p>\n<ul>\n<li>Mat\u00ed: 10:30h &#8211; 13:00h<\/li>\n<li>Tarda: 15:30h &#8211; 17:30h<\/li>\n<\/ul>\n<p>Dijous:<\/p>\n<ul>\n<li>Mat\u00ed: 9:30h &#8211; 12:00h<\/li>\n<\/ul>\n<p>Divendres:<\/p>\n<ul>\n<li>Mat\u00ed: 9:30h &#8211; 12:00h<\/li>\n<\/ul>\n","protected":false},"author":1,"featured_media":0,"parent":81,"menu_order":41,"comment_status":"closed","ping_status":"closed","template":"page-templates\/side-menu.php","meta":{"_bbp_topic_count":0,"_bbp_reply_count":0,"_bbp_total_topic_count":0,"_bbp_total_reply_count":0,"_bbp_voice_count":0,"_bbp_anonymous_reply_count":0,"_bbp_topic_count_hidden":0,"_bbp_reply_count_hidden":0,"_bbp_forum_subforum_count":0,"footnotes":""},"class_list":["post-1144","page","type-page","status-publish","hentry"],"post_mailing_queue_ids":[],"_links":{"self":[{"href":"https:\/\/agora.xtec.cat\/cfa-pau-casals\/wp-json\/wp\/v2\/pages\/1144","targetHints":{"allow":["GET"]}}],"collection":[{"href":"https:\/\/agora.xtec.cat\/cfa-pau-casals\/wp-json\/wp\/v2\/pages"}],"about":[{"href":"https:\/\/agora.xtec.cat\/cfa-pau-casals\/wp-json\/wp\/v2\/types\/page"}],"author":[{"embeddable":true,"href":"https:\/\/agora.xtec.cat\/cfa-pau-casals\/wp-json\/wp\/v2\/users\/1"}],"replies":[{"embeddable":true,"href":"https:\/\/agora.xtec.cat\/cfa-pau-casals\/wp-json\/wp\/v2\/comments?post=1144"}],"version-history":[{"count":6,"href":"https:\/\/agora.xtec.cat\/cfa-pau-casals\/wp-json\/wp\/v2\/pages\/1144\/revisions"}],"predecessor-version":[{"id":3247,"href":"https:\/\/agora.xtec.cat\/cfa-pau-casals\/wp-json\/wp\/v2\/pages\/1144\/revisions\/3247"}],"up":[{"embeddable":true,"href":"https:\/\/agora.xtec.cat\/cfa-pau-casals\/wp-json\/wp\/v2\/pages\/81"}],"wp:attachment":[{"href":"https:\/\/agora.xtec.cat\/cfa-pau-casals\/wp-json\/wp\/v2\/media?parent=1144"}],"curies":[{"name":"wp","href":"https:\/\/api.w.org\/{rel}","templated":true}]}}