{"id":868,"date":"2016-05-20T12:51:18","date_gmt":"2016-05-20T11:51:18","guid":{"rendered":"http:\/\/agora.xtec.cat\/cfa-montseny\/?page_id=868"},"modified":"2021-11-03T12:44:30","modified_gmt":"2021-11-03T11:44:30","slug":"a-la-universitat-per-majors-de-25-anys","status":"publish","type":"page","link":"https:\/\/agora.xtec.cat\/cfa-montseny\/ensenyaments\/ensenyaments-per-a-la-preparacio-de-proves-dacces\/a-la-universitat-per-majors-de-25-anys\/","title":{"rendered":"A la Universitat per majors de 25 anys"},"content":{"rendered":"<p>El curs t\u00e9 com a objectiu preparar l&#8217;alumnat per presentar-se a les proves d&#8217;acc\u00e9s a la Universitat per majors de 25 anys.<\/p>\n<p><strong>Nivells<\/strong><\/p>\n<ul>\n<li>Preparaci\u00f3 per a les proves d&#8217;acc\u00e9s a la Universitat per majors de 25 anys<\/li>\n<\/ul>\n<p><strong>Durada<\/strong><\/p>\n<ul>\n<li>De setembre a abril (fins a la data de convocat\u00f2ria de les proves).<\/li>\n<\/ul>\n<p><strong>Requisits<br \/>\n<\/strong><\/p>\n<ul>\n<li>Poden accedir a aquests estudis les persones m\u00e9s grans de 25 anys o que els compleixin l&#8217;any natural en qu\u00e8 es realitza la prova.<\/li>\n<li>Les persones que hi volen accedir no han de tenir superades les PAU (o equivalent), no han d&#8217;estar en possessi\u00f3 d&#8217;un t\u00edtol de t\u00e8cnic superior de formaci\u00f3 professional, d&#8217;arts pl\u00e0stiques i disseny o d&#8217;esports (o equivalent), ni tenir cap titulaci\u00f3 universit\u00e0ria.<\/li>\n<li>S&#8217;ha de tenir el graduat en Educaci\u00f3 Secund\u00e0ria Obligat\u00f2ria (ESO) o equivalent.<\/li>\n<\/ul>\n<p><strong>Convalidacions i acreditacions<br \/>\n<\/strong><\/p>\n<p><strong>Curr\u00edculum<br \/>\n<\/strong><\/p>\n<ul>\n<li><a href=\"http:\/\/universitatsirecerca.gencat.cat\/ca\/03_ambits_dactuacio\/acces_i_admissio_a_la_universitat\/proves_dacces_per_a_mes_grans_de_25_anys\/\">Portal de la Generalitat de Catalunya d&#8217;acc\u00e9s i admissi\u00f3 a la Universitat per a majors de 25 anys.<\/a><\/li>\n<\/ul>\n<p><strong>Aula virtual<\/strong><\/p>\n<ul>\n<li><a href=\"http:\/\/agora.xtec.cat\/cfa-montseny\/moodle\/\">Moodle del CFA Montseny<\/a><\/li>\n<\/ul>\n<p><strong>Avaluaci\u00f3<\/strong><\/p>\n<ul>\n<li>Es fa una avaluaci\u00f3 cont\u00ednua de l\u2019alumnat al llarg del curs de les diferents mat\u00e8ries.<\/li>\n<\/ul>\n<p><strong>Promoci\u00f3 de curs i\/o obtenci\u00f3 de certificaci\u00f3<\/strong><\/p>\n<ul>\n<li>Un cop acabat el curs de preparaci\u00f3, l\u2019alumnat es pot presentar a les proves d\u2019acc\u00e9s a la Universitat per majors de 25 anys.<\/li>\n<\/ul>\n<p><strong>Franja hor\u00e0ria pel curs 2021-2022<br \/>\n<\/strong><\/p>\n<ul>\n<li>Dilluns i dimarts de 18h a 20.30h<\/li>\n<li>Dimecres de 17.30h a 20.30h<\/li>\n<\/ul>\n<p>&nbsp;<\/p>\n","protected":false},"excerpt":{"rendered":"<p>El curs t\u00e9 com a objectiu preparar l&#8217;alumnat per presentar-se a les proves d&#8217;acc\u00e9s a la Universitat per majors de 25 anys.<br \/>\nNivells<\/p>\n<ul>\n<li>Preparaci\u00f3 per a les proves d&#8217;acc\u00e9s a la Universitat per majors de 25 anys<\/li>\n<\/ul>\n<p>Durada<\/p>\n<ul>\n<li>De setembre a abril (fins a la data de convocat\u00f2ria de&hellip;  <a href=\"https:\/\/agora.xtec.cat\/cfa-montseny\/ensenyaments\/ensenyaments-per-a-la-preparacio-de-proves-dacces\/a-la-universitat-per-majors-de-25-anys\/\" title=\"Read A la Universitat per majors de 25 anys\">Llegeix m\u00e9s\u00bb<\/a><br \/>\n","protected":false},"author":1,"featured_media":0,"parent":288,"menu_order":0,"comment_status":"closed","ping_status":"closed","template":"","meta":{"_bbp_topic_count":0,"_bbp_reply_count":0,"_bbp_total_topic_count":0,"_bbp_total_reply_count":0,"_bbp_voice_count":0,"_bbp_anonymous_reply_count":0,"_bbp_topic_count_hidden":0,"_bbp_reply_count_hidden":0,"_bbp_forum_subforum_count":0,"footnotes":""},"class_list":["post-868","page","type-page","status-publish","hentry"],"post_mailing_queue_ids":[],"_links":{"self":[{"href":"https:\/\/agora.xtec.cat\/cfa-montseny\/wp-json\/wp\/v2\/pages\/868","targetHints":{"allow":["GET"]}}],"collection":[{"href":"https:\/\/agora.xtec.cat\/cfa-montseny\/wp-json\/wp\/v2\/pages"}],"about":[{"href":"https:\/\/agora.xtec.cat\/cfa-montseny\/wp-json\/wp\/v2\/types\/page"}],"author":[{"embeddable":true,"href":"https:\/\/agora.xtec.cat\/cfa-montseny\/wp-json\/wp\/v2\/users\/1"}],"replies":[{"embeddable":true,"href":"https:\/\/agora.xtec.cat\/cfa-montseny\/wp-json\/wp\/v2\/comments?post=868"}],"version-history":[{"count":4,"href":"https:\/\/agora.xtec.cat\/cfa-montseny\/wp-json\/wp\/v2\/pages\/868\/revisions"}],"predecessor-version":[{"id":3478,"href":"https:\/\/agora.xtec.cat\/cfa-montseny\/wp-json\/wp\/v2\/pages\/868\/revisions\/3478"}],"up":[{"embeddable":true,"href":"https:\/\/agora.xtec.cat\/cfa-montseny\/wp-json\/wp\/v2\/pages\/288"}],"wp:attachment":[{"href":"https:\/\/agora.xtec.cat\/cfa-montseny\/wp-json\/wp\/v2\/media?parent=868"}],"curies":[{"name":"wp","href":"https:\/\/api.w.org\/{rel}","templated":true}]}}