{"id":261,"date":"2015-01-27T17:25:01","date_gmt":"2015-01-27T16:25:01","guid":{"rendered":"http:\/\/agora.xtec.cat\/cfa-montmelo\/?page_id=261"},"modified":"2023-05-03T14:38:55","modified_gmt":"2023-05-03T12:38:55","slug":"el-centre","status":"publish","type":"page","link":"https:\/\/agora.xtec.cat\/cfa-montmelo\/el-centre\/","title":{"rendered":"El Centre"},"content":{"rendered":"<p>El Centre de formaci\u00f3 de Persones Adutles de Montmel\u00f3, present a tot el territori<\/p>\n<p>El centre de formaci\u00f3 de persones adultes de Montmel\u00f3 (CFA) vol ser molt present al territori. El principal objectiu \u00e9s donar prioritat al treball cooperatiu i crear sinergies en el territori, per aix\u00f2 apostem per col\u00b7laboracions amb diferents equipaments i serveis municipals, oferint formacions impartides per col\u00b7lectius presents al municipi. En s\u00f3n exemple el taller de lectura amb el Centre Ocupacional El Trencad\u00eds, la formaci\u00f3 d\u2019aprenentatge de la llengua amb l\u2019Escola de M\u00fasica, el grup de conversa i parelles digitals amb l\u2019IES Montmel\u00f3, els cursos amb el Casal de la Gent Gran o el monogr\u00e0fic d\u2019Excel, Word i internet amb Promoci\u00f3 Econ\u00f2mica de l\u2019Ajuntament.<\/p>\n","protected":false},"excerpt":{"rendered":"<p>El Centre de formaci\u00f3 de Persones Adutles de Montmel\u00f3, present a tot el territori<br \/>\nEl centre de formaci\u00f3 de persones adultes de Montmel\u00f3 (CFA) vol ser molt present al territori. El principal objectiu \u00e9s donar prioritat al treball cooperatiu i crear sinergies en el territori, per&hellip;  <a href=\"https:\/\/agora.xtec.cat\/cfa-montmelo\/el-centre\/\" title=\"Read El Centre\">Llegeix m\u00e9s\u00bb<\/a><\/p>\n","protected":false},"author":1,"featured_media":0,"parent":0,"menu_order":0,"comment_status":"closed","ping_status":"closed","template":"page-templates\/side-menu.php","meta":{"_bbp_topic_count":0,"_bbp_reply_count":0,"_bbp_total_topic_count":0,"_bbp_total_reply_count":0,"_bbp_voice_count":0,"_bbp_anonymous_reply_count":0,"_bbp_topic_count_hidden":0,"_bbp_reply_count_hidden":0,"_bbp_forum_subforum_count":0,"footnotes":""},"class_list":["post-261","page","type-page","status-publish","hentry"],"post_mailing_queue_ids":[],"_links":{"self":[{"href":"https:\/\/agora.xtec.cat\/cfa-montmelo\/wp-json\/wp\/v2\/pages\/261","targetHints":{"allow":["GET"]}}],"collection":[{"href":"https:\/\/agora.xtec.cat\/cfa-montmelo\/wp-json\/wp\/v2\/pages"}],"about":[{"href":"https:\/\/agora.xtec.cat\/cfa-montmelo\/wp-json\/wp\/v2\/types\/page"}],"author":[{"embeddable":true,"href":"https:\/\/agora.xtec.cat\/cfa-montmelo\/wp-json\/wp\/v2\/users\/1"}],"replies":[{"embeddable":true,"href":"https:\/\/agora.xtec.cat\/cfa-montmelo\/wp-json\/wp\/v2\/comments?post=261"}],"version-history":[{"count":2,"href":"https:\/\/agora.xtec.cat\/cfa-montmelo\/wp-json\/wp\/v2\/pages\/261\/revisions"}],"predecessor-version":[{"id":420,"href":"https:\/\/agora.xtec.cat\/cfa-montmelo\/wp-json\/wp\/v2\/pages\/261\/revisions\/420"}],"wp:attachment":[{"href":"https:\/\/agora.xtec.cat\/cfa-montmelo\/wp-json\/wp\/v2\/media?parent=261"}],"curies":[{"name":"wp","href":"https:\/\/api.w.org\/{rel}","templated":true}]}}