{"id":322,"date":"2023-06-09T13:00:17","date_gmt":"2023-06-09T11:00:17","guid":{"rendered":"http:\/\/agora.xtec.cat\/cfa-montblanc\/?page_id=322"},"modified":"2023-07-25T15:57:07","modified_gmt":"2023-07-25T13:57:07","slug":"a-la-universitat-per-a-majors-de-25-anys","status":"publish","type":"page","link":"https:\/\/agora.xtec.cat\/cfa-montblanc\/ensenyaments\/ensenyaments-per-a-la-preparacio-de-proves-dacces\/a-la-universitat-per-a-majors-de-25-anys\/","title":{"rendered":"A la universitat per a majors de 25 anys i majors de 45 anys"},"content":{"rendered":"<p dir=\"ltr\">Les proves d&#8217;acc\u00e9s s\u00f3n amb perioditzaci\u00f3 anual i cada candidat disposa d\u2019un nombre il\u00b7limitat de convocat\u00f2ries per superar-les. Una vegada superada la prova d\u2019acc\u00e9s, els candidats podran presentar-se de nou en convocat\u00f2ries posteriors per millorar la qualificaci\u00f3.<\/p>\n<ul>\n<li dir=\"ltr\" aria-level=\"1\">\n<p dir=\"ltr\" role=\"presentation\">La prova d\u2019acc\u00e9s a la universitat per a <strong>m\u00e9s grans de 25 anys<\/strong>, un cop superada, t\u00e9 validesa indefinida Aquesta prova consta de dues parts, la Fase General (Comentari de text; Llengua Catalana; Llengua Castellana; Llengua estrangera) i la Fase Espec\u00edfica (dues mat\u00e8ries de modalitat).<\/p>\n<\/li>\n<\/ul>\n<ul>\n<li style=\"list-style-type: none;\">\n<ul>\n<li style=\"list-style-type: none;\">\n<ul style=\"list-style-type: circle;\">\n<li dir=\"ltr\" role=\"presentation\">Cal tenir 25 anys abans de l&#8217;1 d&#8217;octubre del curs actual.<\/li>\n<li dir=\"ltr\" role=\"presentation\"><span style=\"font-family: inherit; font-size: 1em;\">M\u00e9s informaci\u00f3: <\/span><a style=\"font-family: inherit; font-size: 1em;\" href=\"https:\/\/www.educaweb.cat\/continguts\/educatius\/estudis-universitaris\/vies-acces-universitat\/acces-universitat-majors-25-anys\/\" target=\"_blank\" rel=\"noopener\">Acc\u00e9s i admissi\u00f3 a la Universitat majors de 25 anys<\/a><\/li>\n<\/ul>\n<\/li>\n<\/ul>\n<\/li>\n<\/ul>\n<ul>\n<li style=\"list-style-type: none;\"><\/li>\n<\/ul>\n<ul>\n<li dir=\"ltr\" aria-level=\"1\">\n<p dir=\"ltr\" role=\"presentation\">Per accedir a la universitat via <strong>m\u00e9s grans de 45 anys<\/strong> cal superar una prova d\u2019acc\u00e9s (nom\u00e9s la part de la Fase General) i realitzar una entrevista personal. La prova d\u2019acc\u00e9s, un cop superada, t\u00e9 validesa indefinida, mentre que l\u2019entrevista personal, obligat\u00f2ria i amb resoluci\u00f3 final d\u2019apte, t\u00e9 una validesa de tres anys, \u00fanicament per a l&#8217;estudi de grau i universitat a la qual s&#8217;ha presentat l&#8217;estudiant.<\/p>\n<div class=\"page\" title=\"Page 1\">\n<ul style=\"list-style-type: circle;\">\n<li>Tenir 45 anys abans de l\u20191 d\u2019octubre del curs actual.<\/li>\n<li><span style=\"font-family: inherit; font-size: 1em;\">M\u00e9s informaci\u00f3:\u00a0 <\/span><a style=\"font-family: inherit; font-size: 1em;\" href=\"https:\/\/www.educaweb.cat\/continguts\/educatius\/estudis-universitaris\/vies-acces-universitat\/acces-universitat-majors-45-anys\/\" target=\"_blank\" rel=\"noopener\">Acc\u00e9s i admisi\u00f3 a la Universitat majors de 45 anys<\/a><\/li>\n<\/ul>\n<\/div>\n<\/li>\n<\/ul>\n<ul>\n<li>Durada i horaris: <span style=\"font-family: inherit; font-size: 1em;\">De setembre a la data de convocato\u0300ria de la prova. Torn de <\/span>tarda. L<span style=\"font-family: inherit; font-size: 1em;\">\u2019horari varia en funcio\u0301 de les mate\u0300ries matriculades.<\/span><\/li>\n<\/ul>\n","protected":false},"excerpt":{"rendered":"<p>Les proves d&#8217;acc\u00e9s s\u00f3n amb perioditzaci\u00f3 anual i cada candidat disposa d\u2019un nombre il\u00b7limitat de convocat\u00f2ries per superar-les. Una vegada superada la prova d\u2019acc\u00e9s, els candidats podran presentar-se de nou en convocat\u00f2ries posteriors per millorar la qualificaci\u00f3.<\/p>\n<ul>\n<li dir=\"ltr\" aria-level=\"1\">\nLa prova d\u2019acc\u00e9s a la universitat per&hellip;  <a href=\"https:\/\/agora.xtec.cat\/cfa-montblanc\/ensenyaments\/ensenyaments-per-a-la-preparacio-de-proves-dacces\/a-la-universitat-per-a-majors-de-25-anys\/\" title=\"Read A la universitat per a majors de 25 anys i majors de 45 anys\">Llegeix m\u00e9s\u00bb<\/a><\/p>\n","protected":false},"author":1,"featured_media":0,"parent":288,"menu_order":0,"comment_status":"closed","ping_status":"closed","template":"page-templates\/side-menu.php","meta":{"_bbp_topic_count":0,"_bbp_reply_count":0,"_bbp_total_topic_count":0,"_bbp_total_reply_count":0,"_bbp_voice_count":0,"_bbp_anonymous_reply_count":0,"_bbp_topic_count_hidden":0,"_bbp_reply_count_hidden":0,"_bbp_forum_subforum_count":0,"footnotes":""},"class_list":["post-322","page","type-page","status-publish","hentry"],"post_mailing_queue_ids":[],"_links":{"self":[{"href":"https:\/\/agora.xtec.cat\/cfa-montblanc\/wp-json\/wp\/v2\/pages\/322","targetHints":{"allow":["GET"]}}],"collection":[{"href":"https:\/\/agora.xtec.cat\/cfa-montblanc\/wp-json\/wp\/v2\/pages"}],"about":[{"href":"https:\/\/agora.xtec.cat\/cfa-montblanc\/wp-json\/wp\/v2\/types\/page"}],"author":[{"embeddable":true,"href":"https:\/\/agora.xtec.cat\/cfa-montblanc\/wp-json\/wp\/v2\/users\/1"}],"replies":[{"embeddable":true,"href":"https:\/\/agora.xtec.cat\/cfa-montblanc\/wp-json\/wp\/v2\/comments?post=322"}],"version-history":[{"count":4,"href":"https:\/\/agora.xtec.cat\/cfa-montblanc\/wp-json\/wp\/v2\/pages\/322\/revisions"}],"predecessor-version":[{"id":777,"href":"https:\/\/agora.xtec.cat\/cfa-montblanc\/wp-json\/wp\/v2\/pages\/322\/revisions\/777"}],"up":[{"embeddable":true,"href":"https:\/\/agora.xtec.cat\/cfa-montblanc\/wp-json\/wp\/v2\/pages\/288"}],"wp:attachment":[{"href":"https:\/\/agora.xtec.cat\/cfa-montblanc\/wp-json\/wp\/v2\/media?parent=322"}],"curies":[{"name":"wp","href":"https:\/\/api.w.org\/{rel}","templated":true}]}}