{"id":320,"date":"2023-06-09T11:35:13","date_gmt":"2023-06-09T09:35:13","guid":{"rendered":"http:\/\/agora.xtec.cat\/cfa-montblanc\/?page_id=320"},"modified":"2023-07-25T15:55:43","modified_gmt":"2023-07-25T13:55:43","slug":"a-cicles-formatius-de-grau-superior","status":"publish","type":"page","link":"https:\/\/agora.xtec.cat\/cfa-montblanc\/ensenyaments\/ensenyaments-per-a-la-preparacio-de-proves-dacces\/a-cicles-formatius-de-grau-superior\/","title":{"rendered":"A cicles formatius de grau superior"},"content":{"rendered":"<p dir=\"ltr\">El Centre de Formaci\u00f3 d&#8217;Adults de Montblanc prepara per a la prova d&#8217;acc\u00e9s al Grau Superior que es realitzar\u00e0 als Instituts p\u00fablics durant el mes de maig.<\/p>\n<ul>\n<li>Durada i horaris: De setembre a la data de convocato\u0300ria de la prova. Torn de mat\u00ed.<\/li>\n<\/ul>\n<p dir=\"ltr\"><a href=\"https:\/\/educacio.gencat.cat\/ca\/serveis-tramits\/proves\/proves-acces\/gs-fp\/\" target=\"_blank\" rel=\"noopener\">Tota la informaci\u00f3 a gencat.cat<\/a><\/p>\n<p dir=\"ltr\"><strong>Objectiu de la prova. <\/strong>El Departament d\u2019Ensenyament convoca:<\/p>\n<p dir=\"ltr\">\u00a0a)\u00a0 les proves d\u2019acc\u00e9s als cicles formatius de grau superior de formaci\u00f3 professional; i<\/p>\n<p dir=\"ltr\">\u00a0b)\u00a0 les proves d\u2019acc\u00e9s als ensenyament d\u2019esport i art que condueixen a l\u2019obtenci\u00f3 de les titulacions oficials de t\u00e8cnic\/a superior d\u2019esport i a les formacions esportives de nivell 3.<\/p>\n<p dir=\"ltr\">L\u2019objectiu de la prova \u00e9s que les persones que no tenen la titulaci\u00f3 exigida per matricular-se en un cicle formatiu, i que demostrin una preparaci\u00f3 suficient, puguin cursar aquests ensenyaments.<\/p>\n<ul>\n<li dir=\"ltr\" aria-level=\"1\">\n<p dir=\"ltr\" role=\"presentation\">El fet de superar-la d\u00f3na dret a cursar un cicle formatiu, per\u00f2 no garanteix el dret a una pla\u00e7a escolar.<\/p>\n<\/li>\n<li dir=\"ltr\" aria-level=\"1\">\n<p dir=\"ltr\" role=\"presentation\">La superaci\u00f3 de la prova t\u00e9 validesa permanent a\u00a0 Catalunya i a l\u2019Estat espanyol.<\/p>\n<\/li>\n<li dir=\"ltr\" aria-level=\"1\">\n<p dir=\"ltr\" role=\"presentation\">No equival a cap titulaci\u00f3 acad\u00e8mica, nom\u00e9s faculta a qui no t\u00e9 la titulaci\u00f3 exigida poder-se matricular a un cicle formatiu de Grau Superior.<\/p>\n<\/li>\n<\/ul>\n<p dir=\"ltr\"><strong>Requisits<\/strong><\/p>\n<ul>\n<li dir=\"ltr\" aria-level=\"1\">\n<p dir=\"ltr\" role=\"presentation\">Per inscriure&#8217;s a la prova cal tenir 19 anys o m\u00e9s (o complir-los l&#8217;any de la prova) i no tenir cap titulaci\u00f3 acad\u00e8mica o d&#8217;ensenyaments equivalents que permeten l&#8217;acc\u00e9s directe a la formaci\u00f3 professional (batxillerat o equivalent, o curs espec\u00edfic d&#8217;acc\u00e9s).<\/p>\n<\/li>\n<\/ul>\n<p dir=\"ltr\"><b>Contingut de la prova<\/b><\/p>\n<p dir=\"ltr\">Les mat\u00e8ries de la part comuna consten de diversos blocs: en el\u00a0 Bloc 1 hi ha\u00a0 Llengua catalana i llengua castellana, en el Bloc 2:\u00a0 Matem\u00e0tiques o Hist\u00f2ria<em> (per E. Art\u00edstics i E. Esportius)<\/em> i finalment\u00a0 Llengua estrangera (angl\u00e8s, franc\u00e8s o alemany).<\/p>\n<p dir=\"ltr\">* Les mat\u00e8ries de la part espec\u00edfica de la Formaci\u00f3 Professional, estan organitzades per opcions.<\/p>\n<p dir=\"ltr\">Es podran fer\u00a0 a dist\u00e0ncia (IOC- Institut Obert de Catalunya) vegeu el <a href=\"http:\/\/ensenyament.gencat.cat\/web\/.content\/home\/serveis-tramits\/proves\/proves-acces\/_compartits\/opcions-materies-GS-FP.pdf\" target=\"_blank\" rel=\"noopener\">quadre de mat\u00e8ries d&#8217;opcions<\/a> segons fam\u00edlia i cicle formatiu que teniu a l&#8217;opci\u00f3 contingut de la prova. Existeix la possibilitat d&#8217;exempci\u00f3 en funci\u00f3 de l&#8217;experi\u00e8ncia laboral.<\/p>\n<p dir=\"ltr\">\u00a0\u00a0\u00a0\u00a0\u00a0\u00a0\u00a0\u00a0Cal escollir dues mat\u00e8ries espec\u00edfiques:<\/p>\n<ul>\n<li dir=\"ltr\" aria-level=\"1\">\n<p dir=\"ltr\" role=\"presentation\">OPCI\u00d3 A: Dibuix t\u00e8cnic;\u00a0 F\u00edsica;\u00a0 Tecnologia industrial<\/p>\n<\/li>\n<li dir=\"ltr\" aria-level=\"1\">\n<p dir=\"ltr\" role=\"presentation\">OPCI\u00d3 B: Biologia;\u00a0 Ci\u00e8ncies de la terra i medi ambient;\u00a0 Qu\u00edmica<\/p>\n<\/li>\n<li dir=\"ltr\" aria-level=\"1\">\n<p dir=\"ltr\" role=\"presentation\">OPCI\u00d3 C: Economia de l&#8217;empresa;\u00a0 Geografia;\u00a0 Psicologia i sociologia;\u00a0 Segona llengua estrangera<\/p>\n<\/li>\n<li dir=\"ltr\" aria-level=\"1\">\n<p dir=\"ltr\" role=\"presentation\">OPCI\u00d3 D: Educaci\u00f3 f\u00edsica i una de les mat\u00e8ries seg\u00fcent: Biologia;\u00a0 Ci\u00e8ncies de la terra i medi ambient;\u00a0 Qu\u00edmica<\/p>\n<\/li>\n<\/ul>\n<p dir=\"ltr\">* La part espec\u00edfica per E. Art\u00edstics consta d&#8217;un exercici de cadascuna de les dues mat\u00e8ries de la modalitat d&#8217;arts del batxillerat que l&#8217;aspirant pot triar entre: dibuix art\u00edstic, dibuix t\u00e8cnic, cultura audiovisual i volum.<\/p>\n<p dir=\"ltr\">* La part espec\u00edfica per E. Esportius segueix un itinerari diferent segons cada especialitat esportiva. <a href=\"http:\/\/ensenyament.gencat.cat\/ca\/serveis-tramits\/proves\/proves-acces\/espec-esportius\/\" target=\"_blank\" rel=\"noopener\">Ensenyament Esportius (part espec\u00edfica)<\/a><\/p>\n<p dir=\"ltr\"><strong>Pautes de qualificaci\u00f3<\/strong><\/p>\n<p dir=\"ltr\">La qualificaci\u00f3 global de la prova est\u00e0 compresa entre 0 i 10 i s&#8217;obt\u00e9 de la mitjana aritm\u00e8tica de la part comuna i de la part espec\u00edfica per separat.<\/p>\n<p dir=\"ltr\">La qualificaci\u00f3 de la part comuna \u00e9s la mitjana aritm\u00e8tica de les quatre mat\u00e8ries que la conformen. La qualificaci\u00f3 de la part espec\u00edfica \u00e9s la mitjana aritm\u00e8tica de les dues mat\u00e8ries triades.<\/p>\n<p dir=\"ltr\">Les persones aspirants han d&#8217;obtenir una qualificaci\u00f3 m\u00ednima de 4 a cada una de les parts per fer la mitjana aritm\u00e8tica, de la qual s&#8217;obt\u00e9 la qualificaci\u00f3 global de la prova.<\/p>\n<p dir=\"ltr\">Les persones aspirants que obtenen una qualificaci\u00f3 inferior a 4 a cadascuna de les parts es declararan no aptes, i en cap cas a la qualificaci\u00f3 de la prova se n&#8217;hi pot sumar cap altra. Les persones aspirants que obtenen una qualificaci\u00f3 global igual o superior a 4, si escau, se&#8217;ls pot aplicar un 20% de la qualificaci\u00f3 obtinguda en el curs de preparaci\u00f3 o formaci\u00f3 per a la preparaci\u00f3 de la prova d&#8217;acc\u00e9s i la puntuaci\u00f3 relativa al curr\u00edculum formatiu, professional i d&#8217;experi\u00e8ncia.<\/p>\n<p dir=\"ltr\">La qualificaci\u00f3 final s&#8217;obt\u00e9 al sumar la qualificaci\u00f3 global i les puntuacions complement\u00e0ries a qu\u00e8 tingui dret l&#8217;aspirant. Si la qualificaci\u00f3 final \u00e9s igual o superior a 5, l&#8217;aspirant \u00e9s considerat apte.<\/p>\n<p dir=\"ltr\"><strong>Exempcions<\/strong><\/p>\n<p dir=\"ltr\">L&#8217;exempci\u00f3 de la mat\u00e8ria llengua catalana la poden demanar les persones que fa menys de dos anys que viuen a Catalunya i no han estat escolaritzades en catal\u00e0. La sol\u00b7licitud s\u00b4ha de fer al Servei d&#8217;Immersi\u00f3 i \u00das de la Llengua del Departament d\u00b4Educaci\u00f3 ( Via Augusta, 202-226, 08021 Barcelona).<\/p>\n<p dir=\"ltr\">L&#8217;exempci\u00f3 de la part espec\u00edfica la poden demanar:<\/p>\n<p dir=\"ltr\">a) Les persones que acreditin experi\u00e8ncia laboral en el sector professional del cicle a qu\u00e8 volen accedir (almenys d\u00b41 any com a oficial o aficiala de 2a o superior i de 3 anys com a oficial de 3a o categories inferiors).<\/p>\n<p dir=\"ltr\">b) Les persones que poden acreditar haver fet tasques de voluntariat (l\u00b4equivalent a 1 any laboral). Aplicable a la fam\u00edlia de serveis socioculturals i a la comunitat.<\/p>\n<p dir=\"ltr\">c) Les persones que poden acreditar experi\u00e8ncia equivalent a 1 any laboral en l\u00b4entrenament o la direcci\u00f3 d&#8217;equips d &#8216;elit (aplicable a la fam\u00edlia d&#8217;activitats f\u00edsiques i esportives)<\/p>\n<p dir=\"ltr\">d) Les persones que tinguin un t\u00edtol de t\u00e8cnic\/a del mateix grup d&#8217;itineraris que el cicle formatiu de grau superior a qu\u00e8 volen accedir. S\u00b4ha de demanar a qualsevol centre on es cursen cicles formatius de formaci\u00f3 professional inicial dependents del Departament d&#8217;Ensenyament.<\/p>\n<p dir=\"ltr\">En els casos a), b) i c) l\u00b4exempci\u00f3 s\u00b4ha de demanar a la Direcci\u00f3 General d\u00b4Ensenyaments Professionals, Art\u00edstics i Especialitzats.<\/p>\n<p>Si vols m\u00e9s detalls clica al seg\u00fcent enlla\u00e7: <a href=\"http:\/\/ensenyament.gencat.cat\/ca\/serveis-tramits\/proves\/\">Informaci\u00f3 general de la Generalitat de Catalunya sobre la prova<\/a>.<\/p>\n","protected":false},"excerpt":{"rendered":"<p>El Centre de Formaci\u00f3 d&#8217;Adults de Montblanc prepara per a la prova d&#8217;acc\u00e9s al Grau Superior que es realitzar\u00e0 als Instituts p\u00fablics durant el mes de maig.<\/p>\n<ul>\n<li>Durada i horaris: De setembre a la data de convocato\u0300ria de la prova. Torn de mat\u00ed.<\/li>\n<\/ul>\n<p><a href=\"https:\/\/educacio.gencat.cat\/ca\/serveis-tramits\/proves\/proves-acces\/gs-fp\/\" target=\"_blank\" rel=\"noopener\">Tota&hellip;  <a href=\"https:\/\/agora.xtec.cat\/cfa-montblanc\/ensenyaments\/ensenyaments-per-a-la-preparacio-de-proves-dacces\/a-cicles-formatius-de-grau-superior\/\" title=\"Read A cicles formatius de grau superior\">Llegeix m\u00e9s\u00bb<\/a><\/p>\n","protected":false},"author":1,"featured_media":0,"parent":288,"menu_order":0,"comment_status":"closed","ping_status":"closed","template":"page-templates\/side-menu.php","meta":{"_bbp_topic_count":0,"_bbp_reply_count":0,"_bbp_total_topic_count":0,"_bbp_total_reply_count":0,"_bbp_voice_count":0,"_bbp_anonymous_reply_count":0,"_bbp_topic_count_hidden":0,"_bbp_reply_count_hidden":0,"_bbp_forum_subforum_count":0,"footnotes":""},"class_list":["post-320","page","type-page","status-publish","hentry"],"post_mailing_queue_ids":[],"_links":{"self":[{"href":"https:\/\/agora.xtec.cat\/cfa-montblanc\/wp-json\/wp\/v2\/pages\/320","targetHints":{"allow":["GET"]}}],"collection":[{"href":"https:\/\/agora.xtec.cat\/cfa-montblanc\/wp-json\/wp\/v2\/pages"}],"about":[{"href":"https:\/\/agora.xtec.cat\/cfa-montblanc\/wp-json\/wp\/v2\/types\/page"}],"author":[{"embeddable":true,"href":"https:\/\/agora.xtec.cat\/cfa-montblanc\/wp-json\/wp\/v2\/users\/1"}],"replies":[{"embeddable":true,"href":"https:\/\/agora.xtec.cat\/cfa-montblanc\/wp-json\/wp\/v2\/comments?post=320"}],"version-history":[{"count":4,"href":"https:\/\/agora.xtec.cat\/cfa-montblanc\/wp-json\/wp\/v2\/pages\/320\/revisions"}],"predecessor-version":[{"id":776,"href":"https:\/\/agora.xtec.cat\/cfa-montblanc\/wp-json\/wp\/v2\/pages\/320\/revisions\/776"}],"up":[{"embeddable":true,"href":"https:\/\/agora.xtec.cat\/cfa-montblanc\/wp-json\/wp\/v2\/pages\/288"}],"wp:attachment":[{"href":"https:\/\/agora.xtec.cat\/cfa-montblanc\/wp-json\/wp\/v2\/media?parent=320"}],"curies":[{"name":"wp","href":"https:\/\/api.w.org\/{rel}","templated":true}]}}