{"id":316,"date":"2024-05-17T11:33:51","date_gmt":"2024-05-17T09:33:51","guid":{"rendered":"http:\/\/agora.xtec.cat\/cfa-montblanc\/?page_id=316"},"modified":"2024-05-17T11:17:24","modified_gmt":"2024-05-17T09:17:24","slug":"competencia-digital-competic","status":"publish","type":"page","link":"https:\/\/agora.xtec.cat\/cfa-montblanc\/ensenyaments\/ensenyaments-transprofessionals\/competencia-digital-competic\/","title":{"rendered":"Compet\u00e8ncia digital COMPETIC"},"content":{"rendered":"<p dir=\"ltr\">Els cursos d\u2019 inform\u00e0tica COMPETIC 1 i COMPETIC 2, pretenen facilitar el domini de les Tecnologies de la Informaci\u00f3 i de la Comunicaci\u00f3 en situacions \u00fatils i reals.<\/p>\n<p dir=\"ltr\"><a href=\"https:\/\/agora.xtec.cat\/cfa-montblanc\/wp-content\/uploads\/usu2536\/2021\/06\/actic.png\"><img loading=\"lazy\" decoding=\"async\" class=\"wp-image-500 alignleft\" src=\"https:\/\/agora.xtec.cat\/cfa-montblanc\/wp-content\/uploads\/usu2536\/2021\/06\/actic-1024x617.png\" alt=\"\" width=\"133\" height=\"80\" srcset=\"https:\/\/agora.xtec.cat\/cfa-montblanc\/wp-content\/uploads\/usu2536\/2021\/06\/actic-1024x617.png 1024w, https:\/\/agora.xtec.cat\/cfa-montblanc\/wp-content\/uploads\/usu2536\/2021\/06\/actic-300x181.png 300w, https:\/\/agora.xtec.cat\/cfa-montblanc\/wp-content\/uploads\/usu2536\/2021\/06\/actic-768x463.png 768w, https:\/\/agora.xtec.cat\/cfa-montblanc\/wp-content\/uploads\/usu2536\/2021\/06\/actic.png 1200w\" sizes=\"auto, (max-width: 133px) 100vw, 133px\" \/><\/a><\/p>\n<p dir=\"ltr\">Els certificats de compet\u00e8ncia digitat (COMPETIC) de l&#8217;educaci\u00f3 de persones adultes i els certificats de l&#8217;acreditaci\u00f3 de compet\u00e8ncies en tecnologies de la comunicaci\u00f3 (ACTIC), s\u00f3n equivalents segons el DOGC n\u00fam. 6508, de 25.11.2013. \u00a0 Enlla\u00e7: <a href=\"https:\/\/dogc.gencat.cat\/ca\/pdogc_canals_interns\/pdogc_resultats_fitxa\/?documentId=649126&amp;language=ca_ES&amp;action=fitxa\">Ordre ENS\/290\/2013<\/a><\/p>\n<p>&nbsp;<\/p>\n<h3 dir=\"ltr\">Competic 1<\/h3>\n<ul>\n<li>El nivell <strong>COMPETIC 1<\/strong> (equivalent a l&#8217;<strong>ACTIC B\u00c0SIC<\/strong>) engloba les 6 compet\u00e8ncies seg\u00fcents:<\/li>\n<\/ul>\n<p>C1) Cultura, participaci\u00f3 i civisme digital. El seu objectiu \u00e9s utilitzar de forma eficient, c\u00edvica i segura els recursos de qu\u00e8 disposa la ciutadania en la societat digital.<\/p>\n<p dir=\"ltr\" role=\"presentation\">C2) Tecnologia digital, \u00fas de l\u2019ordinador i del sistema operatiu. El seu objectiu \u00e9s utilitzar les funcions b\u00e0siques d\u2019un equip inform\u00e0tic i del seu sistema operatiu, aplicant els fonaments de la tecnologia digital.<\/p>\n<p dir=\"ltr\" role=\"presentation\">C3) Navegaci\u00f3 i comunicaci\u00f3 en el m\u00f3n digital. El seu objectiu \u00e9s utilitzar els serveis disponibles a la xarxa per a la recerca d\u2019informaci\u00f3, aplicant criteris de restricci\u00f3 adequats i registrant i emmagatzemant la informaci\u00f3 si s\u2019escau.<\/p>\n<p dir=\"ltr\" role=\"presentation\">C4) Tractament de la informaci\u00f3 escrita. El seu objectiu \u00e9s emprar un processador de textos per crear, tractar, elaborar i presentar informaci\u00f3 i textos, destinats a ser impresos o publicats a Internet.<\/p>\n<p dir=\"ltr\" role=\"presentation\">C5) Tractament de la informaci\u00f3 gr\u00e0fica, sonora i de la imatge en moviment. El seu objectiu \u00e9s tractar la informaci\u00f3 gr\u00e0fica, sonora i imatges fixes i en moviment.<\/p>\n<p dir=\"ltr\" role=\"presentation\">C6) Tractament de la informaci\u00f3 num\u00e8rica. El seu objectiu \u00e9s crear i utilitzar fulls de c\u00e0lcul i aplicar-los a aquelles activitats que requereixen l\u2019\u00fas d\u2019operacions i funcions.<\/p>\n<ul>\n<li dir=\"ltr\">Treball de s\u00edntesi. Realitzaci\u00f3 d&#8217;un projecte final en suport digital, que integri els diferents coneixements, continguts i compet\u00e8ncies adquirides.<\/li>\n<li>Durada i horaris: Tot un curs acad\u00e8mic, dos dies a la setmana, 3 hores setmanals de mat\u00ed.<\/li>\n<\/ul>\n<hr \/>\n<h3 dir=\"ltr\">Competic 2<\/h3>\n<ul>\n<li dir=\"ltr\">El nivell <strong>COMPETIC 2<\/strong>\u00a0 (equivalent a l&#8217;<strong>ACTIC MITJ\u00c0<\/strong>) engloba les 8 compet\u00e8ncies seg\u00fcents:<\/li>\n<\/ul>\n<p>C1) Cultura, participaci\u00f3 i civisme digital. El seu objectiu \u00e9s utilitzar de forma eficient, c\u00edvica i segura els recursos de qu\u00e8 disposa la ciutadania en la societat digital.<\/p>\n<p dir=\"ltr\" role=\"presentation\">C2) Tecnologia digital, \u00fas de l\u2019ordinador i del sistema operatiu. El seu objectiu \u00e9s utilitzar les funcions b\u00e0siques d\u2019un equip inform\u00e0tic i del seu sistema operatiu, aplicant els fonaments de la tecnologia digital.<\/p>\n<p dir=\"ltr\" role=\"presentation\">C3) Navegaci\u00f3 i comunicaci\u00f3 en el m\u00f3n digital. El seu objectiu \u00e9s utilitzar els serveis disponibles a la xarxa per a la recerca d\u2019informaci\u00f3, aplicant criteris de restricci\u00f3 adequats i registrant i emmagatzemant la informaci\u00f3 si s\u2019escau.<\/p>\n<p dir=\"ltr\" role=\"presentation\">C4) Tractament de la informaci\u00f3 escrita. El seu objectiu \u00e9s emprar un processador de textos per crear, tractar, elaborar i presentar informaci\u00f3 i textos, destinats a ser impresos o publicats a Internet.<\/p>\n<p dir=\"ltr\" role=\"presentation\">C5) Tractament de la informaci\u00f3 gr\u00e0fica, sonora i de la imatge en moviment. El seu objectiu \u00e9s tractar la informaci\u00f3 gr\u00e0fica, sonora i imatges fixes i en moviment.<\/p>\n<p dir=\"ltr\" role=\"presentation\">C6) Tractament de la informaci\u00f3 num\u00e8rica. El seu objectiu \u00e9s crear i utilitzar fulls de c\u00e0lcul i aplicar-los a aquelles activitats que requereixen l\u2019\u00fas d\u2019operacions i funcions.<\/p>\n<p dir=\"ltr\" role=\"presentation\">C7) Tractament de les dades. El seu objectiu \u00e9s mantenir, consultar i presentar informaci\u00f3 a trav\u00e9s de bases de dades.<\/p>\n<p dir=\"ltr\" role=\"presentation\">C8) Presentaci\u00f3 de continguts. El seu objectiu \u00e9s dissenyar presentacions gr\u00e0fiques, integrant objectes de diferent naturalesa, per presentar documentaci\u00f3 i informaci\u00f3 en diferents suports, destinada a ser projectada, impresa i\/o publicada per Internet.<\/p>\n<ul>\n<li dir=\"ltr\">Treball de s\u00edntesi. El seu objectiu \u00e9s la realitzaci\u00f3 d&#8217;un projecte final en suport digital, que integri els diferents coneixements, continguts i compet\u00e8ncies adquirides.<\/li>\n<li>Durada i horaris: Tot un curs acad\u00e8mic, dos dies a la setmana, 4 hores setmanals de tarda.<\/li>\n<\/ul>\n","protected":false},"excerpt":{"rendered":"<p>Els cursos d\u2019 inform\u00e0tica COMPETIC 1 i COMPETIC 2, pretenen facilitar el domini de les Tecnologies de la Informaci\u00f3 i de la Comunicaci\u00f3 en situacions \u00fatils i reals.<br \/>\n<a href=\"https:\/\/agora.xtec.cat\/cfa-montblanc\/wp-content\/uploads\/usu2536\/2021\/06\/actic.png\"><\/a><br \/>\nEls certificats de compet\u00e8ncia digitat (COMPETIC) de l&#8217;educaci\u00f3 de persones adultes i els certificats de l&#8217;acreditaci\u00f3 de&hellip;  <a href=\"https:\/\/agora.xtec.cat\/cfa-montblanc\/ensenyaments\/ensenyaments-transprofessionals\/competencia-digital-competic\/\" title=\"Read Compet\u00e8ncia digital COMPETIC\">Llegeix m\u00e9s\u00bb<\/a><\/p>\n","protected":false},"author":1,"featured_media":0,"parent":286,"menu_order":0,"comment_status":"closed","ping_status":"closed","template":"page-templates\/side-menu.php","meta":{"_bbp_topic_count":0,"_bbp_reply_count":0,"_bbp_total_topic_count":0,"_bbp_total_reply_count":0,"_bbp_voice_count":0,"_bbp_anonymous_reply_count":0,"_bbp_topic_count_hidden":0,"_bbp_reply_count_hidden":0,"_bbp_forum_subforum_count":0,"footnotes":""},"class_list":["post-316","page","type-page","status-publish","hentry"],"post_mailing_queue_ids":[],"_links":{"self":[{"href":"https:\/\/agora.xtec.cat\/cfa-montblanc\/wp-json\/wp\/v2\/pages\/316","targetHints":{"allow":["GET"]}}],"collection":[{"href":"https:\/\/agora.xtec.cat\/cfa-montblanc\/wp-json\/wp\/v2\/pages"}],"about":[{"href":"https:\/\/agora.xtec.cat\/cfa-montblanc\/wp-json\/wp\/v2\/types\/page"}],"author":[{"embeddable":true,"href":"https:\/\/agora.xtec.cat\/cfa-montblanc\/wp-json\/wp\/v2\/users\/1"}],"replies":[{"embeddable":true,"href":"https:\/\/agora.xtec.cat\/cfa-montblanc\/wp-json\/wp\/v2\/comments?post=316"}],"version-history":[{"count":5,"href":"https:\/\/agora.xtec.cat\/cfa-montblanc\/wp-json\/wp\/v2\/pages\/316\/revisions"}],"predecessor-version":[{"id":827,"href":"https:\/\/agora.xtec.cat\/cfa-montblanc\/wp-json\/wp\/v2\/pages\/316\/revisions\/827"}],"up":[{"embeddable":true,"href":"https:\/\/agora.xtec.cat\/cfa-montblanc\/wp-json\/wp\/v2\/pages\/286"}],"wp:attachment":[{"href":"https:\/\/agora.xtec.cat\/cfa-montblanc\/wp-json\/wp\/v2\/media?parent=316"}],"curies":[{"name":"wp","href":"https:\/\/api.w.org\/{rel}","templated":true}]}}