{"id":303,"date":"2015-01-28T11:23:05","date_gmt":"2015-01-28T10:23:05","guid":{"rendered":"http:\/\/agora.xtec.cat\/cfa-montblanc\/?page_id=303"},"modified":"2022-05-09T16:22:16","modified_gmt":"2022-05-09T14:22:16","slug":"graduat-en-educacio-secundaria-per-adults","status":"publish","type":"page","link":"https:\/\/agora.xtec.cat\/cfa-montblanc\/ensenyaments\/ensenyaments-inicials-i-formacio-basica\/graduat-en-educacio-secundaria-per-adults\/","title":{"rendered":"Graduat en educaci\u00f3 secundaria per adults (GESO)"},"content":{"rendered":"<p dir=\"ltr\"><strong>Aquest curs el centre oferta aquest ensenyament en modalitat a\u00a0<\/strong><b>dist\u00e0ncia, no presencial.<\/b><\/p>\n<p dir=\"ltr\">El Graduat en Educaci\u00f3 Secund\u00e0ria (GES) \u00e9s la titulaci\u00f3 oficial d\u2019ensenyament equivalent a l\u2019ESO que s\u2019obt\u00e9 als Instituts.<\/p>\n<p dir=\"ltr\">El CFA de Montblanc possibilita que una persona adulta, pugui obtenir la titulaci\u00f3 amb la modalitat a dist\u00e0ncia, a trav\u00e9s de l&#8217;<a href=\"http:\/\/ioc.xtec.cat\/educacio\/\"><strong>IOC<\/strong><\/a>. (El CFA Montblanc \u00e9s centre de suport de l&#8217;Institut Obert de Catalunya))<\/p>\n<p dir=\"ltr\">La titulaci\u00f3 del GES permet accedir a estudis superiors (grau mitj\u00e0, batxillerat\u2026) i preparar-se per estudiar les proves d\u2019acc\u00e9s a grau superior o a la universitat.<\/p>\n<h3 dir=\"ltr\">Estructura<\/h3>\n<p dir=\"ltr\">El GES s\u2019organitza de forma modular en tres \u00e0mbits i dos nivells en cadascun dels \u00e0mbits.<\/p>\n<p dir=\"ltr\">Els m\u00f2duls s\u00f3n de dos tipus: comuns i opcionals.<\/p>\n<p dir=\"ltr\">Per obtenir la titulaci\u00f3 s\u2019ha de cursar un total de 34 m\u00f2duls (17 en cada nivell) o, si escau, convalidar o acreditar.<\/p>\n<p dir=\"ltr\">Els m\u00f2duls i el seu contingut es distribueixen de la manera seg\u00fcent:<\/p>\n<ul>\n<li dir=\"ltr\" aria-level=\"1\">\n<p dir=\"ltr\" role=\"presentation\">\u00c0mbit de la comunicaci\u00f3, 12 m\u00f2duls comuns que inclouen les seg\u00fcents mat\u00e8ries: llengua catalana i literatura, llengua castellana i literatura i llengua estrangera.<\/p>\n<\/li>\n<li dir=\"ltr\" aria-level=\"1\">\n<p dir=\"ltr\" role=\"presentation\">\u00c0mbit cient\u00edfic tecnol\u00f2gic, 10 m\u00f2duls comuns que inclouen les seg\u00fcents mat\u00e8ries: matem\u00e0tiques, ci\u00e8ncies de la naturalesa i tecnologies<\/p>\n<\/li>\n<li dir=\"ltr\" aria-level=\"1\">\n<p dir=\"ltr\" role=\"presentation\">\u00c0mbit social, 6 m\u00f2duls comuns que inclouen: ci\u00e8ncies socials, geografia i hist\u00f2ria i educaci\u00f3 per a la ciutadania.<\/p>\n<\/li>\n<li dir=\"ltr\" aria-level=\"1\">\n<p dir=\"ltr\" role=\"presentation\">M\u00f2duls opcionals, 6 m\u00f2duls.<\/p>\n<\/li>\n<\/ul>\n<h3 dir=\"ltr\">Acc\u00e9s<\/h3>\n<p dir=\"ltr\">Cal tenir 18 anys o m\u00e9s, o complir-los dintre de l\u2019any natural de matriculaci\u00f3.<\/p>\n<h3 dir=\"ltr\">Tutoria<\/h3>\n<p dir=\"ltr\">A cadascuna de les persones que accedeixen al GES se\u2019ls efectuar\u00e0 una avaluaci\u00f3 inicial que constar\u00e0 de: l\u2019expedient acad\u00e8mic i l\u2019entrevista personal. El programa disposa d\u2019un servei de tutoria per informar i orientar sobre l\u2019itinerari formatiu.<\/p>\n<p dir=\"ltr\">Convalidacions: la titulaci\u00f3 presentada pot permetre una s\u00e8rie de convalidacions i acreditacions de nivells i m\u00f2duls.<\/p>\n<p dir=\"ltr\">-Per exemple, una persona que ja t\u00e9 el graduat escolar o el 1r cicle d\u2019ESO se li podran convalidar 17 m\u00f2duls (nivell 1). Se situar\u00e0 al nivell 2, tot i que el centre, una vegada realitzades les proves de nivell i l\u2019entrevista, li podr\u00e0 acreditar m\u00e9s m\u00f2duls o b\u00e9 li aconsellar\u00e0 fer algun m\u00f2dul de refor\u00e7.<\/p>\n<p dir=\"ltr\">&#8211; Tamb\u00e9 si una persona t\u00e9 superats mat\u00e8ries del 2n cicle d\u2019ESO ( 3r i 4t d\u2019ESO), 1r de BUP o 1r curs de FP1 se li poden convalidar els m\u00f2duls corresponents .<\/p>\n<p>En definitiva, es tracta que l&#8217;alumnat pugui finalitzar l&#8217;Educaci\u00f3 Secund\u00e0ria recomen\u00e7ant en el punt on ho va deixar.<\/p>\n","protected":false},"excerpt":{"rendered":"<p>Aquest curs el centre oferta aquest ensenyament en modalitat a\u00a0dist\u00e0ncia, no presencial.<br \/>\nEl Graduat en Educaci\u00f3 Secund\u00e0ria (GES) \u00e9s la titulaci\u00f3 oficial d\u2019ensenyament equivalent a l\u2019ESO que s\u2019obt\u00e9 als Instituts.<br \/>\nEl CFA de Montblanc possibilita que una persona adulta, pugui obtenir la titulaci\u00f3 amb la modalitat a&hellip;  <a href=\"https:\/\/agora.xtec.cat\/cfa-montblanc\/ensenyaments\/ensenyaments-inicials-i-formacio-basica\/graduat-en-educacio-secundaria-per-adults\/\" title=\"Read Graduat en educaci\u00f3 secundaria per adults (GESO)\">Llegeix m\u00e9s\u00bb<\/a><\/p>\n","protected":false},"author":1,"featured_media":0,"parent":283,"menu_order":0,"comment_status":"closed","ping_status":"closed","template":"page-templates\/side-menu.php","meta":{"_bbp_topic_count":0,"_bbp_reply_count":0,"_bbp_total_topic_count":0,"_bbp_total_reply_count":0,"_bbp_voice_count":0,"_bbp_anonymous_reply_count":0,"_bbp_topic_count_hidden":0,"_bbp_reply_count_hidden":0,"_bbp_forum_subforum_count":0,"footnotes":""},"class_list":["post-303","page","type-page","status-publish","hentry"],"post_mailing_queue_ids":[],"_links":{"self":[{"href":"https:\/\/agora.xtec.cat\/cfa-montblanc\/wp-json\/wp\/v2\/pages\/303","targetHints":{"allow":["GET"]}}],"collection":[{"href":"https:\/\/agora.xtec.cat\/cfa-montblanc\/wp-json\/wp\/v2\/pages"}],"about":[{"href":"https:\/\/agora.xtec.cat\/cfa-montblanc\/wp-json\/wp\/v2\/types\/page"}],"author":[{"embeddable":true,"href":"https:\/\/agora.xtec.cat\/cfa-montblanc\/wp-json\/wp\/v2\/users\/1"}],"replies":[{"embeddable":true,"href":"https:\/\/agora.xtec.cat\/cfa-montblanc\/wp-json\/wp\/v2\/comments?post=303"}],"version-history":[{"count":3,"href":"https:\/\/agora.xtec.cat\/cfa-montblanc\/wp-json\/wp\/v2\/pages\/303\/revisions"}],"predecessor-version":[{"id":614,"href":"https:\/\/agora.xtec.cat\/cfa-montblanc\/wp-json\/wp\/v2\/pages\/303\/revisions\/614"}],"up":[{"embeddable":true,"href":"https:\/\/agora.xtec.cat\/cfa-montblanc\/wp-json\/wp\/v2\/pages\/283"}],"wp:attachment":[{"href":"https:\/\/agora.xtec.cat\/cfa-montblanc\/wp-json\/wp\/v2\/media?parent=303"}],"curies":[{"name":"wp","href":"https:\/\/api.w.org\/{rel}","templated":true}]}}