{"id":265,"date":"2015-01-27T17:28:56","date_gmt":"2015-01-27T16:28:56","guid":{"rendered":"http:\/\/agora.xtec.cat\/cfa-montblanc\/?page_id=265"},"modified":"2026-02-27T14:13:22","modified_gmt":"2026-02-27T13:13:22","slug":"organitzacio-interna","status":"publish","type":"page","link":"https:\/\/agora.xtec.cat\/cfa-montblanc\/el-centre\/organitzacio-interna\/","title":{"rendered":"Organitzaci\u00f3 interna"},"content":{"rendered":"<ul>\n<li><span style=\"text-decoration: underline;\">Qui som<\/span>:<\/li>\n<\/ul>\n<p dir=\"ltr\" role=\"presentation\">Som un centre p\u00fablic de formaci\u00f3 d&#8217;adults. Pots informar-te del nostre Projecte Educatiu de Centre <a href=\"https:\/\/drive.google.com\/file\/d\/1rSG9f8x5bdSDjxOWepIVjf1xEDGPA2s9\/view?usp=sharing\">enlla\u00e7 PEC<\/a> i del Projecte ling\u00fc\u00edstic enlla\u00e7at en el mateix document.<\/p>\n<ul>\n<li dir=\"ltr\" aria-level=\"1\">\n<p dir=\"ltr\" role=\"presentation\"><span style=\"text-decoration: underline;\">Organigrama<\/span>:<\/p>\n<\/li>\n<\/ul>\n<p dir=\"ltr\"><strong>Joana P\u00e0mies Fontser\u00e8.\u00a0 Directora del centre.<\/strong><\/p>\n<p dir=\"ltr\">Diplomada en professorat, especialitats en Geografia i Hist\u00f2ria, en Catal\u00e0 i en Pedagogia Terap\u00e8utica.<\/p>\n<p dir=\"ltr\">Mestra de catal\u00e0<\/p>\n<p dir=\"ltr\">Llicenciada en Psicologia<\/p>\n<p dir=\"ltr\">Curs de Doctorat en Antropologia Urbana i DEA (Diploma en estudis avan\u00e7ats)en Antropologia. Tesina doctoral sobre l&#8217;adolesc\u00e8ncia.<\/p>\n<p dir=\"ltr\">Grup Nosaltres de recerca universit\u00e0ria a la URV (Psicologia i Antropologia)<\/p>\n<p dir=\"ltr\">Certificat compet\u00e8ncies digitals COMPETIC 3<\/p>\n<p dir=\"ltr\">Imparteix doc\u00e8ncia en les mat\u00e8ries de castell\u00e0, franc\u00e8s i psicologia.<\/p>\n<p dir=\"ltr\"><a href=\"https:\/\/drive.google.com\/open?id=1jp4I9xbqPOSEXRN0Y_mSyRzB7ADw8XXQ\">enlla\u00e7 m\u00e9s perfil<\/a><\/p>\n<p dir=\"ltr\"><strong> Eul\u00e0lia Trullols Casanovas. Secret\u00e0ria del centre.<\/strong><\/p>\n<p dir=\"ltr\">Llicenciada en Filologia Catalana.<\/p>\n<p dir=\"ltr\">Certificat de nivell superior de catal\u00e0.<\/p>\n<p dir=\"ltr\">Certificat compet\u00e8ncies digitals COMPETIC 3<\/p>\n<p dir=\"ltr\">Certificat d&#8217;aptitud en angl\u00e8s.<\/p>\n<p dir=\"ltr\">Imparteix doc\u00e8ncia en les mat\u00e8ries de catal\u00e0 i angl\u00e8s.<\/p>\n<p dir=\"ltr\"><a href=\"https:\/\/drive.google.com\/file\/d\/1KY3cVs-zZqRLKKpQMofPhLXO9DZqF4KU\/view?usp=drive_link\">enlla\u00e7 m\u00e9s perfil<\/a><\/p>\n<p dir=\"ltr\"><strong>Fredy Benlloch Mart\u00ed. Coordinador d&#8217;Ensenyaments Inicials i B\u00e0sics .<\/strong><\/p>\n<p dir=\"ltr\">Llicenciat en Filosofia.<\/p>\n<p dir=\"ltr\">M\u00e0ster en Professorat d\u00b4Ensenyament Secundari.<\/p>\n<p dir=\"ltr\">Certificat compet\u00e8ncies digitals COMPETIC 3<\/p>\n<p dir=\"ltr\">Certificat de nivell superior de catal\u00e0.<\/p>\n<p dir=\"ltr\">Certificat C1 en angl\u00e8s.<\/p>\n<p dir=\"ltr\">Imparteix doc\u00e8ncia en les mat\u00e8ries de castell\u00e0, angl\u00e8s i filosofia.<\/p>\n<p dir=\"ltr\"><strong>Maria Villacorta Pellis\u00e9. Coordinadora de compet\u00e8ncies transprofessionals.<\/strong><\/p>\n<p dir=\"ltr\">Veterin\u00e0ria.<\/p>\n<p dir=\"ltr\">Imparteix doc\u00e8ncia en matem\u00e0tiques, inform\u00e0tica, catal\u00e0 i angl\u00e8s.<\/p>\n<p dir=\"ltr\"><strong>Tere Domingo Cardona. Administrativa.<\/strong><\/p>\n<p dir=\"ltr\">Certificat compet\u00e8ncies digitals COMPETIC 2<\/p>\n<p dir=\"ltr\">Certificat nivell superior de catal\u00e0 C2<\/p>\n<ul>\n<li dir=\"ltr\" aria-level=\"1\">\n<p dir=\"ltr\" role=\"presentation\"><strong><span style=\"text-decoration: underline;\">Consell Escolar<\/span><\/strong>. En formen part:<\/p>\n<\/li>\n<\/ul>\n<p dir=\"ltr\">Xavi Pelegr\u00ed (Representant alumnes)<\/p>\n<p dir=\"ltr\">Empar \u00dabeda (Representant alumnes)<\/p>\n<p dir=\"ltr\">Judit Pere Cant\u00f3 (Representant Ajuntament)<\/p>\n<p dir=\"ltr\">Tere Domingo (PAS)<\/p>\n<p dir=\"ltr\">Eul\u00e0lia Trullols (Secret\u00e0ria)<\/p>\n<p dir=\"ltr\">Fredy Benlloch (Professor)<\/p>\n<p dir=\"ltr\">Maria Villacorta (Professora)<\/p>\n<p dir=\"ltr\">Joana P\u00e0mies (Directora)<\/p>\n<p>Acords del Consell Escolar:\u00a0 <a href=\"https:\/\/drive.google.com\/file\/d\/1HwTF2OuncLPo_vO6fMdsQgN5k4lv8rFJ\/view?usp=drive_link\">enlla\u00e7 25-26<\/a> ;\u00a0<a href=\"https:\/\/drive.google.com\/file\/d\/1BVWntGXZm3XTGPVQqzQJhtgWcRRAh6fP\/view?usp=sharing\" target=\"_blank\" rel=\"noopener\">enlla\u00e7 24-25<\/a>\u00a0; <a href=\"https:\/\/drive.google.com\/file\/d\/1zxF0jsI-g587_KXVGRxBFuX0SeIbcQ5f\/view?usp=sharing\" target=\"_blank\" rel=\"noopener\">enlla\u00e7 23-24<\/a> ; <a href=\"https:\/\/drive.google.com\/file\/d\/16oGpZ6FpXdiwV3EqYeWeDp_3PDtNhpHc\/view?usp=sharing\" target=\"_blank\" rel=\"noopener\">enlla\u00e7 22-23<\/a> ;\u00a0<a href=\"https:\/\/drive.google.com\/file\/d\/1A9OHkXXA_2CrQw4l7mZP7pqCCApsTSTv\/view?usp=share_link\" target=\"_blank\" rel=\"noopener\">enlla\u00e7 21-22<\/a> ; <a href=\"https:\/\/drive.google.com\/file\/d\/1t3s0jXp6G-HPZUtOAJKoWGozmuUmze3j\/view?usp=share_link\" target=\"_blank\" rel=\"noopener noreferrer\">enlla\u00e7 20-21<\/a> ;\u00a0 <a href=\"https:\/\/drive.google.com\/file\/d\/1kg8w8nYasbslo5PM6azugKhMZJ8AgiER\/view?usp=sharing\" target=\"_blank\" rel=\"noopener noreferrer\">enlla\u00e7 19-20<\/a><\/p>\n","protected":false},"excerpt":{"rendered":"<ul>\n<li>Qui som:<\/li>\n<\/ul>\n<p>Som un centre p\u00fablic de formaci\u00f3 d&#8217;adults. Pots informar-te del nostre Projecte Educatiu de Centre <a href=\"https:\/\/drive.google.com\/file\/d\/1rSG9f8x5bdSDjxOWepIVjf1xEDGPA2s9\/view?usp=sharing\">enlla\u00e7 PEC<\/a> i del Projecte ling\u00fc\u00edstic enlla\u00e7at en el mateix document.<\/p>\n<ul>\n<li dir=\"ltr\" aria-level=\"1\">\nOrganigrama:\n<\/li>\n<\/ul>\n<p>Joana P\u00e0mies Fontser\u00e8.\u00a0 Directora del centre.<br \/>\nDiplomada en professorat, especialitats en Geografia i Hist\u00f2ria, en Catal\u00e0 i&hellip;  <a href=\"https:\/\/agora.xtec.cat\/cfa-montblanc\/el-centre\/organitzacio-interna\/\" title=\"Read Organitzaci\u00f3 interna\">Llegeix m\u00e9s\u00bb<\/a><\/p>\n","protected":false},"author":1,"featured_media":0,"parent":261,"menu_order":40,"comment_status":"closed","ping_status":"closed","template":"page-templates\/side-menu.php","meta":{"_bbp_topic_count":0,"_bbp_reply_count":0,"_bbp_total_topic_count":0,"_bbp_total_reply_count":0,"_bbp_voice_count":0,"_bbp_anonymous_reply_count":0,"_bbp_topic_count_hidden":0,"_bbp_reply_count_hidden":0,"_bbp_forum_subforum_count":0,"footnotes":""},"class_list":["post-265","page","type-page","status-publish","hentry"],"post_mailing_queue_ids":[],"_links":{"self":[{"href":"https:\/\/agora.xtec.cat\/cfa-montblanc\/wp-json\/wp\/v2\/pages\/265","targetHints":{"allow":["GET"]}}],"collection":[{"href":"https:\/\/agora.xtec.cat\/cfa-montblanc\/wp-json\/wp\/v2\/pages"}],"about":[{"href":"https:\/\/agora.xtec.cat\/cfa-montblanc\/wp-json\/wp\/v2\/types\/page"}],"author":[{"embeddable":true,"href":"https:\/\/agora.xtec.cat\/cfa-montblanc\/wp-json\/wp\/v2\/users\/1"}],"replies":[{"embeddable":true,"href":"https:\/\/agora.xtec.cat\/cfa-montblanc\/wp-json\/wp\/v2\/comments?post=265"}],"version-history":[{"count":6,"href":"https:\/\/agora.xtec.cat\/cfa-montblanc\/wp-json\/wp\/v2\/pages\/265\/revisions"}],"predecessor-version":[{"id":877,"href":"https:\/\/agora.xtec.cat\/cfa-montblanc\/wp-json\/wp\/v2\/pages\/265\/revisions\/877"}],"up":[{"embeddable":true,"href":"https:\/\/agora.xtec.cat\/cfa-montblanc\/wp-json\/wp\/v2\/pages\/261"}],"wp:attachment":[{"href":"https:\/\/agora.xtec.cat\/cfa-montblanc\/wp-json\/wp\/v2\/media?parent=265"}],"curies":[{"name":"wp","href":"https:\/\/api.w.org\/{rel}","templated":true}]}}