{"id":886,"date":"2023-07-13T15:45:26","date_gmt":"2023-07-13T13:45:26","guid":{"rendered":"https:\/\/agora.xtec.cat\/cfa-mestre\/?page_id=886"},"modified":"2023-07-13T16:03:41","modified_gmt":"2023-07-13T14:03:41","slug":"competic-inicial","status":"publish","type":"page","link":"https:\/\/agora.xtec.cat\/cfa-mestre\/ensenyaments\/ensenyaments-transprofessionals\/competencia-digital-competic\/competic-inicial\/","title":{"rendered":"Competic Inicial"},"content":{"rendered":"<p>&#8211;<\/p>\n<h3>Descripci\u00f3<\/h3>\n<p><strong>\u00a0<\/strong><\/p>\n<p>Els ensenyaments de COMPETIC inicial tenen com a objectiu facilitar l&#8217;adquisici\u00f3 de les compet\u00e8ncies m\u00ednimes i\u00a0\u00a0\u00a0\u00a0 els conceptes b\u00e0sics en tecnologies de la informaci\u00f3 i la comunicaci\u00f3 per desenvolupar-se en la societat actual.<\/p>\n<p>&nbsp;<\/p>\n<p>El nivell inicial d&#8217;inform\u00e0tica (COMPETIC inicial) s&#8217;adre\u00e7a a\u00a0 \u00a0les persones adultes que volen assolir un domini b\u00e0sic de les tecnologies de la informaci\u00f3 i la comunicaci\u00f3 (TIC).<\/p>\n<h3>Continguts<\/h3>\n<p><strong>\u00a0<\/strong><\/p>\n<p>En aquest nivell es treballen tres de les sis compet\u00e8ncies del nivell b\u00e0sic de l&#8217;acreditaci\u00f3 de compet\u00e8ncies en tecnologies de la informaci\u00f3 i la comunicaci\u00f3 (ACTIC), que\u00a0\u00a0\u00a0\u00a0\u00a0\u00a0\u00a0\u00a0\u00a0\u00a0\u00a0\u00a0\u00a0\u00a0\u00a0\u00a0\u00a0\u00a0\u00a0\u00a0\u00a0\u00a0\u00a0\u00a0\u00a0\u00a0\u00a0\u00a0\u00a0\u00a0\u00a0\u00a0\u00a0\u00a0\u00a0\u00a0\u00a0 s\u00f3n:<\/p>\n<p>&nbsp;<\/p>\n<ul>\n<li>Tecnologia digital, \u00fas de l&#8217;ordinador i del sistema operatiu<\/li>\n<li>Tractament de la informaci\u00f3 escrita<\/li>\n<li>Navegaci\u00f3 i comunicaci\u00f3 en el m\u00f3n digital<\/li>\n<\/ul>\n<p>&nbsp;<\/p>\n<h3>Acc\u00e9s<\/h3>\n<p><strong>\u00a0<\/strong><\/p>\n<p>Per tal de situar l\u2019alumnat en el nivell que li correspon d\u2019acord amb les seves compet\u00e8ncies, si no t\u00e9 una acreditaci\u00f3 pr\u00e8via, en el moment de la preinscripci\u00f3 el centre de formaci\u00f3 d\u2019adults li far\u00e0 una prova de nivell.<\/p>\n<p>&nbsp;<\/p>\n<h3>Tr\u00e0mits<\/h3>\n<p><strong>\u00a0<\/strong><\/p>\n<p>Per cursar aquest ensenyament cal formalitzar la <a href=\"https:\/\/preinscripcio.gencat.cat\/ca\/estudis\/educacio-adults\/inici\/\">preinscripci\u00f3<\/a> i la matr\u00edcula d&#8217;acord amb el per\u00edode i criteris fixats pel Departament d&#8217;Educaci\u00f3.<\/p>\n<p>&nbsp;<\/p>\n<h3>Continu\u00eftat<\/h3>\n<p><strong>\u00a0<\/strong><\/p>\n<p><strong>Sortides acad\u00e8miques<\/strong><\/p>\n<p>&nbsp;<\/p>\n<p>L&#8217;alumnat que supera el curs de COMPETIC Inicial pot continuar la seva formaci\u00f3 amb el curs de COMPETIC 1<\/p>\n","protected":false},"excerpt":{"rendered":"<p>&#8211;<br \/>\nDescripci\u00f3<br \/>\n\u00a0<br \/>\nEls ensenyaments de COMPETIC inicial tenen com a objectiu facilitar l&#8217;adquisici\u00f3 de les compet\u00e8ncies m\u00ednimes i\u00a0\u00a0\u00a0\u00a0 els conceptes b\u00e0sics en tecnologies de la informaci\u00f3 i la comunicaci\u00f3 per desenvolupar-se en la societat actual.<br \/>\n&nbsp;<br \/>\nEl nivell inicial d&#8217;inform\u00e0tica (COMPETIC inicial) s&#8217;adre\u00e7a a\u00a0 \u00a0les persones adultes que volen&hellip;  <a href=\"https:\/\/agora.xtec.cat\/cfa-mestre\/ensenyaments\/ensenyaments-transprofessionals\/competencia-digital-competic\/competic-inicial\/\" title=\"Read Competic Inicial\">Llegeix m\u00e9s\u00bb<\/a><\/p>\n","protected":false},"author":1,"featured_media":0,"parent":316,"menu_order":0,"comment_status":"closed","ping_status":"closed","template":"","meta":{"_bbp_topic_count":0,"_bbp_reply_count":0,"_bbp_total_topic_count":0,"_bbp_total_reply_count":0,"_bbp_voice_count":0,"_bbp_anonymous_reply_count":0,"_bbp_topic_count_hidden":0,"_bbp_reply_count_hidden":0,"_bbp_forum_subforum_count":0,"footnotes":""},"class_list":["post-886","page","type-page","status-publish","hentry"],"post_mailing_queue_ids":[],"_links":{"self":[{"href":"https:\/\/agora.xtec.cat\/cfa-mestre\/wp-json\/wp\/v2\/pages\/886","targetHints":{"allow":["GET"]}}],"collection":[{"href":"https:\/\/agora.xtec.cat\/cfa-mestre\/wp-json\/wp\/v2\/pages"}],"about":[{"href":"https:\/\/agora.xtec.cat\/cfa-mestre\/wp-json\/wp\/v2\/types\/page"}],"author":[{"embeddable":true,"href":"https:\/\/agora.xtec.cat\/cfa-mestre\/wp-json\/wp\/v2\/users\/1"}],"replies":[{"embeddable":true,"href":"https:\/\/agora.xtec.cat\/cfa-mestre\/wp-json\/wp\/v2\/comments?post=886"}],"version-history":[{"count":3,"href":"https:\/\/agora.xtec.cat\/cfa-mestre\/wp-json\/wp\/v2\/pages\/886\/revisions"}],"predecessor-version":[{"id":914,"href":"https:\/\/agora.xtec.cat\/cfa-mestre\/wp-json\/wp\/v2\/pages\/886\/revisions\/914"}],"up":[{"embeddable":true,"href":"https:\/\/agora.xtec.cat\/cfa-mestre\/wp-json\/wp\/v2\/pages\/316"}],"wp:attachment":[{"href":"https:\/\/agora.xtec.cat\/cfa-mestre\/wp-json\/wp\/v2\/media?parent=886"}],"curies":[{"name":"wp","href":"https:\/\/api.w.org\/{rel}","templated":true}]}}