{"id":481,"date":"2022-01-31T15:35:53","date_gmt":"2022-01-31T14:35:53","guid":{"rendered":"https:\/\/agora.xtec.cat\/cfa-mestre\/?page_id=481"},"modified":"2023-07-13T16:04:23","modified_gmt":"2023-07-13T14:04:23","slug":"a-la-universitat-per-majors-de-45-anys","status":"publish","type":"page","link":"https:\/\/agora.xtec.cat\/cfa-mestre\/ensenyaments\/ensenyaments-per-a-la-preparacio-de-proves-dacces\/a-la-universitat-per-majors-de-45-anys\/","title":{"rendered":"A la universitat per a majors de 45 anys"},"content":{"rendered":"<h3><span style=\"font-size: 16px; font-weight: normal;\">El curs et prepara per superar la prova que convoca el Departament d&#8217;Universitats i Recerca, i consta d&#8217;una part comuna i \u00fanica on s&#8217;avaluen les assignatures de catal\u00e0, castell\u00e0, i comentari de text. Un cop superada la prova s&#8217;haur\u00e0 de realitzar una entrevista personal amb la universitat on es vol realitzar el grau universitari.<\/span><\/h3>\n<p>Requisits d&#8217;acc\u00e8s:<\/p>\n<ul>\n<li>Tenir els 45 anys d\u2019edat (o m\u00e9s) en l\u2019any natural en el que es celebri la prova.<\/li>\n<li>No tenir cap titulaci\u00f3 acad\u00e8mica que permeti l\u2019acc\u00e9s directa a la Universitat.<\/li>\n<\/ul>\n","protected":false},"excerpt":{"rendered":"<p>El curs et prepara per superar la prova que convoca el Departament d&#8217;Universitats i Recerca, i consta d&#8217;una part comuna i \u00fanica on s&#8217;avaluen les assignatures de catal\u00e0, castell\u00e0, i comentari de text. Un cop superada la prova s&#8217;haur\u00e0 de realitzar una entrevista personal amb&hellip;  <a href=\"https:\/\/agora.xtec.cat\/cfa-mestre\/ensenyaments\/ensenyaments-per-a-la-preparacio-de-proves-dacces\/a-la-universitat-per-majors-de-45-anys\/\" title=\"Read A la universitat per a majors de 45 anys\">Llegeix m\u00e9s\u00bb<\/a><\/p>\n","protected":false},"author":1,"featured_media":0,"parent":288,"menu_order":2,"comment_status":"closed","ping_status":"closed","template":"","meta":{"_bbp_topic_count":0,"_bbp_reply_count":0,"_bbp_total_topic_count":0,"_bbp_total_reply_count":0,"_bbp_voice_count":0,"_bbp_anonymous_reply_count":0,"_bbp_topic_count_hidden":0,"_bbp_reply_count_hidden":0,"_bbp_forum_subforum_count":0,"footnotes":""},"class_list":["post-481","page","type-page","status-publish","hentry"],"post_mailing_queue_ids":[],"_links":{"self":[{"href":"https:\/\/agora.xtec.cat\/cfa-mestre\/wp-json\/wp\/v2\/pages\/481","targetHints":{"allow":["GET"]}}],"collection":[{"href":"https:\/\/agora.xtec.cat\/cfa-mestre\/wp-json\/wp\/v2\/pages"}],"about":[{"href":"https:\/\/agora.xtec.cat\/cfa-mestre\/wp-json\/wp\/v2\/types\/page"}],"author":[{"embeddable":true,"href":"https:\/\/agora.xtec.cat\/cfa-mestre\/wp-json\/wp\/v2\/users\/1"}],"replies":[{"embeddable":true,"href":"https:\/\/agora.xtec.cat\/cfa-mestre\/wp-json\/wp\/v2\/comments?post=481"}],"version-history":[{"count":3,"href":"https:\/\/agora.xtec.cat\/cfa-mestre\/wp-json\/wp\/v2\/pages\/481\/revisions"}],"predecessor-version":[{"id":915,"href":"https:\/\/agora.xtec.cat\/cfa-mestre\/wp-json\/wp\/v2\/pages\/481\/revisions\/915"}],"up":[{"embeddable":true,"href":"https:\/\/agora.xtec.cat\/cfa-mestre\/wp-json\/wp\/v2\/pages\/288"}],"wp:attachment":[{"href":"https:\/\/agora.xtec.cat\/cfa-mestre\/wp-json\/wp\/v2\/media?parent=481"}],"curies":[{"name":"wp","href":"https:\/\/api.w.org\/{rel}","templated":true}]}}