{"id":756,"date":"2020-04-11T23:47:59","date_gmt":"2020-04-11T21:47:59","guid":{"rendered":"http:\/\/agora.xtec.cat\/cfa-martorell\/?page_id=756"},"modified":"2026-01-22T11:43:54","modified_gmt":"2026-01-22T10:43:54","slug":"matricula-tardor-2023-antics","status":"publish","type":"page","link":"https:\/\/agora.xtec.cat\/cfa-martorell\/alumnat-de-lioc\/matricula-tardor-2023-antics\/","title":{"rendered":"Matricula PRIMAVERA 2026 (ANTICS)"},"content":{"rendered":"<h3><strong><span style=\"color: #000080;\">Tria de m\u00f2duls trimestre PRIMAVERA 2026<br \/>\n<\/span><\/strong><\/h3>\n<h4>Podeu triar els m\u00f2duls del 23 al 25 de mar\u00e7 amb missatge intern des de l&#8217;IOC al Curs de Tutoria del CFA Pedro D\u00edaz.<\/h4>\n<h4>Si preferiu fer-ho de forma presencial podeu assistir al CFA Pedro D\u00edaz el:<\/h4>\n<ul>\n<li><strong>dimarts 24 de mar\u00e7\u00a0 de 12:00 a 13:00 h<\/strong><\/li>\n<li><strong>dimarts 24 de mar\u00e7 de 20 a 21:00 h<\/strong><\/li>\n<\/ul>\n<p>&nbsp;<\/p>\n<p><!--\n\n\n<h3>Missatge portada<\/h3>\n\n\n\n\n<h3><a href=\"https:\/\/agora.xtec.cat\/cfa-martorell\/alumnat-de-lioc\/\" target=\"_blank\" rel=\"noopener noreferrer\"><strong>MATR\u00cdCULA Trimestre Tardor 2021 GES a DIST\u00c0NCIA (no presencial) a l\u2019Institut Obert de Catalunya (IOC)<\/strong><\/a><\/h3>\n\n\n\n\n<h3>Consulta\u00a0<a href=\"https:\/\/agora.xtec.cat\/cfa-martorell\/alumnat-de-lioc\/matricula-tardor-2002-antics\/\" target=\"_blank\" rel=\"noopener noreferrer\"><strong>aqu\u00ed<\/strong><\/a>\u00a0tota la informaci\u00f3 per a l\u2019<a href=\"https:\/\/agora.xtec.cat\/cfa-martorell\/alumnat-de-lioc\/matricula-tardor-2002-antics\/\" target=\"_blank\" rel=\"noopener noreferrer\"><strong>alumnat antic<\/strong><\/a>.<\/h3>\n\n\n&nbsp;--><\/p>\n","protected":false},"excerpt":{"rendered":"<p>Tria de m\u00f2duls trimestre PRIMAVERA 2026<\/p>\n<p>Podeu triar els m\u00f2duls del 23 al 25 de mar\u00e7 amb missatge intern des de l&#8217;IOC al Curs de Tutoria del CFA Pedro D\u00edaz.<br \/>\nSi preferiu fer-ho de forma presencial podeu assistir al CFA Pedro D\u00edaz el:<\/p>\n<ul>\n<li>dimarts 24 de mar\u00e7\u00a0 de&hellip;  <a href=\"https:\/\/agora.xtec.cat\/cfa-martorell\/alumnat-de-lioc\/matricula-tardor-2023-antics\/\" title=\"Read Matricula PRIMAVERA 2026 (ANTICS)\">Llegeix m\u00e9s\u00bb<\/a><br \/>\n","protected":false},"author":1,"featured_media":0,"parent":724,"menu_order":20,"comment_status":"closed","ping_status":"closed","template":"page-templates\/side-menu.php","meta":{"_bbp_topic_count":0,"_bbp_reply_count":0,"_bbp_total_topic_count":0,"_bbp_total_reply_count":0,"_bbp_voice_count":0,"_bbp_anonymous_reply_count":0,"_bbp_topic_count_hidden":0,"_bbp_reply_count_hidden":0,"_bbp_forum_subforum_count":0,"footnotes":""},"class_list":["post-756","page","type-page","status-publish","hentry"],"post_mailing_queue_ids":[],"_links":{"self":[{"href":"https:\/\/agora.xtec.cat\/cfa-martorell\/wp-json\/wp\/v2\/pages\/756","targetHints":{"allow":["GET"]}}],"collection":[{"href":"https:\/\/agora.xtec.cat\/cfa-martorell\/wp-json\/wp\/v2\/pages"}],"about":[{"href":"https:\/\/agora.xtec.cat\/cfa-martorell\/wp-json\/wp\/v2\/types\/page"}],"author":[{"embeddable":true,"href":"https:\/\/agora.xtec.cat\/cfa-martorell\/wp-json\/wp\/v2\/users\/1"}],"replies":[{"embeddable":true,"href":"https:\/\/agora.xtec.cat\/cfa-martorell\/wp-json\/wp\/v2\/comments?post=756"}],"version-history":[{"count":6,"href":"https:\/\/agora.xtec.cat\/cfa-martorell\/wp-json\/wp\/v2\/pages\/756\/revisions"}],"predecessor-version":[{"id":2942,"href":"https:\/\/agora.xtec.cat\/cfa-martorell\/wp-json\/wp\/v2\/pages\/756\/revisions\/2942"}],"up":[{"embeddable":true,"href":"https:\/\/agora.xtec.cat\/cfa-martorell\/wp-json\/wp\/v2\/pages\/724"}],"wp:attachment":[{"href":"https:\/\/agora.xtec.cat\/cfa-martorell\/wp-json\/wp\/v2\/media?parent=756"}],"curies":[{"name":"wp","href":"https:\/\/api.w.org\/{rel}","templated":true}]}}