{"id":724,"date":"2020-04-11T20:57:42","date_gmt":"2020-04-11T18:57:42","guid":{"rendered":"http:\/\/agora.xtec.cat\/cfa-martorell\/?page_id=724"},"modified":"2025-03-17T18:03:25","modified_gmt":"2025-03-17T17:03:25","slug":"alumnat-de-lioc","status":"publish","type":"page","link":"https:\/\/agora.xtec.cat\/cfa-martorell\/alumnat-de-lioc\/","title":{"rendered":"Alumnat de l&#8217;IOC"},"content":{"rendered":"<p>El <strong>CFA Pedro D\u00edaz<\/strong>\u00a0\u00e9s centre de suport de l&#8217;IOC per a l&#8217;ensenyament del Graduat en Educaci\u00f3 Secund\u00e0ria (GES) <strong>a dist\u00e0ncia<\/strong>.<\/p>\n<p><a href=\"https:\/\/ioc.xtec.cat\/\" target=\"_blank\" rel=\"noopener noreferrer\"><strong><span style=\"color: #0000ff;\">Institut Obert de Catalunya (IOC)<\/span><\/strong><\/a><\/p>\n<p><a href=\"https:\/\/ioc.xtec.cat\/educacio\/\" target=\"_blank\" rel=\"noopener noreferrer\"><img loading=\"lazy\" decoding=\"async\" class=\"alignnone wp-image-785\" src=\"https:\/\/agora.xtec.cat\/cfa-martorell\/wp-content\/uploads\/usu1768\/2020\/04\/logoIOC.png\" alt=\"Institut Obert de Catalunya\" width=\"200\" height=\"90\" srcset=\"https:\/\/agora.xtec.cat\/cfa-martorell\/wp-content\/uploads\/usu1768\/2020\/04\/logoIOC.png 334w, https:\/\/agora.xtec.cat\/cfa-martorell\/wp-content\/uploads\/usu1768\/2020\/04\/logoIOC-300x136.png 300w\" sizes=\"auto, (max-width: 200px) 100vw, 200px\" \/><\/a><\/p>\n<p><a href=\"https:\/\/ioc.xtec.cat\/educacio\/ges\" target=\"_blank\" rel=\"noopener noreferrer\"><strong><span style=\"color: #0000ff;\">V\u00eddeo explicatiu de l&#8217;IOC<\/span><\/strong><\/a><\/p>\n<p>&nbsp;<\/p>\n","protected":false},"excerpt":{"rendered":"<p>El CFA Pedro D\u00edaz\u00a0\u00e9s centre de suport de l&#8217;IOC per a l&#8217;ensenyament del Graduat en Educaci\u00f3 Secund\u00e0ria (GES) a dist\u00e0ncia.<br \/>\n<a href=\"https:\/\/ioc.xtec.cat\/\" target=\"_blank\" rel=\"noopener noreferrer\">Institut Obert de Catalunya (IOC)<\/a><br \/>\n<a href=\"https:\/\/ioc.xtec.cat\/educacio\/\" target=\"_blank\" rel=\"noopener noreferrer\"><\/a><br \/>\n<a href=\"https:\/\/ioc.xtec.cat\/educacio\/ges\" target=\"_blank\" rel=\"noopener noreferrer\">V\u00eddeo explicatiu de l&#8217;IOC<\/a><br \/>\n&nbsp;<\/p>\n","protected":false},"author":1,"featured_media":0,"parent":0,"menu_order":60,"comment_status":"closed","ping_status":"closed","template":"page-templates\/side-menu.php","meta":{"_bbp_topic_count":0,"_bbp_reply_count":0,"_bbp_total_topic_count":0,"_bbp_total_reply_count":0,"_bbp_voice_count":0,"_bbp_anonymous_reply_count":0,"_bbp_topic_count_hidden":0,"_bbp_reply_count_hidden":0,"_bbp_forum_subforum_count":0,"footnotes":""},"class_list":["post-724","page","type-page","status-publish","hentry"],"post_mailing_queue_ids":[],"_links":{"self":[{"href":"https:\/\/agora.xtec.cat\/cfa-martorell\/wp-json\/wp\/v2\/pages\/724","targetHints":{"allow":["GET"]}}],"collection":[{"href":"https:\/\/agora.xtec.cat\/cfa-martorell\/wp-json\/wp\/v2\/pages"}],"about":[{"href":"https:\/\/agora.xtec.cat\/cfa-martorell\/wp-json\/wp\/v2\/types\/page"}],"author":[{"embeddable":true,"href":"https:\/\/agora.xtec.cat\/cfa-martorell\/wp-json\/wp\/v2\/users\/1"}],"replies":[{"embeddable":true,"href":"https:\/\/agora.xtec.cat\/cfa-martorell\/wp-json\/wp\/v2\/comments?post=724"}],"version-history":[{"count":5,"href":"https:\/\/agora.xtec.cat\/cfa-martorell\/wp-json\/wp\/v2\/pages\/724\/revisions"}],"predecessor-version":[{"id":2816,"href":"https:\/\/agora.xtec.cat\/cfa-martorell\/wp-json\/wp\/v2\/pages\/724\/revisions\/2816"}],"wp:attachment":[{"href":"https:\/\/agora.xtec.cat\/cfa-martorell\/wp-json\/wp\/v2\/media?parent=724"}],"curies":[{"name":"wp","href":"https:\/\/api.w.org\/{rel}","templated":true}]}}