{"id":274,"date":"2015-01-27T17:56:20","date_gmt":"2015-01-27T16:56:20","guid":{"rendered":"http:\/\/agora.xtec.cat\/cfa-martorell\/?page_id=274"},"modified":"2025-05-06T14:00:33","modified_gmt":"2025-05-06T12:00:33","slug":"ensenyaments","status":"publish","type":"page","link":"https:\/\/agora.xtec.cat\/cfa-martorell\/ensenyaments\/","title":{"rendered":"Ensenyaments"},"content":{"rendered":"<h4>L&#8217;educaci\u00f3 per la cohesi\u00f3 i la participaci\u00f3 social<\/h4>\n<ul>\n<li><a href=\"http:\/\/agora.xtec.cat\/cfa-martorell\/ensenyaments\/ensenyaments-inicials-i-formacio-basica\/llengua-catalana\/\" target=\"_blank\" rel=\"noopener noreferrer\"><span style=\"color: #993300;\"><strong>Llengua catalana<\/strong><\/span><\/a><\/li>\n<li><a href=\"http:\/\/agora.xtec.cat\/cfa-martorell\/ensenyaments\/ensenyaments-inicials-i-formacio-basica\/llengua-castellana\/\" target=\"_blank\" rel=\"noopener noreferrer\"><strong><span style=\"color: #993300;\">Llengua castellana<\/span><\/strong><\/a><\/li>\n<li><a href=\"http:\/\/agora.xtec.cat\/cfa-martorell\/ensenyaments\/ensenyaments-inicials-i-formacio-basica\/formacio-instrumental\/\" target=\"_blank\" rel=\"noopener noreferrer\"><span style=\"color: #993300;\"><strong>Formaci\u00f3 instrumental<\/strong><\/span><\/a><\/li>\n<\/ul>\n<h4>Educaci\u00f3 secund\u00e0ria oblig\u00e0toria per a adults<\/h4>\n<ul>\n<li><a href=\"https:\/\/agora.xtec.cat\/cfa-martorell\/ensenyaments\/ensenyaments-inicials-i-formacio-basica\/graduat-en-educacio-secundaria-per-adults\/\"><strong><span style=\"color: #3366ff;\"><span style=\"color: #993300;\">Graduat en educaci\u00f3 secund\u00e0ria per a persones adultes (GESO)<\/span><\/span><\/strong><\/a><\/li>\n<\/ul>\n<h4>Compet\u00e8ncies transprofessionals<\/h4>\n<ul>\n<li><a href=\"http:\/\/agora.xtec.cat\/cfa-martorell\/ensenyaments\/ensenyaments-transprofessionals\/llengua-anglesa\/\" target=\"_blank\" rel=\"noopener noreferrer\"><span style=\"color: #993300;\"><strong>Llengua anglesa<\/strong><\/span><\/a><\/li>\n<li><a href=\"http:\/\/agora.xtec.cat\/cfa-martorell\/ensenyaments\/ensenyaments-transprofessionals\/competencia-digital-competic\/\" target=\"_blank\" rel=\"noopener noreferrer\"><span style=\"color: #993300;\"><strong>Inform\u00e0tica | Compet\u00e8ncia digital COMPETIC<\/strong><\/span><\/a><\/li>\n<\/ul>\n<h4>Curs preparatori d&#8217;acc\u00e9s als cicles formatius de grau superior (CAS)<\/h4>\n<h4>Ensenyaments per a la preparaci\u00f3 de proves d\u2019acc\u00e9s<\/h4>\n<ul>\n<li><a href=\"http:\/\/agora.xtec.cat\/cfa-martorell\/ensenyaments\/ensenyaments-per-a-la-preparacio-de-proves-dacces\/a-cicles-formatius-de-grau-superior\/\" target=\"_blank\" rel=\"noopener noreferrer\"><span style=\"color: #993300;\"><strong>A cicles formatius de grau superior\u00a0<\/strong><\/span><\/a>El curs vinent<span style=\"color: #993300;\"><span style=\"color: #000000;\"> no s&#8217;impartir\u00e0 aquest ensenyament en el CFA Pedro D\u00edaz<\/span><\/span><\/li>\n<li><strong><span style=\"color: #993300;\">A cicles formatius de grau mitj\u00e0<\/span><\/strong>. El curs vinent<span style=\"color: #993300;\"><span style=\"color: #000000;\"> no s&#8217;impartir\u00e0 aquest ensenyament en el CFA Pedro D\u00edaz<\/span><\/span><\/li>\n<li><a href=\"https:\/\/projectes.xtec.cat\/xarxadults\/ensenyaments\/preparacio-per-a-les-proves-dacces-i-cam\/preparacio-proves-acces-universitat\/\"><strong><span style=\"color: #993300;\">A la universitat per a majors de 25 anys<\/span><\/strong><\/a>.\u00a0El curs vinent<span style=\"color: #993300;\"><span style=\"color: #000000;\"> no s&#8217;impartir\u00e0 aquest ensenyament en el CFA Pedro D\u00edaz<\/span><\/span><\/li>\n<\/ul>\n<p><a href=\"https:\/\/agora.xtec.cat\/cfa-martorell\/wp-content\/uploads\/usu1768\/2025\/05\/2526_horaris_franges.png\"><img loading=\"lazy\" decoding=\"async\" class=\"alignnone size-full wp-image-2841\" src=\"https:\/\/agora.xtec.cat\/cfa-martorell\/wp-content\/uploads\/usu1768\/2025\/05\/2526_horaris_franges.png\" alt=\"\" width=\"578\" height=\"767\" srcset=\"https:\/\/agora.xtec.cat\/cfa-martorell\/wp-content\/uploads\/usu1768\/2025\/05\/2526_horaris_franges.png 578w, https:\/\/agora.xtec.cat\/cfa-martorell\/wp-content\/uploads\/usu1768\/2025\/05\/2526_horaris_franges-226x300.png 226w\" sizes=\"auto, (max-width: 578px) 100vw, 578px\" \/><\/a><\/p>\n<h4><a href=\"https:\/\/agora.xtec.cat\/cfa-martorell\/el-centre\/calendari-del-curs\/\">&#8211;&gt; Horaris del curs actual &lt;&#8211;<\/a><\/h4>\n<h4><\/h4>\n","protected":false},"excerpt":{"rendered":"<p>L&#8217;educaci\u00f3 per la cohesi\u00f3 i la participaci\u00f3 social<\/p>\n<ul>\n<li><a href=\"http:\/\/agora.xtec.cat\/cfa-martorell\/ensenyaments\/ensenyaments-inicials-i-formacio-basica\/llengua-catalana\/\" target=\"_blank\" rel=\"noopener noreferrer\">Llengua catalana<\/a><\/li>\n<li><a href=\"http:\/\/agora.xtec.cat\/cfa-martorell\/ensenyaments\/ensenyaments-inicials-i-formacio-basica\/llengua-castellana\/\" target=\"_blank\" rel=\"noopener noreferrer\">Llengua castellana<\/a><\/li>\n<li><a href=\"http:\/\/agora.xtec.cat\/cfa-martorell\/ensenyaments\/ensenyaments-inicials-i-formacio-basica\/formacio-instrumental\/\" target=\"_blank\" rel=\"noopener noreferrer\">Formaci\u00f3 instrumental<\/a><\/li>\n<\/ul>\n<p>Educaci\u00f3 secund\u00e0ria oblig\u00e0toria per a adults<\/p>\n<ul>\n<li><a href=\"https:\/\/agora.xtec.cat\/cfa-martorell\/ensenyaments\/ensenyaments-inicials-i-formacio-basica\/graduat-en-educacio-secundaria-per-adults\/\">Graduat en educaci\u00f3 secund\u00e0ria per a persones adultes (GESO)<\/a><\/li>\n<\/ul>\n<p>Compet\u00e8ncies transprofessionals<\/p>\n<ul>\n<li><a href=\"http:\/\/agora.xtec.cat\/cfa-martorell\/ensenyaments\/ensenyaments-transprofessionals\/llengua-anglesa\/\" target=\"_blank\" rel=\"noopener noreferrer\">Llengua anglesa<\/a><\/li>\n<li><a href=\"http:\/\/agora.xtec.cat\/cfa-martorell\/ensenyaments\/ensenyaments-transprofessionals\/competencia-digital-competic\/\" target=\"_blank\"&hellip;  <a href=\"https:\/\/agora.xtec.cat\/cfa-martorell\/ensenyaments\/\" title=\"Read Ensenyaments\">Llegeix m\u00e9s\u00bb<\/a><br \/>\n","protected":false},"author":1,"featured_media":0,"parent":0,"menu_order":30,"comment_status":"closed","ping_status":"closed","template":"page-templates\/side-menu.php","meta":{"_bbp_topic_count":0,"_bbp_reply_count":0,"_bbp_total_topic_count":0,"_bbp_total_reply_count":0,"_bbp_voice_count":0,"_bbp_anonymous_reply_count":0,"_bbp_topic_count_hidden":0,"_bbp_reply_count_hidden":0,"_bbp_forum_subforum_count":0,"footnotes":""},"class_list":["post-274","page","type-page","status-publish","hentry"],"post_mailing_queue_ids":[],"_links":{"self":[{"href":"https:\/\/agora.xtec.cat\/cfa-martorell\/wp-json\/wp\/v2\/pages\/274","targetHints":{"allow":["GET"]}}],"collection":[{"href":"https:\/\/agora.xtec.cat\/cfa-martorell\/wp-json\/wp\/v2\/pages"}],"about":[{"href":"https:\/\/agora.xtec.cat\/cfa-martorell\/wp-json\/wp\/v2\/types\/page"}],"author":[{"embeddable":true,"href":"https:\/\/agora.xtec.cat\/cfa-martorell\/wp-json\/wp\/v2\/users\/1"}],"replies":[{"embeddable":true,"href":"https:\/\/agora.xtec.cat\/cfa-martorell\/wp-json\/wp\/v2\/comments?post=274"}],"version-history":[{"count":6,"href":"https:\/\/agora.xtec.cat\/cfa-martorell\/wp-json\/wp\/v2\/pages\/274\/revisions"}],"predecessor-version":[{"id":2848,"href":"https:\/\/agora.xtec.cat\/cfa-martorell\/wp-json\/wp\/v2\/pages\/274\/revisions\/2848"}],"wp:attachment":[{"href":"https:\/\/agora.xtec.cat\/cfa-martorell\/wp-json\/wp\/v2\/media?parent=274"}],"curies":[{"name":"wp","href":"https:\/\/api.w.org\/{rel}","templated":true}]}}