{"id":27,"date":"2014-09-17T16:24:03","date_gmt":"2014-09-17T16:24:03","guid":{"rendered":"http:\/\/agora.xtec.cat\/cfa-martorell\/?page_id=27"},"modified":"2025-02-16T12:49:09","modified_gmt":"2025-02-16T11:49:09","slug":"historia","status":"publish","type":"page","link":"https:\/\/agora.xtec.cat\/cfa-martorell\/el-centre\/historia\/","title":{"rendered":"Hist\u00f2ria"},"content":{"rendered":"<p align=\"justify\"><span style=\"font-family: Arial, sans-serif; color: #008000;\"><span style=\"font-size: large;\"><b>2. Trets d&#8217;identitat del CFA Pedro D\u00edaz<\/b><\/span><\/span><\/p>\n<p align=\"justify\"><span style=\"font-family: Arial, sans-serif; color: #008000;\"><span style=\"font-size: large;\"><b>2.1. D&#8217;on venim?<\/b><\/span><\/span><\/p>\n<p align=\"justify\"><span style=\"font-family: Arial, sans-serif;\">El <b>CFA Pedro D\u00edaz<\/b> \u00e9s un centre de formaci\u00f3 de persones adultes p\u00fablic i gratu\u00eft finan\u00e7at pel Departament d\u2019Educaci\u00f3 i Formaci\u00f3 Professional de la Generalitat de Catalunya. <\/span><\/p>\n<p align=\"justify\"><span style=\"font-family: Arial, sans-serif;\">Est\u00e0 ubicat al complex educatiu del carrer Josep Tarradellas, n\u00fam.11, de Martorell. Els espais tenen una cessi\u00f3 d\u2019\u00fas com recull el DOGC n\u00fam. 4022 de 2 de desembre de 2003, Decret 288\/2003 de 18 de novembre.<\/span><\/p>\n<p align=\"justify\">El curs <strong>2023-2024<\/strong>, el centre <strong>va canviar el nom de CFA Martorell a CFA Pedro D\u00edaz<\/strong>, com a homenatge a el director del centre\u00a0 durant molts anys el Pedro D\u00edaz P\u00e9rez que va fer tant pel centre<\/p>\n<p align=\"justify\"><span style=\"font-family: Arial, sans-serif; color: #008000;\"><span style=\"font-size: large;\"><b>2.2. L&#8217;entorn: Martorell i la zona d&#8217;influ\u00e8ncia<\/b><\/span><\/span><\/p>\n<p align=\"justify\"><span style=\"font-family: Arial, sans-serif;\">La poblaci\u00f3 de Martorell t\u00e9 unes caracter\u00edstiques espec\u00edfiques:<\/span><\/p>\n<ul>\n<li>\n<p align=\"justify\"><span style=\"font-family: Arial, sans-serif;\">L\u2019empla\u00e7ament de la ciutat \u00e9s en forma de falca entre les comarques de l\u2019Alt Pened\u00e8s, l\u2019Anoia, el Bages i el Vall\u00e8s Occidental.<\/span><\/p>\n<\/li>\n<li>\n<p align=\"justify\"><span style=\"font-family: Arial, sans-serif;\">Hi ha poblacions properes que disposen de centres de formaci\u00f3 de persones adultes, per\u00f2 tenen una oferta formativa menys complerta que la del <b>CFA Pedro D\u00edaz<\/b><\/span><\/p>\n<\/li>\n<li>\n<p align=\"justify\"><span style=\"font-family: Arial, sans-serif;\">\u00c9s una ciutat ben comunicada amb una xarxa vi\u00e0ria (A2, N2, AP2) i ferrovi\u00e0ria (les estacions de RENFE i Ferrocarrils de la Generalitat s\u00f3n a prop del centre de formaci\u00f3 de persones d&#8217;adultes) adequada.<\/span><\/p>\n<\/li>\n<\/ul>\n<p align=\"justify\"><span style=\"font-family: Arial, sans-serif;\">Per aquests motius la zona d\u2019influ\u00e8ncia del <b>CFA Pedro D\u00edaz<\/b>\u00a0\u00e9s \u00e0mplia i, a m\u00e9s de la pr\u00f2pia poblaci\u00f3 de Martorell, inclou, entre d&#8217;altres, les poblacions d&#8217;Abrera, Castellbisbal, Esparreguera, Gelida, Masquefa, Olesa de Montserrat, Piera, Sant Andreu de la Barca i Sant Esteve de Sesrovires. <\/span><\/p>\n","protected":false},"excerpt":{"rendered":"<p>2. Trets d&#8217;identitat del CFA Pedro D\u00edaz<br \/>\n2.1. D&#8217;on venim?<br \/>\nEl CFA Pedro D\u00edaz \u00e9s un centre de formaci\u00f3 de persones adultes p\u00fablic i gratu\u00eft finan\u00e7at pel Departament d\u2019Educaci\u00f3 i Formaci\u00f3 Professional de la Generalitat de Catalunya.<br \/>\nEst\u00e0 ubicat al complex educatiu del carrer Josep Tarradellas, n\u00fam.11,&hellip;  <a href=\"https:\/\/agora.xtec.cat\/cfa-martorell\/el-centre\/historia\/\" title=\"Read Hist\u00f2ria\">Llegeix m\u00e9s\u00bb<\/a><\/p>\n","protected":false},"author":1,"featured_media":0,"parent":261,"menu_order":30,"comment_status":"closed","ping_status":"closed","template":"page-templates\/side-menu.php","meta":{"_bbp_topic_count":0,"_bbp_reply_count":0,"_bbp_total_topic_count":0,"_bbp_total_reply_count":0,"_bbp_voice_count":0,"_bbp_anonymous_reply_count":0,"_bbp_topic_count_hidden":0,"_bbp_reply_count_hidden":0,"_bbp_forum_subforum_count":0,"footnotes":""},"class_list":["post-27","page","type-page","status-publish","hentry"],"post_mailing_queue_ids":[],"_links":{"self":[{"href":"https:\/\/agora.xtec.cat\/cfa-martorell\/wp-json\/wp\/v2\/pages\/27","targetHints":{"allow":["GET"]}}],"collection":[{"href":"https:\/\/agora.xtec.cat\/cfa-martorell\/wp-json\/wp\/v2\/pages"}],"about":[{"href":"https:\/\/agora.xtec.cat\/cfa-martorell\/wp-json\/wp\/v2\/types\/page"}],"author":[{"embeddable":true,"href":"https:\/\/agora.xtec.cat\/cfa-martorell\/wp-json\/wp\/v2\/users\/1"}],"replies":[{"embeddable":true,"href":"https:\/\/agora.xtec.cat\/cfa-martorell\/wp-json\/wp\/v2\/comments?post=27"}],"version-history":[{"count":4,"href":"https:\/\/agora.xtec.cat\/cfa-martorell\/wp-json\/wp\/v2\/pages\/27\/revisions"}],"predecessor-version":[{"id":2804,"href":"https:\/\/agora.xtec.cat\/cfa-martorell\/wp-json\/wp\/v2\/pages\/27\/revisions\/2804"}],"up":[{"embeddable":true,"href":"https:\/\/agora.xtec.cat\/cfa-martorell\/wp-json\/wp\/v2\/pages\/261"}],"wp:attachment":[{"href":"https:\/\/agora.xtec.cat\/cfa-martorell\/wp-json\/wp\/v2\/media?parent=27"}],"curies":[{"name":"wp","href":"https:\/\/api.w.org\/{rel}","templated":true}]}}