{"id":2488,"date":"2023-02-02T18:18:20","date_gmt":"2023-02-02T17:18:20","guid":{"rendered":"https:\/\/agora.xtec.cat\/cfa-martorell\/?page_id=2488"},"modified":"2023-06-05T11:18:37","modified_gmt":"2023-06-05T09:18:37","slug":"cultura-digital-de-centre","status":"publish","type":"page","link":"https:\/\/agora.xtec.cat\/cfa-martorell\/cultura-digital-de-centre\/","title":{"rendered":"Cultura digital de centre"},"content":{"rendered":"<h3 style=\"text-align: center;\"><img loading=\"lazy\" decoding=\"async\" class=\"aligncenter size-full wp-image-4173\" src=\"https:\/\/agora.xtec.cat\/escolalaroureda\/wp-content\/uploads\/usu631\/2022\/11\/2_Que-es-la-Cultura-digital-dun-centre_v3-768x542-1.png\" sizes=\"auto, (max-width: 768px) 100vw, 768px\" srcset=\"https:\/\/agora.xtec.cat\/escolalaroureda\/wp-content\/uploads\/usu631\/2022\/11\/2_Que-es-la-Cultura-digital-dun-centre_v3-768x542-1.png 768w, https:\/\/agora.xtec.cat\/escolalaroureda\/wp-content\/uploads\/usu631\/2022\/11\/2_Que-es-la-Cultura-digital-dun-centre_v3-768x542-1-300x212.png 300w\" alt=\"\" width=\"768\" height=\"542\" \/><br \/>\nDocumentaci\u00f3 de Cultura Digital del<br \/>\nCFA Martorell<em><br \/>\n<\/em><\/h3>\n<h5><\/h5>\n<h5>1. Pla d&#8217;acollida del centre | Apartat digital (en proc\u00e9s)<\/h5>\n<h5>2. Pla de comunicaci\u00f3 del centre | Apartat digital (en proc\u00e9s)<\/h5>\n<h5>3. Normativa espec\u00edfica a les N.O.F.C. de regulaci\u00f3 d&#8217;usos al centre de dispositius de l&#8217;\u00e0mbit digital<\/h5>\n<div>Est\u00e0 regulat a les NOFC a l&#8217;apartat 8 <i>Normes d&#8217;\u00fas.<\/i><\/div>\n<div><i>\u00a0<\/i><\/div>\n<div>\n<p>Concretament als subapartats:<\/p>\n<\/div>\n<div><i>8.2 \u00das correcte dels serveis i recursos tecnol\u00f2gics.<\/i><\/div>\n<div><i>8.5. Canals d&#8217;informaci\u00f3 i comunicaci\u00f3 amb l&#8217;alumnat.<\/i><\/div>\n<div><\/div>\n<div>\n<p>Pr\u00f2xima revisi\u00f3 en els consells escolars dels dies 30\/06\/2023 i 15\/09\/2023<\/p>\n<\/div>\n<h5>4. Acc\u00e9s a la plataforma virtual del claustre:<\/h5>\n<h6><a href=\"https:\/\/agora.xtec.cat\/cfa-martorell\/enllac-a-google-sites-del-professorat\/\"><img loading=\"lazy\" decoding=\"async\" class=\"wp-image-2156 alignleft\" src=\"https:\/\/agora.xtec.cat\/cfa-martorell\/wp-content\/uploads\/usu1768\/2021\/09\/Google-Sites-300x101.jpg\" sizes=\"auto, (max-width: 300px) 100vw, 300px\" srcset=\"https:\/\/agora.xtec.cat\/cfa-martorell\/wp-content\/uploads\/usu1768\/2021\/09\/Google-Sites-300x101.jpg 300w, https:\/\/agora.xtec.cat\/cfa-martorell\/wp-content\/uploads\/usu1768\/2021\/09\/Google-Sites-1024x346.jpg 1024w, https:\/\/agora.xtec.cat\/cfa-martorell\/wp-content\/uploads\/usu1768\/2021\/09\/Google-Sites-768x259.jpg 768w, https:\/\/agora.xtec.cat\/cfa-martorell\/wp-content\/uploads\/usu1768\/2021\/09\/Google-Sites.jpg 1045w\" alt=\"\" width=\"252\" height=\"85\" \/><\/a><\/h6>\n","protected":false},"excerpt":{"rendered":"<p>Documentaci\u00f3 de Cultura Digital del<br \/>\nCFA Martorell<\/p>\n<p>1. Pla d&#8217;acollida del centre | Apartat digital (en proc\u00e9s)<br \/>\n2. Pla de comunicaci\u00f3 del centre | Apartat digital (en proc\u00e9s)<br \/>\n3. Normativa espec\u00edfica a les N.O.F.C. de regulaci\u00f3 d&#8217;usos al centre de dispositius de l&#8217;\u00e0mbit digital<br \/>\nEst\u00e0 regulat a les NOFC a&hellip;  <a href=\"https:\/\/agora.xtec.cat\/cfa-martorell\/cultura-digital-de-centre\/\" title=\"Read Cultura digital de centre\">Llegeix m\u00e9s\u00bb<\/a><\/p>\n","protected":false},"author":1,"featured_media":0,"parent":0,"menu_order":0,"comment_status":"closed","ping_status":"closed","template":"page-templates\/side-menu.php","meta":{"_bbp_topic_count":0,"_bbp_reply_count":0,"_bbp_total_topic_count":0,"_bbp_total_reply_count":0,"_bbp_voice_count":0,"_bbp_anonymous_reply_count":0,"_bbp_topic_count_hidden":0,"_bbp_reply_count_hidden":0,"_bbp_forum_subforum_count":0,"footnotes":""},"class_list":["post-2488","page","type-page","status-publish","hentry"],"post_mailing_queue_ids":[],"_links":{"self":[{"href":"https:\/\/agora.xtec.cat\/cfa-martorell\/wp-json\/wp\/v2\/pages\/2488","targetHints":{"allow":["GET"]}}],"collection":[{"href":"https:\/\/agora.xtec.cat\/cfa-martorell\/wp-json\/wp\/v2\/pages"}],"about":[{"href":"https:\/\/agora.xtec.cat\/cfa-martorell\/wp-json\/wp\/v2\/types\/page"}],"author":[{"embeddable":true,"href":"https:\/\/agora.xtec.cat\/cfa-martorell\/wp-json\/wp\/v2\/users\/1"}],"replies":[{"embeddable":true,"href":"https:\/\/agora.xtec.cat\/cfa-martorell\/wp-json\/wp\/v2\/comments?post=2488"}],"version-history":[{"count":3,"href":"https:\/\/agora.xtec.cat\/cfa-martorell\/wp-json\/wp\/v2\/pages\/2488\/revisions"}],"predecessor-version":[{"id":2598,"href":"https:\/\/agora.xtec.cat\/cfa-martorell\/wp-json\/wp\/v2\/pages\/2488\/revisions\/2598"}],"wp:attachment":[{"href":"https:\/\/agora.xtec.cat\/cfa-martorell\/wp-json\/wp\/v2\/media?parent=2488"}],"curies":[{"name":"wp","href":"https:\/\/api.w.org\/{rel}","templated":true}]}}