{"id":322,"date":"2015-01-28T11:36:17","date_gmt":"2015-01-28T10:36:17","guid":{"rendered":"http:\/\/agora.xtec.cat\/cfa-garrosa\/?page_id=322"},"modified":"2021-05-24T12:19:28","modified_gmt":"2021-05-24T10:19:28","slug":"a-la-universitat-per-a-majors-de-25-anys","status":"publish","type":"page","link":"https:\/\/agora.xtec.cat\/cfa-garrosa\/ensenyaments\/ensenyaments-per-a-la-preparacio-de-proves-dacces\/a-la-universitat-per-a-majors-de-25-anys\/","title":{"rendered":"A la universitat per a majors de 25 anys i 45 anys"},"content":{"rendered":"<p>Aquest curs prepara els alumnes per a presentar-se a les proves d&#8217;acc\u00e9s a la universitat.<\/p>\n<p>Cal:<\/p>\n<ul>\n<li>tenir\u00a0 25 anys en l\u2019any natural en qu\u00e8 es realitza la prova<\/li>\n<li>no tenir superada la Selectivitat (PAAU) o equivalent,<\/li>\n<li>no estar en possessi\u00f3 d\u2019un t\u00edtol de t\u00e8cnic superior de formaci\u00f3 professional, d\u2019arts pl\u00e0stiques i disseny o d\u2019esports (o equivalent).<\/li>\n<li>No tenir cap titulaci\u00f3 universit\u00e0ria<\/li>\n<\/ul>\n<p>Al centre realitzem les mat\u00e8ries comunes (catal\u00e0, castell\u00e0, angl\u00e8s i comentari de text). Els alumnes majors de 45 anys no fan la prova de llengua estrangera.<\/p>\n<p>Per a m\u00e9s informaci\u00f3 sobre la prova cliqueu <a href=\"http:\/\/universitats.gencat.cat\/ca\/que_puc_fer\/25_anys\/\">aqu\u00ed<\/a><\/p>\n","protected":false},"excerpt":{"rendered":"<p>Aquest curs prepara els alumnes per a presentar-se a les proves d&#8217;acc\u00e9s a la universitat.<br \/>\nCal:<\/p>\n<ul>\n<li>tenir\u00a0 25 anys en l\u2019any natural en qu\u00e8 es realitza la prova<\/li>\n<li>no tenir superada la Selectivitat (PAAU) o equivalent,<\/li>\n<li>no estar en possessi\u00f3 d\u2019un t\u00edtol de t\u00e8cnic superior de formaci\u00f3 professional, d\u2019arts&hellip;  <a href=\"https:\/\/agora.xtec.cat\/cfa-garrosa\/ensenyaments\/ensenyaments-per-a-la-preparacio-de-proves-dacces\/a-la-universitat-per-a-majors-de-25-anys\/\" title=\"Read A la universitat per a majors de 25 anys i 45 anys\">Llegeix m\u00e9s\u00bb<\/a><br \/>\n","protected":false},"author":1,"featured_media":0,"parent":288,"menu_order":0,"comment_status":"closed","ping_status":"closed","template":"page-templates\/side-menu.php","meta":{"_bbp_topic_count":0,"_bbp_reply_count":0,"_bbp_total_topic_count":0,"_bbp_total_reply_count":0,"_bbp_voice_count":0,"_bbp_anonymous_reply_count":0,"_bbp_topic_count_hidden":0,"_bbp_reply_count_hidden":0,"_bbp_forum_subforum_count":0,"footnotes":""},"class_list":["post-322","page","type-page","status-publish","hentry"],"post_mailing_queue_ids":[],"_links":{"self":[{"href":"https:\/\/agora.xtec.cat\/cfa-garrosa\/wp-json\/wp\/v2\/pages\/322","targetHints":{"allow":["GET"]}}],"collection":[{"href":"https:\/\/agora.xtec.cat\/cfa-garrosa\/wp-json\/wp\/v2\/pages"}],"about":[{"href":"https:\/\/agora.xtec.cat\/cfa-garrosa\/wp-json\/wp\/v2\/types\/page"}],"author":[{"embeddable":true,"href":"https:\/\/agora.xtec.cat\/cfa-garrosa\/wp-json\/wp\/v2\/users\/1"}],"replies":[{"embeddable":true,"href":"https:\/\/agora.xtec.cat\/cfa-garrosa\/wp-json\/wp\/v2\/comments?post=322"}],"version-history":[{"count":3,"href":"https:\/\/agora.xtec.cat\/cfa-garrosa\/wp-json\/wp\/v2\/pages\/322\/revisions"}],"predecessor-version":[{"id":1331,"href":"https:\/\/agora.xtec.cat\/cfa-garrosa\/wp-json\/wp\/v2\/pages\/322\/revisions\/1331"}],"up":[{"embeddable":true,"href":"https:\/\/agora.xtec.cat\/cfa-garrosa\/wp-json\/wp\/v2\/pages\/288"}],"wp:attachment":[{"href":"https:\/\/agora.xtec.cat\/cfa-garrosa\/wp-json\/wp\/v2\/media?parent=322"}],"curies":[{"name":"wp","href":"https:\/\/api.w.org\/{rel}","templated":true}]}}