{"id":27,"date":"2014-09-17T16:24:03","date_gmt":"2014-09-17T16:24:03","guid":{"rendered":"http:\/\/agora.xtec.cat\/cfa-garrosa\/?page_id=27"},"modified":"2017-05-31T16:15:07","modified_gmt":"2017-05-31T14:15:07","slug":"historia","status":"publish","type":"page","link":"https:\/\/agora.xtec.cat\/cfa-garrosa\/el-centre\/historia\/","title":{"rendered":"Hist\u00f2ria"},"content":{"rendered":"<p>La formaci\u00f3 d\u2019adults a Sant Vicen\u00e7 dels Horts, al igual que a altres municipis, \u00a0va comen\u00e7ar com a una demanda social en els primers anys del postfranquisme.<\/p>\n<p>Van ser mestres voluntaris que enacabar la seva feina dedicaven part del seu temps par atendre a una gran demanda de persones que volien alfabetitzar-se.<\/p>\n<p>A comen\u00e7aments de la d\u00e8cada dels 80 el Departament d\u2019Ensenyament va nomenar dues persones per fer aquestes tasques d\u2019alfabetitzaci\u00f3 i tamb\u00e9 comen\u00e7ar els cursos de Graduat Escolar per Adults, compartint els espais amb l\u2019escola de prim\u00e0ria \u201cLa Vinyala\u201d<\/p>\n<p>En el cas de Sant Vicen\u00e7 dels Horts tamb\u00e9 l\u2019Ajuntament va apostar per recolzar la formaci\u00f3 d\u2019adults i va contractar 2 persones m\u00e9s com a professors\/es i una auxiliar que ajudava en tasques docents i administratives.<\/p>\n<p>A l\u2019any 1984 la formaci\u00f3 d\u2019adults a Sant Vicen\u00e7 dels Horts va fer un salt qualitatiu important, al ser habilitats per a l\u2019\u00fas exclusiu de formaci\u00f3 d\u2019adults part de l\u2019edifici dels antics salesians. A partir d\u2019aquest moment es comen\u00e7a a fer oferta educativa en torn de mat\u00ed, tarda i vespre; aix\u00ed com a impulsar un projecte educatiu en el tamb\u00e9 va tenir un paper important la formaci\u00f3 no reglada (tallers)<\/p>\n<p>La \u00a0creixent demanda de formaci\u00f3 va fer que a l\u2019any 1985 el Departament d\u2019Ensenyament increment\u00e9s la plantilla i ho torn\u00e9s afer a l\u2019any \u00a01986.<\/p>\n<p>Amb una plantilla ja consolidat de 7 persones \u00a0es van posar en funcionament ofertes post-obligat\u00f2ries (Proves d\u2019Acc\u00e9s a la Universitat i Proves de Maduresa de Formaci\u00f3 Professional) sent el centre de refer\u00e8ncia de bona part de la comarca, ja que eren pocs centres els que oferien aquestes ofertes.<\/p>\n<p>A l\u2019any 2001 es va fer una reforma integral del centre, amb supressi\u00f3 de les barreres arquitect\u00f2niques i la instal\u00b7laci\u00f3 d\u2019un ascensor.<\/p>\n<p>A l\u2019any 2003 el Departament de Benestar i Fam\u00edlia \u00a0va incrementar la plantilla amb una pla\u00e7a m\u00e9s. En aquests moments la plantilla estava formada per 7 professors\/es de prim\u00e0ria de la Generalitat, una professora de l\u2019Ajuntament i una auxiliar.<\/p>\n<p>A l\u2019any \u00a0\u00a0la formaci\u00f3 d\u2019adults torna a passar a dependre del Departament d\u2019Educaci\u00f3 i es va implementar el GES complert (en aquells moments eren tres nivells) assignant tres places de secund\u00e0ria i una auxiliar administrativa en mitja jornada, alhora que l\u2019Ajuntament de Sant Vicen\u00e7 dels Horts va deixar de posar personal administratiu i professorat al CFA Garrosa.<\/p>\n<p>Tamb\u00e9 en aquells moments el CFA Garrosa, a inst\u00e0ncies del Departament d\u2019Educaci\u00f3, va haver de deixar de gestionar la formaci\u00f3 no reglada (tallers) que fins aquell moment i durant tot el per\u00edode que havien estat adscrit al Departament de Benestar i Fam\u00edlia, formava part de la nostra oferta formativa i es va traspassar aquesta gesti\u00f3 a l\u2019Associaci\u00f3 d\u2019Alumnes i Amics del CFA Garrosa que es va crear per a tal finalitat (entre altres).<\/p>\n<p>Des del 2005 fins ara el Departament d\u2019Ensenyament va ampliar la plantilla de secund\u00e0ria en una pla\u00e7a m\u00e9s i es van reconvertir dues places de prim\u00e0ria en secund\u00e0ria.<\/p>\n","protected":false},"excerpt":{"rendered":"<p>La formaci\u00f3 d\u2019adults a Sant Vicen\u00e7 dels Horts, al igual que a altres municipis, \u00a0va comen\u00e7ar com a una demanda social en els primers anys del postfranquisme.<br \/>\nVan ser mestres voluntaris que enacabar la seva feina dedicaven part del seu temps par atendre a una gran&hellip;  <a href=\"https:\/\/agora.xtec.cat\/cfa-garrosa\/el-centre\/historia\/\" title=\"Read Hist\u00f2ria\">Llegeix m\u00e9s\u00bb<\/a><\/p>\n","protected":false},"author":1,"featured_media":0,"parent":261,"menu_order":20,"comment_status":"closed","ping_status":"closed","template":"page-templates\/side-menu.php","meta":{"_bbp_topic_count":0,"_bbp_reply_count":0,"_bbp_total_topic_count":0,"_bbp_total_reply_count":0,"_bbp_voice_count":0,"_bbp_anonymous_reply_count":0,"_bbp_topic_count_hidden":0,"_bbp_reply_count_hidden":0,"_bbp_forum_subforum_count":0,"footnotes":""},"class_list":["post-27","page","type-page","status-publish","hentry"],"post_mailing_queue_ids":[],"_links":{"self":[{"href":"https:\/\/agora.xtec.cat\/cfa-garrosa\/wp-json\/wp\/v2\/pages\/27","targetHints":{"allow":["GET"]}}],"collection":[{"href":"https:\/\/agora.xtec.cat\/cfa-garrosa\/wp-json\/wp\/v2\/pages"}],"about":[{"href":"https:\/\/agora.xtec.cat\/cfa-garrosa\/wp-json\/wp\/v2\/types\/page"}],"author":[{"embeddable":true,"href":"https:\/\/agora.xtec.cat\/cfa-garrosa\/wp-json\/wp\/v2\/users\/1"}],"replies":[{"embeddable":true,"href":"https:\/\/agora.xtec.cat\/cfa-garrosa\/wp-json\/wp\/v2\/comments?post=27"}],"version-history":[{"count":3,"href":"https:\/\/agora.xtec.cat\/cfa-garrosa\/wp-json\/wp\/v2\/pages\/27\/revisions"}],"predecessor-version":[{"id":668,"href":"https:\/\/agora.xtec.cat\/cfa-garrosa\/wp-json\/wp\/v2\/pages\/27\/revisions\/668"}],"up":[{"embeddable":true,"href":"https:\/\/agora.xtec.cat\/cfa-garrosa\/wp-json\/wp\/v2\/pages\/261"}],"wp:attachment":[{"href":"https:\/\/agora.xtec.cat\/cfa-garrosa\/wp-json\/wp\/v2\/media?parent=27"}],"curies":[{"name":"wp","href":"https:\/\/api.w.org\/{rel}","templated":true}]}}