{"id":4100,"date":"2025-05-19T15:56:37","date_gmt":"2025-05-19T13:56:37","guid":{"rendered":"https:\/\/agora.xtec.cat\/cfa-espiteus\/?page_id=4100"},"modified":"2025-05-20T10:56:40","modified_gmt":"2025-05-20T08:56:40","slug":"curs-especific-dacces-als-cicles-de-grau-superior-cas","status":"publish","type":"page","link":"https:\/\/agora.xtec.cat\/cfa-espiteus\/ensenyaments\/ensenyaments-per-a-la-preparacio-de-proves-dacces\/curs-especific-dacces-als-cicles-de-grau-superior-cas\/","title":{"rendered":"Curs de formaci\u00f3 preparatori per a l\u2019acc\u00e9s a cicles formatius de grau superior (CAS)"},"content":{"rendered":"<p>Aquest curs permet\u00a0 l\u2019acc\u00e9s directe als cicles de grau superior de formaci\u00f3 professional a les persones que el superin<\/p>\n<p>&nbsp;<\/p>\n<p><strong>HORARIS DEL CURS 2025-2026<\/strong><\/p>\n<p>Dilluns a dijous, 16:00 \u2013 21:00h<\/p>\n<p>&nbsp;<\/p>\n<p><span style=\"color: #008000;\"><strong>Hores anuals i temporitzaci\u00f3:\u00a0<\/strong><\/span>El curs t\u00e9 car\u00e0cter anual i una durada prevista de 33 setmanes.<\/p>\n<p><span style=\"color: #008000;\"><strong>Hores setmanals:<\/strong> <span style=\"color: #000000;\">13 hores per a la part comuna (s\u2019hi comptabilitza la tutoria) i 3 hores per mat\u00e8ria espec\u00edfica.<\/span><\/span><\/p>\n<ul>\n<li style=\"list-style-type: none;\">\n<ul>\n<li>Part comuna: Catal\u00e0, castell\u00e0, llengua estrangera i matem\u00e0tiques (3 hores cada una).<\/li>\n<li>Tutoria: 1 hora<\/li>\n<\/ul>\n<\/li>\n<\/ul>\n<p><strong style=\"color: #008000; font-family: inherit; font-size: 1em;\">Acc\u00e9s:\u00a0<\/strong><\/p>\n<ul>\n<li>Cal tenir complerts o complir 19 anys l&#8217;any d&#8217;inici del curs.<\/li>\n<li>Els alumnes d\u2019arts pl\u00e0stiques i disseny s\u2019hi poden matricular, per\u00f2 nom\u00e9s els servir\u00e0 la part<br \/>\ncomuna. En principi tamb\u00e9 haurien de fer la part espec\u00edfica, per\u00f2 no els servir\u00e0 de res si no volen cursar un cicle d\u2019FP inicial.<\/li>\n<\/ul>\n<p><span style=\"color: #008000;\"><strong>Qualificaci\u00f3:\u00a0<\/strong><\/span><\/p>\n<ul>\n<li>S\u2019ha de treure un m\u00ednim de 4 a cada mat\u00e8ria per poder calcular la qualificaci\u00f3 del curs.<\/li>\n<li>La qualificaci\u00f3 final de curs es calcula la mitjana aritm\u00e8tica de totes les mat\u00e8ries. S&#8217;aprova si la qualificaci\u00f3 \u00e9s igual o superior a 5.<\/li>\n<li>No es pot expedir el certificat de superaci\u00f3 del curs en cas de no haver assistit, almenys, al 80% de cada mat\u00e8ria i de la tutoria.<\/li>\n<li>Si se supera parcialment el curs, les mat\u00e8ries superades seran mat\u00e8ries de les quals no caldr\u00e0 examinar-se a les proves d&#8217;acc\u00e9s (La qualificaci\u00f3 d\u2019aquesta part de les proves \u00e9s la del curs).<\/li>\n<li>Si se supera parcialment el curs, es pot repetir el curs i mantenir la qualificaci\u00f3 de les mat\u00e8ries superades, si aix\u00ed ho sol\u00b7licita l\u2019interessat.<\/li>\n<\/ul>\n","protected":false},"excerpt":{"rendered":"<p>Aquest curs permet\u00a0 l\u2019acc\u00e9s directe als cicles de grau superior de formaci\u00f3 professional a les persones que el superin<br \/>\n&nbsp;<br \/>\nHORARIS DEL CURS 2025-2026<br \/>\nDilluns a dijous, 16:00 \u2013 21:00h<br \/>\n&nbsp;<br \/>\nHores anuals i temporitzaci\u00f3:\u00a0El curs t\u00e9 car\u00e0cter anual i una durada prevista de 33 setmanes.<br \/>\nHores setmanals: 13 hores per&hellip;  <a href=\"https:\/\/agora.xtec.cat\/cfa-espiteus\/ensenyaments\/ensenyaments-per-a-la-preparacio-de-proves-dacces\/curs-especific-dacces-als-cicles-de-grau-superior-cas\/\" title=\"Read Curs de formaci\u00f3 preparatori per a l\u2019acc\u00e9s a cicles formatius de grau superior (CAS)\">Llegeix m\u00e9s\u00bb<\/a><\/p>\n","protected":false},"author":1,"featured_media":0,"parent":288,"menu_order":2,"comment_status":"closed","ping_status":"closed","template":"page-templates\/side-menu.php","meta":{"_bbp_topic_count":0,"_bbp_reply_count":0,"_bbp_total_topic_count":0,"_bbp_total_reply_count":0,"_bbp_voice_count":0,"_bbp_anonymous_reply_count":0,"_bbp_topic_count_hidden":0,"_bbp_reply_count_hidden":0,"_bbp_forum_subforum_count":0,"footnotes":""},"class_list":["post-4100","page","type-page","status-publish","hentry"],"post_mailing_queue_ids":[],"_links":{"self":[{"href":"https:\/\/agora.xtec.cat\/cfa-espiteus\/wp-json\/wp\/v2\/pages\/4100","targetHints":{"allow":["GET"]}}],"collection":[{"href":"https:\/\/agora.xtec.cat\/cfa-espiteus\/wp-json\/wp\/v2\/pages"}],"about":[{"href":"https:\/\/agora.xtec.cat\/cfa-espiteus\/wp-json\/wp\/v2\/types\/page"}],"author":[{"embeddable":true,"href":"https:\/\/agora.xtec.cat\/cfa-espiteus\/wp-json\/wp\/v2\/users\/1"}],"replies":[{"embeddable":true,"href":"https:\/\/agora.xtec.cat\/cfa-espiteus\/wp-json\/wp\/v2\/comments?post=4100"}],"version-history":[{"count":5,"href":"https:\/\/agora.xtec.cat\/cfa-espiteus\/wp-json\/wp\/v2\/pages\/4100\/revisions"}],"predecessor-version":[{"id":4121,"href":"https:\/\/agora.xtec.cat\/cfa-espiteus\/wp-json\/wp\/v2\/pages\/4100\/revisions\/4121"}],"up":[{"embeddable":true,"href":"https:\/\/agora.xtec.cat\/cfa-espiteus\/wp-json\/wp\/v2\/pages\/288"}],"wp:attachment":[{"href":"https:\/\/agora.xtec.cat\/cfa-espiteus\/wp-json\/wp\/v2\/media?parent=4100"}],"curies":[{"name":"wp","href":"https:\/\/api.w.org\/{rel}","templated":true}]}}

Curs de formació preparatori per a l’accés a cicles formatius de grau superior (CAS)

<p>Aquest curs permet  l’accés directe als cicles de grau superior de formació professional a les persones que el superin</p>
<p>&nbsp;</p>
<p><strong>HORARIS DEL CURS 2025-2026</strong></p>
<p>Dilluns a dijous, 16:00 – 21:00h</p>
<p>&nbsp;</p>
<p><span style="color: #008000;"><strong>Hores anuals i temporització: </strong></span>El curs té caràcter anual i una durada prevista de 33 setmanes.</p>
<p><span style="color: #008000;"><strong>Hores setmanals:</strong> <span style="color: #000000;">13 hores per a la part comuna (s’hi comptabilitza la tutoria) i 3 hores per matèria específica.</span></span></p>
<ul>
<li style="list-style-type: none;">
<ul>
<li>Part comuna: Català, castellà, llengua estrangera i matemàtiques (3 hores cada una).</li>
<li>Tutoria: 1 hora</li>
</ul>
</li>
</ul>
<p><strong style="color: #008000; font-family: inherit; font-size: 1em;">Accés: </strong></p>
<ul>
<li>Cal tenir complerts o complir 19 anys l&#8217;any d&#8217;inici del curs.</li>
<li>Els alumnes d’arts plàstiques i disseny s’hi poden matricular, però només els servirà la part<br />
comuna. En principi també haurien de fer la part específica, però no els servirà de res si no volen cursar un cicle d’FP inicial.</li>
</ul>
<p><span style="color: #008000;"><strong>Qualificació: </strong></span></p>
<ul>
<li>S’ha de treure un mínim de 4 a cada matèria per poder calcular la qualificació del curs.</li>
<li>La qualificació final de curs es calcula la mitjana aritmètica de totes les matèries. S&#8217;aprova si la qualificació és igual o superior a 5.</li>
<li>No es pot expedir el certificat de superació del curs en cas de no haver assistit, almenys, al 80% de cada matèria i de la tutoria.</li>
<li>Si se supera parcialment el curs, les matèries superades seran matèries de les quals no caldrà examinar-se a les proves d&#8217;accés (La qualificació d’aquesta part de les proves és la del curs).</li>
<li>Si se supera parcialment el curs, es pot repetir el curs i mantenir la qualificació de les matèries superades, si així ho sol·licita l’interessat.</li>
</ul>

<p>Aquest curs permet  l’accés directe als cicles de grau superior de formació professional a les persones que el superin<br />
&nbsp;<br />
HORARIS DEL CURS 2025-2026<br />
Dilluns a dijous, 16:00 – 21:00h<br />
&nbsp;<br />
Hores anuals i temporització: El curs té caràcter anual i una durada prevista de 33 setmanes.<br />
Hores setmanals: 13 hores per&hellip;  <a href="https://agora.xtec.cat/cfa-espiteus/ensenyaments/ensenyaments-per-a-la-preparacio-de-proves-dacces/curs-especific-dacces-als-cicles-de-grau-superior-cas/" title="Read Curs de formació preparatori per a l’accés a cicles formatius de grau superior (CAS)">Llegeix més»</a></p>
