{"id":320,"date":"2015-01-28T11:35:13","date_gmt":"2015-01-28T10:35:13","guid":{"rendered":"http:\/\/pwc-int.educacio.intranet\/agora\/mastercfa\/?page_id=320"},"modified":"2025-05-20T10:57:50","modified_gmt":"2025-05-20T08:57:50","slug":"a-cicles-formatius-de-grau-superior","status":"publish","type":"page","link":"https:\/\/agora.xtec.cat\/cfa-espiteus\/ensenyaments\/ensenyaments-per-a-la-preparacio-de-proves-dacces\/a-cicles-formatius-de-grau-superior\/","title":{"rendered":"Formaci\u00f3 per a les proves d\u2019acc\u00e9s a cicles formatius de grau superior"},"content":{"rendered":"<p><strong>HORARIS DEL CURS 2025-2026<\/strong><\/p>\n<p><strong style=\"color: #008000;\">PART COMUNA<\/strong><\/p>\n<p>Dimarts i dijous, 9:30 \u2013 13:30h<\/p>\n<p>Divendres, 9:30 \u2013 12:30h<\/p>\n<p><span style=\"color: #008000;\"><strong>PART ESPEC\u00cdFICA (Nom\u00e9s algunes mat\u00e8ries)<\/strong><\/span><\/p>\n<ul>\n<li><span style=\"color: #ff0000;\"><span style=\"color: #000000;\"><strong>BIOLOGIA I QU\u00cdMICA:<\/strong> a determinar (INS Sa Palomera).<\/span><\/span><\/li>\n<\/ul>\n<p>&nbsp;<\/p>\n<h4><span style=\"color: #0000ff;\"><strong>FORMACI\u00d3 PER A LES PROVES D&#8217;ACC\u00c9S A CICLES FORMATIUS DE\u00a0<\/strong><strong style=\"font-family: inherit; font-size: 1em; line-height: 1.6;\">GRAU SUPERIOR<\/strong><\/span><\/h4>\n<p>\u00c9s un curs adre\u00e7at a persones m\u00e9s grans de 18 anys. Per poder fer la prova d\u2019acc\u00e9s cal tenir 19 anys o complir-los durant l\u2019any\u00a0que es realitza la prova . Oferim la preparaci\u00f3 de la part comuna per a qualsevol especialitat i de les proves espec\u00edfiques d\u2019algunes branques professionals. Les assignatures espec\u00edfiques que no ofereix el centre es poden fer a dist\u00e0ncia a trav\u00e9s de l\u2019IOC (Institut Obert de Catalunya).<\/p>\n<p>Aquest curs prepara per presentar-se a les proves d&#8217;acc\u00e9s als cicles de grau superior de formaci\u00f3 professional, d&#8217;arts pl\u00e0stiques i disseny i d&#8217;ensenyaments esportius.<\/p>\n<h4><span style=\"color: #339966;\"><strong><em>Estructura del curs<\/em><\/strong><\/span><\/h4>\n<p>El curs s&#8217;estructura en dues parts: una <strong>part comuna<\/strong> (que compr\u00e8n les mat\u00e8ries de llengua catalana, llengua castellana, angl\u00e8s i matem\u00e0tiques) i una <strong>part espec\u00edfica<\/strong> (integrada per dues mat\u00e8ries que es trien en funci\u00f3 del cicle formatiu que es vol cursar).<\/p>\n<p>El centre ofereix la preparaci\u00f3 per a la part comuna de la prova en modalitat presencial. Algunes assignatures de la part espec\u00edfica es poden fer al centre ( qu\u00edmica, economia i geografia) , per\u00f2 d\u2019altres s&#8217;han de cursar a dist\u00e0ncia a trav\u00e9s de l&#8217;IOC (Institut Obert de Catalunya).<\/p>\n<p>Les persones que volen accedir a un cicle formatiu d\u2019ensenyaments esportius (no el d&#8217;activitats fisicoesportives) o d&#8217;arts pl\u00e0stiques i disseny poden cursar hist\u00f2ria en lloc de matem\u00e0tiques, per\u00f2 hauran de fer aquesta mat\u00e8ria a l\u2019IOC, perqu\u00e8 el centre no l&#8217;ofereix.<\/p>\n<p>Es pot triar com a llengua estrangera franc\u00e8s o alemany en comptes d\u2019angl\u00e8s, per\u00f2 l\u2018alemany s\u2019ha de cursar a l\u2019IOC perqu\u00e8 el centre no l\u2019ofereix. Si es tria com a mat\u00e8ria espec\u00edfica la segona llengua estrangera (que pot ser angl\u00e8s o franc\u00e8s), aquesta ha de ser diferent a la que s&#8217;ha triat per a la part comuna.<\/p>\n<h4><span style=\"color: #339966;\"><strong><em>Durada del curs i horaris<\/em><\/strong><\/span><\/h4>\n<p>El curs t\u00e9 una durada de 9 mesos, de setembre a maig.<\/p>\n<p>La part comuna s&#8217;imparteix al centre i consta de 10 hores setmanals.<\/p>\n<p><span style=\"color: #000000;\"><strong>L\u2019assist\u00e8ncia \u00e9s obligat\u00f2ria.<\/strong><\/span><\/p>\n<h4><span style=\"color: #339966;\"><strong><em>Qualificaci\u00f3<\/em><\/strong><\/span><\/h4>\n<p>Els alumnes que superin aquest curs (que obtinguin una qualificaci\u00f3 igual o superior a 5) poden sumar fins a 2 punts a la nota de la prova d\u2019acc\u00e9s, sempre que aquesta nota sigui igual o superior a 4.<\/p>\n<h4><span style=\"color: #339966;\"><strong><em>Requisits d&#8217;acc\u00e9s<\/em><\/strong><\/span><\/h4>\n<p>Poden accedir a aquest ensenyament les persones que tinguin 18 anys o els compleixin durant l\u2019any que s\u2019inicia la formaci\u00f3.<\/p>\n<p>No \u00e9s necessari tenir cap titulaci\u00f3 per accedir a aquest curs ni per presentar-se a la prova, per\u00f2 cal tenir present que el temari d&#8217;aquest curs es correspon amb els continguts de batxillerat.<\/p>\n<p>Les persones que posseeixin la titulaci\u00f3 acad\u00e8mica o ensenyaments equivalents que permetin l&#8217;acc\u00e9s directe a un CFGS no es poden presentar a la prova.<\/p>\n<p style=\"padding-left: 40px;\"><span style=\"color: #333399;\"><strong><em>Documentaci\u00f3<\/em><\/strong><strong><em> per formalitzar la preinscripci\u00f3<\/em><\/strong><\/span><\/p>\n<ul>\n<li style=\"list-style-type: none;\">\n<ul>\n<li style=\"list-style-type: none;\">\n<ul>\n<li style=\"list-style-type: none;\">\n<ul>\n<li>Original i fotoc\u00f2pia del DNI o de la targeta de resid\u00e8ncia on consta el NIE ( en cas d\u2019alumnat estranger).<\/li>\n<li>Documentaci\u00f3 acreditativa del lloc de resid\u00e8ncia o treball, quan sigui necess\u00e0ria. Tenen prefer\u00e8ncia les persones que resideixin o treballen a Blanes o a un municipi proper on no hi hagi oferta p\u00fablica d&#8217;educaci\u00f3 d&#8217;adults d&#8217;aquest ensenyament.<\/li>\n<\/ul>\n<\/li>\n<\/ul>\n<\/li>\n<\/ul>\n<\/li>\n<\/ul>\n<h4><\/h4>\n<h4><span style=\"color: #0000ff;\"><strong>INFORMACI\u00d3 DE LA PROVA D\u2019ACC\u00c9S A CICLES FORMATIUS DE GRAU SUPERIOR (CFGS)<\/strong><\/span><\/h4>\n<h4><span style=\"color: #339966;\"><strong><em>Qu\u00e8 \u00e9s la prova d\u2019acc\u00e9s?<\/em><\/strong><\/span><\/h4>\n<p>\u00c9s una prova de car\u00e0cter general que el Departament d\u2019Ensenyament convoca un cop l\u2019any. Aquesta prova permet a les persones que la superin matricular-se a qualsevol cicle de formaci\u00f3 professional espec\u00edfica, si no tenen la titulaci\u00f3 exigida.<\/p>\n<h4><span style=\"color: #339966;\"><strong><em>Requisits per presentar-se a la prova <\/em><\/strong><\/span><\/h4>\n<ul>\n<li>Tenir 19 anys complerts o que es compleixin durant l\u2019any que es realitza la prova i no tenir cap titulaci\u00f3 acad\u00e8mica o d&#8217;ensenyaments equivalents que permeten l&#8217;acc\u00e9s directe a la formaci\u00f3 professional (batxillerat o equivalent, o curs espec\u00edfic d&#8217;acc\u00e9s).<\/li>\n<\/ul>\n<h4><span style=\"color: #339966;\"><strong><em>Objectiu de la prova<\/em><\/strong><\/span><\/h4>\n<p>L\u2019objectiu de la prova d\u2019acc\u00e9s al CFGS \u00e9s que l\u2019aspirant acrediti la seva maduresa amb relaci\u00f3 als objectius del batxillerat i les seves capacitats referents al camp professional al qual vulgui accedir.<\/p>\n<h4><span style=\"color: #339966;\"><strong><em>Estructura de la prova<\/em><\/strong><\/span><\/h4>\n<p>La prova d\u2019acc\u00e9s t\u00e9 una part comuna i una part espec\u00edfica relacionada amb el cicle formatiu que es vulgui cursar.<\/p>\n<ul>\n<li style=\"list-style-type: none;\">\n<ul>\n<li style=\"list-style-type: none;\">\n<ul>\n<li><strong>Part comuna:<\/strong> Compr\u00e8n les mat\u00e8ries de llengua catalana, llengua castellana, idioma estranger (angl\u00e8s, franc\u00e8s o alemany) i matem\u00e0tiques. Els alumnes que volen accedir a un cicle formatiu d&#8217;ensenyaments esportius o d&#8217;arts pl\u00e0stiques i disseny poden examinar-se d\u2019hist\u00f2ria en lloc de matem\u00e0tiques.<\/li>\n<li><strong>Part espec\u00edfica:<\/strong> la integren dues mat\u00e8ries que varien segons el cicle formatiu que l\u2019estudiant escull (l&#8217;alumne ha de triar dues de les tres que hi ha al <em>Quadre de mat\u00e8ries espec\u00edfiques<\/em>). T\u00e9 com a objectiu comprovar si el candidat ha adquirit els coneixements b\u00e0sics per cursar l\u2019ensenyament triat.<\/li>\n<\/ul>\n<\/li>\n<\/ul>\n<\/li>\n<\/ul>\n<p>Podran aconseguir<span style=\"color: #800080;\"> <strong>l\u2019exempci\u00f3 de la part espec\u00edfica<\/strong>:<\/span><\/p>\n<ul>\n<li style=\"list-style-type: none;\">\n<ul>\n<li style=\"list-style-type: none;\">\n<ul>\n<li>Les persones que tinguin <strong>experi\u00e8ncia laboral relacionada amb el cicle formatiu<\/strong> a qu\u00e8 es vol accedir, a jornada completa (o el temps proporcional en cas de jornada a temps parcial), reconeguda oficialment: d&#8217;1 any o m\u00e9s amb una categoria professional igual o superior a la que correspon el cicle formatiu de grau superior (en general, oficial de primera o de segona); o de 3 anys o m\u00e9s si la categoria reconeguda oficialment (grup de cotitzaci\u00f3) \u00e9s inferior; o experi\u00e8ncia laboral en diverses categories professionals, equivalent a les dues anteriors.<\/li>\n<li>Per als cicles formatius de la fam\u00edlia d\u2019activitats fisicoesportives, els aspirants podran sol\u00b7licitar l\u2019exempci\u00f3 acreditant una experi\u00e8ncia d\u2019almenys un any en l\u2019entrenament, la direcci\u00f3 d\u2019equips esportius o altres activitats relacionades.<\/li>\n<li>Per als cicles de la fam\u00edlia de serveis socioculturals, cal tenir experi\u00e8ncia d\u2019almenys un any en tasques de voluntariat relacionades amb el cicle.<\/li>\n<\/ul>\n<\/li>\n<\/ul>\n<\/li>\n<\/ul>\n<h4><span style=\"color: #339966;\"><strong><em>Calendari\u00a0 i inscripci\u00f3 de les proves<\/em><\/strong><\/span><\/h4>\n<p>Generalment, la prova de CFGS es realitza al mes de maig. La inscripci\u00f3 a les proves es fa abans i el CFA dona la informaci\u00f3 necess\u00e0ria sobre la convocat\u00f2ria i sobre els terminis de pagament.<\/p>\n<h4><span style=\"color: #339966;\"><strong><em>Taxes<\/em><\/strong><\/span><\/h4>\n<p>La taxa d&#8217;inscripci\u00f3 a la prova del curs anterior ha estat de 34,55 euros.<\/p>\n<p>Estan <span style=\"color: #000000;\"><strong>exemptes del pagament<\/strong> <\/span>de la taxa d&#8217;inscripci\u00f3, amb la presentaci\u00f3 de la documentaci\u00f3 oficial que ho acredita:<\/p>\n<ul>\n<li style=\"list-style-type: none;\">\n<ul>\n<li style=\"list-style-type: none;\">\n<ul>\n<li>Les persones que pertanyen a una\u00a0fam\u00edlia nombrosa de categoria especial (*).<\/li>\n<li>Les persones que tenen una discapacitat acreditada igual o superior al 33% (*).<\/li>\n<li>Les persones subjectes a mesures privatives de llibertat.<\/li>\n<li>Les v\u00edctimes d\u2019actes terroristes, els seus c\u00f2njuges i els seus fills.<\/li>\n<li>Les persones menors tutelades o les persones extutelades menors de 21 d&#8217;anys d&#8217;edat.<\/li>\n<li>Els infants i els adolescents en acolliment familiar.<\/li>\n<\/ul>\n<\/li>\n<\/ul>\n<\/li>\n<\/ul>\n<p>Tenen dret a una<span style=\"color: #000000;\"> <strong>bonificaci\u00f3 del 50%<\/strong><\/span> de l\u2019import les persones que tenen un t\u00edtol de fam\u00edlia nombrosa de categoria general o de fam\u00edlia monoparental (*).<\/p>\n<p>La part presencial de la formaci\u00f3 per a les proves d\u2019acc\u00e9s a CFGS que ofereix el CFA Es Piteus\u00a0 \u00e9s gratu\u00efta, ja que \u00e9s un centre de la Generalitat, per\u00f2 el material que es fa servir (llibres, dossiers, fotoc\u00f2pies &#8230; ) s\u2019ha de pagar.<\/p>\n<p>Per cursar les mat\u00e8ries espec\u00edfiques a trav\u00e9s de l\u2019IOC, s\u2019ha d\u2019abonar el preu p\u00fablic corresponent (aquest curs \u00e9s de 15 \u20ac per cada mat\u00e8ria espec\u00edfica).<\/p>\n<h4><span style=\"color: #339966;\"><strong><em>Validesa de la prova<\/em><\/strong><\/span><\/h4>\n<p>Haver superat la prova d&#8217;acc\u00e9s a CFGS permet l&#8217;acc\u00e9s a qualsevol cicle de la mateixa opci\u00f3 que ha triat l&#8217;aspirant o del mateix grup d&#8217;itineraris (en cas d&#8217;exempci\u00f3 de la part espec\u00edfica), per\u00f2 no garanteix pla\u00e7a escolar.<\/p>\n<p>Les proves d&#8217;acc\u00e9s superades tenen validesa permanent en la totalitat de l&#8217;Estat espanyol.<\/p>\n<p>La superaci\u00f3 de la prova d&#8217;acc\u00e9s a cicles formatius nom\u00e9s faculta per matricular-s&#8217;hi i no equival a la possessi\u00f3 de cap titulaci\u00f3 acad\u00e8mica, ni a la superaci\u00f3 de cap \u00e0rea de l&#8217;educaci\u00f3 secund\u00e0ria obligat\u00f2ria, ni de cap mat\u00e8ria de batxillerat.<\/p>\n<p>Haver superat la prova d\u2019acc\u00e9s a la formaci\u00f3 professional de grau superior, als ensenyaments professionals d\u2019arts pl\u00e0stiques i disseny de grau superior i als ensenyaments esportius de grau superior, \u00e9s equivalent al t\u00edtol de batxillerat, als \u00fanics efectes d\u2019acc\u00e9s a llocs de treball p\u00fablics i privats, sempre que s\u2019acrediti estar en possessi\u00f3 del t\u00edtol de graduat en educaci\u00f3 secund\u00e0ria obligat\u00f2ria o equivalent acad\u00e8mic.<\/p>\n<h4><span style=\"color: #339966;\"><a style=\"color: #339966;\" href=\"http:\/\/ensenyament.gencat.cat\/web\/.content\/home\/serveis-tramits\/proves\/proves-acces\/_compartits\/opcions-materies-GS-FP.pdf\" target=\"_blank\" rel=\"noopener noreferrer\"><strong><em>Opcions de mat\u00e8ries de la part espec\u00edfica de la prova<\/em><\/strong><\/a><\/span><\/h4>\n<h4><\/h4>\n<h4><strong style=\"font-family: inherit; font-size: 1em;\">Per a m\u00e9s informaci\u00f3 adreceu-vos al centre o a :<\/strong><\/h4>\n<p><a href=\"https:\/\/triaeducativa.gencat.cat\/ca\/educacio-adults\/ofertats\/proves-acces-cam\/?p_id=284&amp;estudi\">http:\/\/www.triaeducativa.gencat.cat<\/a><\/p>\n<p><a href=\"http:\/\/ioc.xtec.cat\/\">http:\/\/ioc.xtec.cat<\/a><\/p>\n<p>Tel\u00e8fon 93 551 69 00 del servei d\u2019informaci\u00f3 del Departament d\u2019Ensenyament<\/p>\n<p><strong>\u00a0<\/strong><\/p>\n<h4><span style=\"color: #0000ff;\"><strong>Prova d&#8217;acc\u00e9s\u00a0als cicles formatius de grau superior d&#8217;arts pl\u00e0stiques i disseny.<\/strong><\/span><\/h4>\n<p>Poden accedir a un grau superior d&#8217;arts pl\u00e0stiques i disseny les persones que:<\/p>\n<ul>\n<li style=\"list-style-type: none;\">\n<ul>\n<li style=\"list-style-type: none;\">\n<ul>\n<li>No tinguin el t\u00edtol de batxillerat i superin la part comuna i la part espec\u00edfica d&#8217;una prova d&#8217;acc\u00e9s, sempre que compleixin els 19 anys, com a m\u00ednim, l&#8217;any en qu\u00e8 es faci la prova.<\/li>\n<li>Tinguin el t\u00edtol de t\u00e8cnic\/a de grau mitj\u00e0 d&#8217;arts pl\u00e0stiques i disseny, o b\u00e9 el de formaci\u00f3 professional d&#8217;una\u00a0fam\u00edlia equivalent, i superin la part comuna i la part espec\u00edfica d&#8217;una prova d&#8217;acc\u00e9s, sempre que compleixin els 18 anys, com a m\u00ednim, l&#8217;any en qu\u00e8 es faci la prova.<\/li>\n<li>Tinguin el t\u00edtol de batxillerat, o alguna de les\u00a0<a href=\"http:\/\/queestudiar.gencat.cat\/en\/estudis\/apd\/equivalencies\/equivalencies-families-apd-fp\/\">titulacions equivalents<\/a>, i superin la part espec\u00edfica de la prova d&#8217;acc\u00e9s.<\/li>\n<\/ul>\n<\/li>\n<\/ul>\n<\/li>\n<\/ul>\n<p>La prova d&#8217;acc\u00e9s (i el curs per preparar-la) consta de dues parts: la comuna i l&#8217;espec\u00edfica.<\/p>\n<p style=\"padding-left: 40px;\">a) La\u00a0<strong>part comuna <\/strong>consta de quatre mat\u00e8ries:<\/p>\n<ul>\n<li style=\"list-style-type: none;\">\n<ul>\n<li style=\"list-style-type: none;\">\n<ul>\n<li style=\"list-style-type: none;\">\n<ul>\n<li style=\"list-style-type: none;\">\n<ul>\n<li>Llengua catalana<\/li>\n<li>Llengua castellana<\/li>\n<li>Llengua estrangera<\/li>\n<li>Matem\u00e0tiques o Hist\u00f2ria<\/li>\n<\/ul>\n<\/li>\n<\/ul>\n<\/li>\n<\/ul>\n<\/li>\n<\/ul>\n<\/li>\n<\/ul>\n<p style=\"padding-left: 40px;\">b) La\u00a0<strong>part\u00a0espec\u00edfica\u00a0<\/strong>consta de dues mat\u00e8ries, que s&#8217;han de triar entre les seg\u00fcents:<\/p>\n<table style=\"width: 568px;\">\n<tbody>\n<tr>\n<td style=\"width: 562px; text-align: center;\" colspan=\"2\"><strong>Arts pl\u00e0stiques i disseny<\/strong><\/td>\n<\/tr>\n<tr>\n<td style=\"width: 279px;\"><strong>Fam\u00edlies d&#8217;arts pl\u00e0stiques i disseny<\/strong><\/td>\n<td style=\"width: 281px;\"><strong>Mat\u00e8ries<\/strong><\/td>\n<\/tr>\n<tr>\n<td style=\"width: 279px;\"><strong>Art floral<\/strong><\/p>\n<p><strong>Arts aplicades al llibre<\/strong><\/p>\n<p><strong>Arts aplicades de l&#8217;escultura<\/strong><\/p>\n<p><strong>Disseny d&#8217;interiors<\/strong><\/p>\n<p><strong>Disseny industrial<\/strong><\/p>\n<p><strong>Joieria d&#8217;art<\/strong><\/p>\n<p><strong>Arts aplicades a la indument\u00e0ria<\/strong><\/p>\n<p><strong>Arts aplicades al mur<\/strong><\/p>\n<p><strong>Cer\u00e0mica art\u00edstica<\/strong><\/p>\n<p><strong>Comunicaci\u00f3 gr\u00e0fica i audiovisual<\/strong><\/p>\n<p><strong>Esmalts art\u00edstics<\/strong><\/p>\n<p><strong>T\u00e8xtils art\u00edstics<\/strong><\/td>\n<td style=\"width: 281px;\">\n<ul>\n<li><span style=\"color: #993366;\"><strong>Opci\u00f3 A (Comunicaci\u00f3 i disseny)<\/strong><\/span><\/li>\n<\/ul>\n<ul>\n<li style=\"list-style-type: none;\">\n<ul>\n<li><strong>Cultura audiovisual<\/strong><\/li>\n<li><strong>Disseny<\/strong><\/li>\n<\/ul>\n<\/li>\n<\/ul>\n<p>&nbsp;<\/p>\n<ul>\n<li><span style=\"color: #993366;\"><strong>Opci\u00f3 B (Expressi\u00f3 art\u00edstica)<\/strong><\/span><\/li>\n<\/ul>\n<ul>\n<li style=\"list-style-type: none;\">\n<ul>\n<li><strong>Fonaments de les arts<\/strong><\/li>\n<li><strong>Dibuix art\u00edstic<\/strong><\/li>\n<\/ul>\n<\/li>\n<\/ul>\n<p>&nbsp;<\/p>\n<ul>\n<li><span style=\"color: #993366;\"><strong>Opci\u00f3 B (Expressi\u00f3 art\u00edstica)<\/strong><\/span><\/li>\n<\/ul>\n<ul>\n<li style=\"list-style-type: none;\">\n<ul>\n<li><strong>Dibuix t\u00e8cnic<\/strong><\/li>\n<li><strong>Disseny<\/strong><\/li>\n<\/ul>\n<\/li>\n<\/ul>\n<\/td>\n<\/tr>\n<\/tbody>\n<\/table>\n<p><strong><a href=\"http:\/\/educacio.gencat.cat\/web\/.content\/home\/serveis-tramits\/proves\/proves-acces\/_compartits\/opcions-materies-GS-FP.pdf\">Opcions de mat\u00e8ries de la part espec\u00edfica de la prova<\/a><\/strong><\/p>\n<p>&nbsp;<\/p>\n<h4><span style=\"color: #0000ff;\"><strong>Prova general d&#8217;acc\u00e9s\u00a0als cicles formatius de grau superior\u00a0dels ensenyaments esportius.<\/strong><\/span><\/h4>\n<p>Per accedir als cicles de\u00a0<strong>grau superior d&#8217;ensenyaments esportius especials<\/strong>\u00a0cal complir els\u00a0<strong>requisits<\/strong>\u00a0seg\u00fcents:<\/p>\n<ul>\n<li style=\"list-style-type: none;\">\n<ul>\n<li style=\"list-style-type: none;\">\n<ul>\n<li>Tenir el t\u00edtol de t\u00e8cnic en la modalitat esportiva corresponent.<\/li>\n<li>Tenir el t\u00edtol de batxiller o un t\u00edtol equivalent a efectes acad\u00e8mics. Les persones que no compleixen aquest requisit han de superar una prova general d&#8217;acc\u00e9s (cal tenir 19 anys o complir-los l&#8217;any en qu\u00e8 es fa la prova).<\/li>\n<li>En les modalitats que es requereixi, superar la prova espec\u00edfica d&#8217;acc\u00e9s o acreditar els m\u00e8rits esportius corresponents.<\/li>\n<\/ul>\n<\/li>\n<\/ul>\n<\/li>\n<\/ul>\n<p>Aquesta prova general d&#8217;acc\u00e9s (i el curs per preparar-la) consta\u00a0de quatre mat\u00e8ries:<\/p>\n<ul>\n<li style=\"list-style-type: none;\">\n<ul>\n<li style=\"list-style-type: none;\">\n<ul>\n<li>Llengua catalana<\/li>\n<li>Llengua castellana<\/li>\n<li>Llengua estrangera<\/li>\n<li>Matem\u00e0tiques o Hist\u00f2ria<\/li>\n<\/ul>\n<\/li>\n<\/ul>\n<\/li>\n<\/ul>\n<table style=\"width: 26.0379%;\">\n<tbody>\n<tr>\n<td style=\"width: 100%;\"><strong>Ensenyaments esportius de grau superior<\/strong><\/td>\n<\/tr>\n<tr>\n<td style=\"width: 100%;\"><strong>Modalitats esportives<\/strong><\/td>\n<\/tr>\n<tr>\n<td style=\"width: 100%;\">\n<h6><span style=\"color: #000000;\">\u00b7\u00a0\u00a0\u00a0\u00a0\u00a0\u00a0\u00a0\u00a0 Atletisme<\/span><\/h6>\n<h6><span style=\"color: #000000;\">\u00b7\u00a0\u00a0\u00a0\u00a0\u00a0\u00a0\u00a0\u00a0 Esports eq\u00fcestres<\/span><\/h6>\n<h6><span style=\"color: #000000;\">\u00b7\u00a0\u00a0\u00a0\u00a0\u00a0\u00a0\u00a0\u00a0 Esports de vela<\/span><\/h6>\n<h6><span style=\"color: #000000;\">\u00b7\u00a0\u00a0\u00a0\u00a0\u00a0\u00a0\u00a0\u00a0 Handbol<\/span><\/h6>\n<h6><span style=\"color: #000000;\">\u00b7\u00a0\u00a0\u00a0\u00a0\u00a0\u00a0\u00a0\u00a0 Salvament i socorrisme<\/span><\/h6>\n<h6><span style=\"color: #000000;\">\u00b7\u00a0\u00a0\u00a0\u00a0\u00a0\u00a0\u00a0\u00a0 Basquetbol<\/span><\/h6>\n<h6><span style=\"color: #000000;\">\u00b7\u00a0\u00a0\u00a0\u00a0\u00a0\u00a0\u00a0\u00a0 Esports d&#8217;hivern<\/span><\/h6>\n<h6><span style=\"color: #000000;\">\u00b7\u00a0\u00a0\u00a0\u00a0\u00a0\u00a0\u00a0\u00a0 Futbol i futbol sala<\/span><\/h6>\n<h6><span style=\"color: #000000;\">\u00b7\u00a0\u00a0\u00a0\u00a0\u00a0\u00a0\u00a0\u00a0 Esports de muntanya i escalada<\/span><\/h6>\n<\/td>\n<\/tr>\n<\/tbody>\n<\/table>\n<p>&nbsp;<\/p>\n<p><a href=\"http:\/\/agora.xtec.cat\/cfa-espiteus\/wp-content\/uploads\/usu71\/2015\/01\/FAM\u00cdLIES-PROFESSIONALS-I-CICLES-DE-GRAU-MITJ\u00c0-I-SUPERIOR.pdf\">FAM\u00cdLIES PROFESSIONALS I CICLES DE GRAU MITJ\u00c0 I SUPERIOR<\/a><\/p>\n<p><a href=\"http:\/\/agora.xtec.cat\/cfa-espiteus\/wp-content\/uploads\/usu71\/2015\/01\/FAM\u00cdLIES-PROFESSIONALS-I-CLICLES-DE-GRAU-SUPERIOR.pdf\">FAM\u00cdLIES PROFESSIONALS I CICLES DE GRAU SUPERIOR<\/a><\/p>\n<p><a href=\"http:\/\/milaifontanals.cat\/examen\/examen.htm#2015\">MODELS DE PROVES<\/a><\/p>\n<p><a href=\"https:\/\/triaeducativa.gencat.cat\/ca\/estudis\/?preparacio-proves-acces-cicles-formatius-grau-superior&amp;p_id=284\" target=\"_blank\" rel=\"noopener noreferrer\">M\u00c9S INFORMACI\u00d3 SOBRE EL CURS DE PREPARACI\u00d3 A LES PROVES D&#8217;ACC\u00c9S ALS CICLES FORMATIUS DE GRAU SUPERIOR<\/a><\/p>\n<p>&nbsp;<\/p>\n","protected":false},"excerpt":{"rendered":"<p>HORARIS DEL CURS 2025-2026<br \/>\nPART COMUNA<br \/>\nDimarts i dijous, 9:30 \u2013 13:30h<br \/>\nDivendres, 9:30 \u2013 12:30h<br \/>\nPART ESPEC\u00cdFICA (Nom\u00e9s algunes mat\u00e8ries)<\/p>\n<ul>\n<li>BIOLOGIA I QU\u00cdMICA: a determinar (INS Sa Palomera).<\/li>\n<\/ul>\n<p>&nbsp;<br \/>\nFORMACI\u00d3 PER A LES PROVES D&#8217;ACC\u00c9S A CICLES FORMATIUS DE\u00a0GRAU SUPERIOR<br \/>\n\u00c9s un curs adre\u00e7at a persones m\u00e9s grans de 18 anys. Per&hellip;  <a href=\"https:\/\/agora.xtec.cat\/cfa-espiteus\/ensenyaments\/ensenyaments-per-a-la-preparacio-de-proves-dacces\/a-cicles-formatius-de-grau-superior\/\" title=\"Read Formaci\u00f3 per a les proves d\u2019acc\u00e9s a cicles formatius de grau superior\">Llegeix m\u00e9s\u00bb<\/a><\/p>\n","protected":false},"author":2,"featured_media":0,"parent":288,"menu_order":3,"comment_status":"closed","ping_status":"closed","template":"page-templates\/side-menu.php","meta":{"_bbp_topic_count":0,"_bbp_reply_count":0,"_bbp_total_topic_count":0,"_bbp_total_reply_count":0,"_bbp_voice_count":0,"_bbp_anonymous_reply_count":0,"_bbp_topic_count_hidden":0,"_bbp_reply_count_hidden":0,"_bbp_forum_subforum_count":0,"footnotes":""},"class_list":["post-320","page","type-page","status-publish","hentry"],"post_mailing_queue_ids":[],"_links":{"self":[{"href":"https:\/\/agora.xtec.cat\/cfa-espiteus\/wp-json\/wp\/v2\/pages\/320","targetHints":{"allow":["GET"]}}],"collection":[{"href":"https:\/\/agora.xtec.cat\/cfa-espiteus\/wp-json\/wp\/v2\/pages"}],"about":[{"href":"https:\/\/agora.xtec.cat\/cfa-espiteus\/wp-json\/wp\/v2\/types\/page"}],"author":[{"embeddable":true,"href":"https:\/\/agora.xtec.cat\/cfa-espiteus\/wp-json\/wp\/v2\/users\/2"}],"replies":[{"embeddable":true,"href":"https:\/\/agora.xtec.cat\/cfa-espiteus\/wp-json\/wp\/v2\/comments?post=320"}],"version-history":[{"count":9,"href":"https:\/\/agora.xtec.cat\/cfa-espiteus\/wp-json\/wp\/v2\/pages\/320\/revisions"}],"predecessor-version":[{"id":4122,"href":"https:\/\/agora.xtec.cat\/cfa-espiteus\/wp-json\/wp\/v2\/pages\/320\/revisions\/4122"}],"up":[{"embeddable":true,"href":"https:\/\/agora.xtec.cat\/cfa-espiteus\/wp-json\/wp\/v2\/pages\/288"}],"wp:attachment":[{"href":"https:\/\/agora.xtec.cat\/cfa-espiteus\/wp-json\/wp\/v2\/media?parent=320"}],"curies":[{"name":"wp","href":"https:\/\/api.w.org\/{rel}","templated":true}]}}