{"id":658,"date":"2022-11-15T13:14:20","date_gmt":"2022-11-15T12:14:20","guid":{"rendered":"https:\/\/agora.xtec.cat\/cfa-elstarongers\/?page_id=658"},"modified":"2023-04-20T09:29:46","modified_gmt":"2023-04-20T07:29:46","slug":"biblioteca","status":"publish","type":"page","link":"https:\/\/agora.xtec.cat\/cfa-elstarongers\/serveis\/biblioteca\/","title":{"rendered":"Biblioteca"},"content":{"rendered":"\n<p><a href=\"https:\/\/agora.xtec.cat\/cfa-elstarongers\/publicacions\/\">Publicacions<\/a><\/p>\n\n\n\n<p>Quasi des del primer curs que va comen\u00e7ar a funcionar l&#8217;escola d&#8217;adults, a l&#8217;any 1978, es va donar import\u00e0ncia al fet de que el centre tingu\u00e9s una biblioteca.<\/p>\n<p>La biblioteca escolar, \u00e9s un servei adre\u00e7at al professorat, a l\u2019alumnat i a tota la comunitat educativa. \u00c9s un recurs fonamental per l\u2019adquisici\u00f3 de les compet\u00e8ncies b\u00e0siques. \u00c9s un element clau per a l\u2019assoliment de la compet\u00e8ncia de la informaci\u00f3, el foment de la lectura i l\u2019adquisici\u00f3 d\u2019aprenentatges aut\u00f2noms.<\/p>\n<p>Per tal de gestionar el fons de la biblioteca utilitzem l\u2019aplicaci\u00f3&nbsp;<em><a href=\"http:\/\/www.xtec.cat\/web\/projectes\/biblioteca\/epergam\" target=\"_blank\" rel=\"noopener\"><strong>Ep\u00e8rgam<\/strong><\/a><\/em>, que ofereix el Departament d&#8217;Ensenyament. Amb&nbsp;<em><strong>Ep\u00e8rgam<\/strong>&nbsp;<\/em>es pot consultar, via Internet, tots els documents que estan catalogats al nostre centre, i tamb\u00e9 en les altres escoles que formen part de la xarxa.<\/p>\n<p>Actualment hi ha 1850 centres educatius que utilitzen&nbsp;<em><strong>Ep\u00e8rgam<\/strong>&nbsp;<\/em>per a la gesti\u00f3 de les biblioteques dels seus centres.<\/p>\n<p>La biblioteca de l&#8217;escola ofereix dos serveis:<\/p>\n<p>&#8211;&nbsp;<strong>Sala d&#8217;estudi<\/strong>&nbsp;. Per utilitzar aquest servei consulteu els horaris disponibles.<br>&#8211;&nbsp;<strong>Servei de pr\u00e9stec<\/strong>. Per a utilitzar aquest servei consulteu a les persones responsables. &nbsp;<\/p>\n<p><strong>Per accedir a l&#8217;aplicaci\u00f3 i consultar els llibres disponibles<\/strong>&nbsp;a la Biblioteca de l&#8217;Escola, feu clic damunt la seg\u00fcent imatge:<\/p>\n<p><br>&nbsp;<\/p>\n\n\n\n<figure class=\"wp-block-image size-large\"><a href=\"https:\/\/agora.xtec.cat\/cfa-elstarongers\/wp-content\/uploads\/usu2184\/2022\/11\/screaaen.jpg\"><img loading=\"lazy\" decoding=\"async\" width=\"393\" height=\"150\" src=\"https:\/\/agora.xtec.cat\/cfa-elstarongers\/wp-content\/uploads\/usu2184\/2022\/11\/screaaen.jpg\" alt=\"\" class=\"wp-image-660\" srcset=\"https:\/\/agora.xtec.cat\/cfa-elstarongers\/wp-content\/uploads\/usu2184\/2022\/11\/screaaen.jpg 393w, https:\/\/agora.xtec.cat\/cfa-elstarongers\/wp-content\/uploads\/usu2184\/2022\/11\/screaaen-300x115.jpg 300w\" sizes=\"auto, (max-width: 393px) 100vw, 393px\" \/><\/a><\/figure>\n\n\n","protected":false},"excerpt":{"rendered":"<p><a href=\"https:\/\/agora.xtec.cat\/cfa-elstarongers\/publicacions\/\">Publicacions<\/a><\/p>\n<p>Quasi des del primer curs que va comen\u00e7ar a funcionar l&#8217;escola d&#8217;adults, a l&#8217;any 1978, es va donar import\u00e0ncia al fet de que el centre tingu\u00e9s una biblioteca.<br \/>\nLa biblioteca escolar, \u00e9s un servei adre\u00e7at al professorat, a l\u2019alumnat i a tota la comunitat educativa.&hellip;  <a href=\"https:\/\/agora.xtec.cat\/cfa-elstarongers\/serveis\/biblioteca\/\" title=\"Read Biblioteca\">Llegeix m\u00e9s\u00bb<\/a><\/p>\n","protected":false},"author":1,"featured_media":0,"parent":63,"menu_order":30,"comment_status":"closed","ping_status":"close","template":"","meta":{"_bbp_topic_count":0,"_bbp_reply_count":0,"_bbp_total_topic_count":0,"_bbp_total_reply_count":0,"_bbp_voice_count":0,"_bbp_anonymous_reply_count":0,"_bbp_topic_count_hidden":0,"_bbp_reply_count_hidden":0,"_bbp_forum_subforum_count":0,"footnotes":""},"class_list":["post-658","page","type-page","status-publish","hentry"],"post_mailing_queue_ids":[],"_links":{"self":[{"href":"https:\/\/agora.xtec.cat\/cfa-elstarongers\/wp-json\/wp\/v2\/pages\/658","targetHints":{"allow":["GET"]}}],"collection":[{"href":"https:\/\/agora.xtec.cat\/cfa-elstarongers\/wp-json\/wp\/v2\/pages"}],"about":[{"href":"https:\/\/agora.xtec.cat\/cfa-elstarongers\/wp-json\/wp\/v2\/types\/page"}],"author":[{"embeddable":true,"href":"https:\/\/agora.xtec.cat\/cfa-elstarongers\/wp-json\/wp\/v2\/users\/1"}],"replies":[{"embeddable":true,"href":"https:\/\/agora.xtec.cat\/cfa-elstarongers\/wp-json\/wp\/v2\/comments?post=658"}],"version-history":[{"count":2,"href":"https:\/\/agora.xtec.cat\/cfa-elstarongers\/wp-json\/wp\/v2\/pages\/658\/revisions"}],"predecessor-version":[{"id":1574,"href":"https:\/\/agora.xtec.cat\/cfa-elstarongers\/wp-json\/wp\/v2\/pages\/658\/revisions\/1574"}],"up":[{"embeddable":true,"href":"https:\/\/agora.xtec.cat\/cfa-elstarongers\/wp-json\/wp\/v2\/pages\/63"}],"wp:attachment":[{"href":"https:\/\/agora.xtec.cat\/cfa-elstarongers\/wp-json\/wp\/v2\/media?parent=658"}],"curies":[{"name":"wp","href":"https:\/\/api.w.org\/{rel}","templated":true}]}}