{"id":49,"date":"2014-09-17T16:55:55","date_gmt":"2014-09-17T16:55:55","guid":{"rendered":"http:\/\/agora.xtec.cat\/cfa-elstarongers\/?page_id=49"},"modified":"2026-03-02T13:26:41","modified_gmt":"2026-03-02T12:26:41","slug":"normes-dorganitzacio-i-funcionament","status":"publish","type":"page","link":"https:\/\/agora.xtec.cat\/cfa-elstarongers\/el-centre\/normes-dorganitzacio-i-funcionament\/","title":{"rendered":"Normes i funcionament del centre"},"content":{"rendered":"\n<ul>\n<li>El <strong>Centre de Formaci\u00f3 d\u2019Adults Els Tarongers<\/strong> \u00e9s una escola p\u00fablica. Dep\u00e8n del Departament d\u2019Educaci\u00f3 de la Generalitat de Catalunya.<\/li>\n<li>L\u2019Escola ofereix <strong>cursos de formaci\u00f3 b\u00e0sica<\/strong>:<br \/>&#8211; per aprendre i millorar la lectura i l\u2019escriptura<br \/>&#8211; per obtenir el Certificat de Formaci\u00f3 Instrumental<br \/>&#8211; per obtenir el t\u00edtol de Graduat d\u2019Educaci\u00f3 Secund\u00e0ria<br \/>&#8211; per preparar-se per les proves d\u2019acc\u00e9s a Cicles Formatius de Grau Superior<br \/>&#8211; Inform\u00e0tica<br \/>&#8211; Angl\u00e8s<br \/>&#8211; Catal\u00e0<br \/>&#8211; Castell\u00e0<\/li>\n<li><strong>La llengua d\u2019\u00fas<\/strong> habitual a l\u2019escola \u00e9s el <strong>catal\u00e0<\/strong>. Cal que en la mesura de les possibilitats de cadasc\u00fa es faci l\u2019esfor\u00e7 d\u2019entendre-la.<\/li>\n<li>Al llarg del curs s\u2019organitzaran diferents <strong>activitats<\/strong> com celebracions festives, xerrades, visites culturals\u2026 tant en horari de classe com fora d\u2019aquest. \u00c9s important la vostra participaci\u00f3.<\/li>\n<li>Podeu<strong> col\u00b7laborar<\/strong> en el funcionament de l\u2019Escola:<br \/>&#8211; fent propostes als vostres representants al Consell Escolar de Centre;<br \/>&#8211; formant part de l\u2019Associaci\u00f3 d\u2019Amics i Alumnes;<br \/>&#8211; col\u00b7laborant amb la revista de l\u2019Escola \u201cCadasc\u00fa hi diu la seva\u201d;<br \/>&#8211; participant en la Comissi\u00f3 que organitza les diferents activitats festives de l\u2019escola;<br \/>&#8211; assistint a les activitats proposades.<\/li>\n<li>Teniu a la vostra disposici\u00f3 la <strong>Biblioteca<\/strong> de l\u2019Escola. Consulteu l\u2019horari de funcionament i de pr\u00e9stec de llibres.<\/li>\n<li>Algunes q\u00fcestions <strong>sobre el funcionament<\/strong> del Centre:<br \/>&#8211; At\u00e8s que es tracta d\u2019una escola de persones adultes, cadasc\u00fa ha de ser responsable de la pr\u00f2pia disciplina i comportament.<br \/>&#8211; El funcionament del Centre ha d\u2019estar basat en la bona conviv\u00e8ncia i el respecte mutu de totes les persones que hi participen. \u00c9s important mantenir un ambient tranquil, sense crits ni sorolls estridents, tant a les classes com al passad\u00eds.<br \/>&#8211; La norma per a resoldre qualsevol discrep\u00e0ncia i\/o conflicte ser\u00e0 el di\u00e0leg entre les persones afectades.<br \/>&#8211; En cas que en algun moment es deteriori aquest clima de conviv\u00e8ncia i es vegi afectada la bona marxa d\u2019un grup o de l\u2019Escola, s\u2019aplicaran les NOFC (Normes d\u2019Organitzaci\u00f3 i Funcionament) i, en \u00faltima inst\u00e0ncia, ser\u00e0 el Consell de Centre qui haur\u00e0 d\u2019escoltar a les persones afectades i prendre les mesures que es creguin convenients.<\/li>\n<li>Altres <strong>q\u00fcestions pr\u00e0ctiques<\/strong>:<br \/>&#8211; \u00c9s necess\u00e0ria l\u2019<strong>assist\u00e8ncia<\/strong> continuada a les classes, pel bon aprofitament personal i per afavorir el treball col\u00b7lectiu. L\u2019avaluaci\u00f3 \u00e9s <strong>cont\u00ednua<\/strong>.<br \/>&#8211; Si alguna persona es vol donar de baixa o ha de faltar temporalment a classe, cal que ho comuniqui al seu tutor o tutora o a Secretaria, b\u00e9 personalment o per tel\u00e8fon.<br \/>&#8211; <strong>Si es deixa de venir a classe durant dues o tres setmanes seguides, segons l\u2019ensenyament, sense previ av\u00eds, la persona afectada podr\u00e0 ser donada de baixa.<\/strong><br \/>&#8211; D\u2019acord amb el que estableix la legislaci\u00f3 vigent, no \u00e9s perm\u00e8s de fumar (tret de la zona habilitada al pati).<br \/>&#8211; L\u2019aportaci\u00f3 econ\u00f2mica a les despeses de material s\u2019haur\u00e0 de fer efectiva durant el primer mes de classe.<br \/>&#8211; No es pot menjar ni beure (excepte aigua) a les aules.<br \/>&#8211; <strong>S\u2019ha de silenciar el tel\u00e8fon m\u00f2bil en entrar a la classe.<\/strong><\/li>\n<li>Per manca d\u2019espai, alguns grups del vespre hauran de fer les classes a l\u2019Escola Cam\u00ed del Cros.<\/li>\n<li>Per a qualsevol dubte o aclariment, podeu adre\u00e7ar-vos al vostre tutor o tutora o a Secretaria.<\/li>\n<li>Per <strong>rebre<\/strong> recordatoris i\/o incid\u00e8ncies diverses de l\u2019escola via <strong>Whatsapp<\/strong>, afegiu aquest n\u00famero de tel\u00e8fon a les vostres agendes m\u00f2bils: 667 010 458.<\/li>\n<li><strong>Informaci\u00f3 i atenci\u00f3 al p\u00fablic<\/strong>:<br \/>&#8211; El centre disposa d\u2019horari d\u2019atenci\u00f3 al p\u00fablic tant de consergeria com de secretaria i equip directiu.<br \/>&#8211; Tel\u00e8fon: 937 994 604<br \/>&#8211; Adre\u00e7a electr\u00f2nica: cfa-elstarongers@xtec.cat<\/li>\n<li><strong>Segueix-nos!<\/strong><br \/><a href=\"https:\/\/www.facebook.com\/CFAelstarongers\" target=\"_blank\" rel=\"noopener\">Facebook CFA Els Tarongers<\/a><br \/><a href=\"https:\/\/www.instagram.com\/cfaelstarongers\" target=\"_blank\" rel=\"noopener\">Instagram CFA Els Tarongers<\/a><\/li>\n<\/ul>\n\n\n\n\n","protected":false},"excerpt":{"rendered":"<ul>\n<li>El Centre de Formaci\u00f3 d\u2019Adults Els Tarongers \u00e9s una escola p\u00fablica. Dep\u00e8n del Departament d\u2019Educaci\u00f3 de la Generalitat de Catalunya.<\/li>\n<li>L\u2019Escola ofereix cursos de formaci\u00f3 b\u00e0sica:&#8211; per aprendre i millorar la lectura i l\u2019escriptura&#8211; per obtenir el Certificat de Formaci\u00f3 Instrumental&#8211; per obtenir el t\u00edtol de&hellip;  <a href=\"https:\/\/agora.xtec.cat\/cfa-elstarongers\/el-centre\/normes-dorganitzacio-i-funcionament\/\" title=\"Read Normes i funcionament del centre\">Llegeix m\u00e9s\u00bb<\/a><br \/>\n","protected":false},"author":1,"featured_media":0,"parent":261,"menu_order":60,"comment_status":"closed","ping_status":"closed","template":"page-templates\/side-menu.php","meta":{"_bbp_topic_count":0,"_bbp_reply_count":0,"_bbp_total_topic_count":0,"_bbp_total_reply_count":0,"_bbp_voice_count":0,"_bbp_anonymous_reply_count":0,"_bbp_topic_count_hidden":0,"_bbp_reply_count_hidden":0,"_bbp_forum_subforum_count":0,"footnotes":""},"class_list":["post-49","page","type-page","status-publish","hentry"],"post_mailing_queue_ids":[],"_links":{"self":[{"href":"https:\/\/agora.xtec.cat\/cfa-elstarongers\/wp-json\/wp\/v2\/pages\/49","targetHints":{"allow":["GET"]}}],"collection":[{"href":"https:\/\/agora.xtec.cat\/cfa-elstarongers\/wp-json\/wp\/v2\/pages"}],"about":[{"href":"https:\/\/agora.xtec.cat\/cfa-elstarongers\/wp-json\/wp\/v2\/types\/page"}],"author":[{"embeddable":true,"href":"https:\/\/agora.xtec.cat\/cfa-elstarongers\/wp-json\/wp\/v2\/users\/1"}],"replies":[{"embeddable":true,"href":"https:\/\/agora.xtec.cat\/cfa-elstarongers\/wp-json\/wp\/v2\/comments?post=49"}],"version-history":[{"count":5,"href":"https:\/\/agora.xtec.cat\/cfa-elstarongers\/wp-json\/wp\/v2\/pages\/49\/revisions"}],"predecessor-version":[{"id":2281,"href":"https:\/\/agora.xtec.cat\/cfa-elstarongers\/wp-json\/wp\/v2\/pages\/49\/revisions\/2281"}],"up":[{"embeddable":true,"href":"https:\/\/agora.xtec.cat\/cfa-elstarongers\/wp-json\/wp\/v2\/pages\/261"}],"wp:attachment":[{"href":"https:\/\/agora.xtec.cat\/cfa-elstarongers\/wp-json\/wp\/v2\/media?parent=49"}],"curies":[{"name":"wp","href":"https:\/\/api.w.org\/{rel}","templated":true}]}}