{"id":1594,"date":"2023-04-25T16:50:30","date_gmt":"2023-04-25T14:50:30","guid":{"rendered":"https:\/\/agora.xtec.cat\/cfa-elstarongers\/?page_id=1594"},"modified":"2023-11-09T15:19:35","modified_gmt":"2023-11-09T14:19:35","slug":"competic","status":"publish","type":"page","link":"https:\/\/agora.xtec.cat\/cfa-elstarongers\/ensenyaments\/competic\/","title":{"rendered":"CompeTic"},"content":{"rendered":"\n<p><span style=\"font-weight: 400;\">Els ensenyaments d&#8217;inform\u00e0tica tenen com a objectiu facilitar l&#8217;adquisici\u00f3 de la compet\u00e8ncia digital, entesa com la combinaci\u00f3 de coneixements, habilitats i actituds en l&#8217;\u00e0mbit de les tecnologies de la informaci\u00f3 i la comunicaci\u00f3 (TIC) per desenvolupar-se en la societat actual.<\/span><\/p>\n<p><span style=\"font-weight: 400;\">S&#8217;imparteixen <\/span><b>quatre nivells<\/b><span style=\"font-weight: 400;\">: COMPETIC Inicial, COMPETIC 1, COMPETIC 2 i COMPETIC 3.<\/span><\/p>\n<p><b>El nivell inicial d&#8217;inform\u00e0tica<\/b><span style=\"font-weight: 400;\"> o <\/span><b>COMPETIC Inicial<\/b><span style=\"font-weight: 400;\"> s&#8217;adre\u00e7a a les persones adultes que volen assolir un domini b\u00e0sic de les tecnologies de la informaci\u00f3 i la comunicaci\u00f3 (TIC).<\/span><\/p>\n<p><span style=\"font-weight: 400;\">Recull tres de les sis compet\u00e8ncies del nivell b\u00e0sic de l&#8217;acreditaci\u00f3 de compet\u00e8ncies en tecnologies de la informaci\u00f3 i la comunicaci\u00f3 (ACTIC):<\/span><\/p>\n<p><span style=\"font-weight: 400;\">&#8211; Tecnologia digital, \u00fas de l&#8217;ordinador i del sistema operatiu.<\/span><span style=\"font-weight: 400;\"><br \/><\/span><span style=\"font-weight: 400;\">&#8211; Tractament de la informaci\u00f3 escrita.<\/span><span style=\"font-weight: 400;\"><br \/><\/span><span style=\"font-weight: 400;\">&#8211; Navegaci\u00f3 i comunicaci\u00f3 en el m\u00f3n digital.<\/span><\/p>\n<p><b>Els nivells COMPETIC 1, COMPETIC 2 i COMPETIC 3<\/b><span style=\"font-weight: 400;\"> van adre\u00e7ats a persones que tenen assolits els coneixements del COMPETIC Inicial i volen afian\u00e7ar-los. Es treballen, a nivell d&#8217;usuari, els coneixements b\u00e0sics del funcionament de l&#8217;ordinador, del tractament de textos, de l&#8217;\u00fas del correu electr\u00f2nic i de la cerca d&#8217;informaci\u00f3 per Internet, el civisme digital, el full de c\u00e0lcul i el tractament de la imatge i el so.<\/span><\/p>\n<p><span style=\"font-weight: 400;\">Hi ha grups en horari de mat\u00ed, tarda o vespre. Les classes s\u00f3n de dos dies a la setmana, durant tot el curs escolar. Competic 2 i 3 s\u2019ofereixen en modalitat semipresencial.\u00a0<\/span><\/p>\n<p><span style=\"font-weight: 400;\">Poden accedir a aquests estudis totes les persones que tenen m\u00e9s de 18 anys i les que els compleixen durant l&#8217;any natural en qu\u00e8 s&#8217;inicia la formaci\u00f3.<\/span><\/p>\n<p><span style=\"font-weight: 400;\">Els <\/span><b>certificats COMPETIC<\/b><span style=\"font-weight: 400;\"> s\u2019obtenen despr\u00e9s de seguir un curs i superar l\u2019avaluaci\u00f3 corresponent.<\/span><\/p>\n<p><span style=\"font-weight: 400;\">L&#8217;<\/span><a href=\"http:\/\/www20.gencat.cat\/docs\/actic\/01%20Informacio\/Documents\/Arxius\/O%20ENS_290_2103%20equival_COMPETIC.pdf\"><span style=\"font-weight: 400;\">Ordre ENS\/290\/2013<\/span><\/a><span style=\"font-weight: 400;\">, publicada el 12 de novembre de 2013, estableix l&#8217;equival\u00e8ncia entre els certificats de compet\u00e8ncia digital (COMPETIC) de l&#8217;educaci\u00f3 de persones adultes i els certificats de l&#8217;acreditaci\u00f3 de compet\u00e8ncies en tecnologies de la informaci\u00f3 i la comunicaci\u00f3 (ACTIC). Per tant, tenir un certificat COMPETIC tindr\u00e0 la mateixa validesa oficial que tenir-ne un de l\u2019ACTIC.<\/span><\/p>\n","protected":false},"excerpt":{"rendered":"<p>Els ensenyaments d&#8217;inform\u00e0tica tenen com a objectiu facilitar l&#8217;adquisici\u00f3 de la compet\u00e8ncia digital, entesa com la combinaci\u00f3 de coneixements, habilitats i actituds en l&#8217;\u00e0mbit de les tecnologies de la informaci\u00f3 i la comunicaci\u00f3 (TIC) per desenvolupar-se en la societat actual.<br \/>\nS&#8217;imparteixen quatre nivells: COMPETIC Inicial, COMPETIC&hellip;  <a href=\"https:\/\/agora.xtec.cat\/cfa-elstarongers\/ensenyaments\/competic\/\" title=\"Read CompeTic\">Llegeix m\u00e9s\u00bb<\/a><\/p>\n","protected":false},"author":1,"featured_media":0,"parent":274,"menu_order":50,"comment_status":"closed","ping_status":"close","template":"page-templates\/side-menu.php","meta":{"_bbp_topic_count":0,"_bbp_reply_count":0,"_bbp_total_topic_count":0,"_bbp_total_reply_count":0,"_bbp_voice_count":0,"_bbp_anonymous_reply_count":0,"_bbp_topic_count_hidden":0,"_bbp_reply_count_hidden":0,"_bbp_forum_subforum_count":0,"footnotes":""},"class_list":["post-1594","page","type-page","status-publish","hentry"],"post_mailing_queue_ids":[],"_links":{"self":[{"href":"https:\/\/agora.xtec.cat\/cfa-elstarongers\/wp-json\/wp\/v2\/pages\/1594","targetHints":{"allow":["GET"]}}],"collection":[{"href":"https:\/\/agora.xtec.cat\/cfa-elstarongers\/wp-json\/wp\/v2\/pages"}],"about":[{"href":"https:\/\/agora.xtec.cat\/cfa-elstarongers\/wp-json\/wp\/v2\/types\/page"}],"author":[{"embeddable":true,"href":"https:\/\/agora.xtec.cat\/cfa-elstarongers\/wp-json\/wp\/v2\/users\/1"}],"replies":[{"embeddable":true,"href":"https:\/\/agora.xtec.cat\/cfa-elstarongers\/wp-json\/wp\/v2\/comments?post=1594"}],"version-history":[{"count":2,"href":"https:\/\/agora.xtec.cat\/cfa-elstarongers\/wp-json\/wp\/v2\/pages\/1594\/revisions"}],"predecessor-version":[{"id":1808,"href":"https:\/\/agora.xtec.cat\/cfa-elstarongers\/wp-json\/wp\/v2\/pages\/1594\/revisions\/1808"}],"up":[{"embeddable":true,"href":"https:\/\/agora.xtec.cat\/cfa-elstarongers\/wp-json\/wp\/v2\/pages\/274"}],"wp:attachment":[{"href":"https:\/\/agora.xtec.cat\/cfa-elstarongers\/wp-json\/wp\/v2\/media?parent=1594"}],"curies":[{"name":"wp","href":"https:\/\/api.w.org\/{rel}","templated":true}]}}