{"id":1586,"date":"2023-04-25T16:44:38","date_gmt":"2023-04-25T14:44:38","guid":{"rendered":"https:\/\/agora.xtec.cat\/cfa-elstarongers\/?page_id=1586"},"modified":"2023-04-25T16:44:38","modified_gmt":"2023-04-25T14:44:38","slug":"llengua-castellana","status":"publish","type":"page","link":"https:\/\/agora.xtec.cat\/cfa-elstarongers\/ensenyaments\/llengua-castellana\/","title":{"rendered":"Llengua Castellana"},"content":{"rendered":"\n<p><span style=\"font-weight: 400;\">Els cursos de castell\u00e0 s\u2019adrecen a persones que no coneixen la llengua castellana.\u00a0<\/span><\/p>\n<p><span style=\"font-weight: 400;\">L\u2019objectiu d\u2019aquests cursos \u00e9s l\u2019adquisici\u00f3 de les compet\u00e8ncies comunicatives b\u00e0siques per desenvolupar-se en la nostra societat.<\/span><\/p>\n<p><span style=\"font-weight: 400;\">Actualment, nom\u00e9s oferim el nivell 1, que es correspon amb el nivell A1, del MECR-Marc Europeu Com\u00fa de Refer\u00e8ncia per a les Lleng\u00fces.<\/span><\/p>\n","protected":false},"excerpt":{"rendered":"<p>Els cursos de castell\u00e0 s\u2019adrecen a persones que no coneixen la llengua castellana.\u00a0<br \/>\nL\u2019objectiu d\u2019aquests cursos \u00e9s l\u2019adquisici\u00f3 de les compet\u00e8ncies comunicatives b\u00e0siques per desenvolupar-se en la nostra societat.<br \/>\nActualment, nom\u00e9s oferim el nivell 1, que es correspon amb el nivell A1, del MECR-Marc Europeu Com\u00fa de&hellip;  <a href=\"https:\/\/agora.xtec.cat\/cfa-elstarongers\/ensenyaments\/llengua-castellana\/\" title=\"Read Llengua Castellana\">Llegeix m\u00e9s\u00bb<\/a><\/p>\n","protected":false},"author":1,"featured_media":0,"parent":274,"menu_order":20,"comment_status":"closed","ping_status":"close","template":"page-templates\/side-menu.php","meta":{"_bbp_topic_count":0,"_bbp_reply_count":0,"_bbp_total_topic_count":0,"_bbp_total_reply_count":0,"_bbp_voice_count":0,"_bbp_anonymous_reply_count":0,"_bbp_topic_count_hidden":0,"_bbp_reply_count_hidden":0,"_bbp_forum_subforum_count":0,"footnotes":""},"class_list":["post-1586","page","type-page","status-publish","hentry"],"post_mailing_queue_ids":[],"_links":{"self":[{"href":"https:\/\/agora.xtec.cat\/cfa-elstarongers\/wp-json\/wp\/v2\/pages\/1586","targetHints":{"allow":["GET"]}}],"collection":[{"href":"https:\/\/agora.xtec.cat\/cfa-elstarongers\/wp-json\/wp\/v2\/pages"}],"about":[{"href":"https:\/\/agora.xtec.cat\/cfa-elstarongers\/wp-json\/wp\/v2\/types\/page"}],"author":[{"embeddable":true,"href":"https:\/\/agora.xtec.cat\/cfa-elstarongers\/wp-json\/wp\/v2\/users\/1"}],"replies":[{"embeddable":true,"href":"https:\/\/agora.xtec.cat\/cfa-elstarongers\/wp-json\/wp\/v2\/comments?post=1586"}],"version-history":[{"count":1,"href":"https:\/\/agora.xtec.cat\/cfa-elstarongers\/wp-json\/wp\/v2\/pages\/1586\/revisions"}],"predecessor-version":[{"id":1587,"href":"https:\/\/agora.xtec.cat\/cfa-elstarongers\/wp-json\/wp\/v2\/pages\/1586\/revisions\/1587"}],"up":[{"embeddable":true,"href":"https:\/\/agora.xtec.cat\/cfa-elstarongers\/wp-json\/wp\/v2\/pages\/274"}],"wp:attachment":[{"href":"https:\/\/agora.xtec.cat\/cfa-elstarongers\/wp-json\/wp\/v2\/media?parent=1586"}],"curies":[{"name":"wp","href":"https:\/\/api.w.org\/{rel}","templated":true}]}}